{"id":6260,"date":"2014-11-25T11:35:19","date_gmt":"2014-11-25T11:35:19","guid":{"rendered":"http:\/\/foerderverein-theatersommer.net\/archiv\/?page_id=6260"},"modified":"2024-05-02T15:31:35","modified_gmt":"2024-05-02T15:31:35","slug":"wie-es-euch-gefaellt","status":"publish","type":"page","link":"https:\/\/foerderverein-theatersommer.net\/archiv\/spielplan\/1991-2000\/wie-es-euch-gefaellt\/","title":{"rendered":"<\/br>1992 &#8211; Wie es euch gef\u00e4llt<\/br><\/br>"},"content":{"rendered":"<p><span style=\"font-size: 18pt;\"><strong>WIE ES EUCH GEF\u00c4LLT<\/strong><\/span><br \/>\nfrei nach William Shakespeare<br \/>\n<span style=\"font-size: 10pt;\">Konzeption &amp; Bearbeitung: P.Kratz\/C.Wolff<\/span><\/p>\n<h3><span style=\"font-size: 24pt;\">Liebeszauber im Zauberwald <br \/>\n<\/span><span style=\"font-size: 24pt;\">oder die Lust an der Verwandlung<\/span><\/h3>\n<p>REGIE: Christiane Wolff<br \/>\nKOST\u00dcM: Susanne K\u00fcmmerle<br \/>\nB\u00dcHNE: Carl Bauer<br \/>\nBESETZUNG: Peter Kratz, Anne Wild, Annette Wunsch, Hermann Wenning<\/p>\n<p><span style=\"font-size: 14pt;\"><strong>KONZEPTION<\/strong><\/span><br \/>\nDie Bearbeitung von \u201eWie es euch gef\u00e4llt!\u201c konzentrierte sich auf das zentrale Thema der Verwandlung und verzichtete daher auf die Aspekte des Land- und Hoflebens in Bezug zur Herrschergeschichte, wie auch die vielfach verzweigten Familienbindungen. Der entsprechend sprachlich umgestaltete, teilweise neu \u00fcbersetzte Originaltext verdichtete sich so zu vier Figuren, die einen kurzen und intensiven Rausch von Liebe, Begierde und Eifersucht erleben.<\/p>\n<p><span style=\"color: #808080; font-size: 8pt;\"><span style=\"font-size: 14pt;\"><strong><span style=\"color: #333333;\">PRESSESTIMMEN<\/span><\/strong><\/span><br \/>\n<\/span><strong>Leben und Liebe &#8211; intensiv und beschleunigt<\/strong><br \/>\n\u201eSchamvoll hat schon mancher Theaterbesucher gestanden, Klassiker w\u00fcrden ihn eher zum Schlafen als zum Nachdenken anregen. Nicht nur stressfreies, sondern h\u00f6chst gen\u00fcssliches Theater verspricht dagegen die Neuinszenierung von \u201eWie es euch gef\u00e4llt\u201c des Ludwigsburger Scalas im Cluss-Garten. (..) Shakespeares Szenen im Ardenner Wald stehen im Zentrum der Neufassung, die sich wohl nirgends besser spielen lassen w\u00fcrde, als in dem paradiesischen (Bier-)Garten hinter dem Scala. Leben und Liebe finden in der K\u00fcnstlichkeit des Ardenner Waldes intensiver und beschleunigter statt, die Realzeit ver\u00e4ndert sich, weshalb die Regie die Figuren weniger psychologisch angelegt hat, sondern deren Gef\u00fchl \u00fcber den B\u00fchnenraum verst\u00e4rken will.\u201c &#8211; Stuttgarter Zeitung &#8211;<\/p>\n<p><strong>Viel Feingef\u00fchl \u00a0&#8211; eine stimmige Einheit<\/strong><br \/>\n\u201eMit der allseits bekannten Shakespeare-Kom\u00f6die beweist das Team (&#8230;) sein Talent im Umgang mit dem weltweit st\u00e4ndig bearbeiteten und nicht selten verhunzten Stoff der Weltliteratur. Einmal mehr wissen die jungen K\u00fcnstler die Vorz\u00fcge der Naturkulisse im Cluss-Garten voll auszusch\u00f6pfen. Mit viel Feingef\u00fchl bilden Musik und Dramaturgie eine stimmige Einheit.\u201c &#8211; Ludwigsburger Zeitung &#8211;<\/p>\n<p><strong>Eine witzige Inszenierung mit eigenem Stil<\/strong><br \/>\n\u201eIm Ganzen ergibt sich eine witzige Inszenierung mit hohem \u00e4sthetischen Reiz und eigenem Stil. Wolff hat das Realistische und das Experimentelle, die Poesie und die Parodie zusammengef\u00fcgt: Der Liebeszauber im Zauberwald und die Lust an der Verwandlung werden ironisch gebrochen und entfremdet (&#8230;) Allein der Garten lohnt den Weg nach Ludwigsburg, nun f\u00fchrt mit &#8218;Wie es euch gef\u00e4llt&#8216; kein Weg mehr am Scala vorbei.\u201c &#8211; Kornwestheimer\/Leonberger\/Marbacher Zeitung-<\/p>\n<p><a href=\"http:\/\/foerderverein-theatersommer.net\/archiv\/wp-content\/uploads\/1992_Wie_es_euch_gefaellt_Touchstone.jpg\"><img loading=\"lazy\" decoding=\"async\" class=\"alignleft wp-image-6542 size-thumbnail\" title=\"1992 Wie es euch gef\u00e4llt (Touchstone\/Peter Kratz)\" src=\"http:\/\/foerderverein-theatersommer.net\/archiv\/wp-content\/uploads\/1992_Wie_es_euch_gefaellt_Touchstone-175x175.jpg\" alt=\"1992_Wie_es_euch_gefaellt_Touchstone\" width=\"175\" height=\"175\" \/><\/a><a href=\"http:\/\/foerderverein-theatersommer.net\/archiv\/wp-content\/uploads\/1992_Wie_es_euch_gefaellt_Celia_Touch_WEB.jpg\"><img loading=\"lazy\" decoding=\"async\" class=\"alignleft wp-image-6543 size-thumbnail\" title=\"1992 Wie es euch gef\u00e4llt (Celia\/Annette Wunsch, Touchstone\/Peter Kratz)\" src=\"http:\/\/foerderverein-theatersommer.net\/archiv\/wp-content\/uploads\/1992_Wie_es_euch_gefaellt_Celia_Touch_WEB-175x175.jpg\" alt=\"1992_Wie_es_euch_gefaellt_Celia_Touch_WEB\" width=\"175\" height=\"175\" \/><\/a><a href=\"http:\/\/foerderverein-theatersommer.net\/archiv\/wp-content\/uploads\/1992_Wie_es_euch_gefaellt_Celia_Rosalinde.jpg\"><img loading=\"lazy\" decoding=\"async\" class=\"alignleft wp-image-6541 size-thumbnail\" title=\"1992 Wie es euch gef\u00e4llt (Rosalinde\/Anne Wild, Celia\/Annette Wunsch)\" src=\"http:\/\/foerderverein-theatersommer.net\/archiv\/wp-content\/uploads\/1992_Wie_es_euch_gefaellt_Celia_Rosalinde-175x175.jpg\" alt=\"1992_Wie_es_euch_gefaellt_Celia_Rosalinde\" width=\"175\" height=\"175\" \/><\/a><\/p>\n<p>&nbsp;<\/p>\n<p><span style=\"color: #808080; font-size: 8pt;\"><br \/>\nBildvergr\u00f6\u00dferung: Photo anklicken und \u00fcber re\/li Pfeil weiter<\/span><\/p>\n<p>&nbsp;<\/p>\n<p>ZUSCHAUERZAHLEN<br \/>\n1992: \u00a0 \u00a0 \u00a01.900 Zuschauer<br \/>\nGesamt: 1.900 Zuschauer<\/p>\n<p><span style=\"text-decoration: underline;\"><span style=\"color: #008000;\"><strong><span style=\"font-size: 14pt;\"><a style=\"color: #008000; text-decoration: underline;\" title=\"1993 \u2013 Romeo &amp; Julia oder \u2026?\" href=\"http:\/\/foerderverein-theatersommer.net\/archiv\/spielplan\/1991-2000\/romeo-julia-oder\/\">n\u00e4chstes St\u00fcck<\/a><\/span><\/strong><\/span><\/span><\/p>\n","protected":false},"excerpt":{"rendered":"<p>WIE ES EUCH GEF\u00c4LLT frei nach William Shakespeare Konzeption &amp; Bearbeitung: P.Kratz\/C.Wolff Liebeszauber im Zauberwald oder die Lust an der&#8230; <span class=\"read-more\"><a href=\"https:\/\/foerderverein-theatersommer.net\/archiv\/spielplan\/1991-2000\/wie-es-euch-gefaellt\/\" class=\"button button-darkgray small\"> Continue Reading &rarr; <\/a><\/span><\/p>\n","protected":false},"author":3,"featured_media":9567,"parent":9762,"menu_order":2,"comment_status":"closed","ping_status":"closed","template":"","meta":{"footnotes":""},"_links":{"self":[{"href":"https:\/\/foerderverein-theatersommer.net\/archiv\/wp-json\/wp\/v2\/pages\/6260"}],"collection":[{"href":"https:\/\/foerderverein-theatersommer.net\/archiv\/wp-json\/wp\/v2\/pages"}],"about":[{"href":"https:\/\/foerderverein-theatersommer.net\/archiv\/wp-json\/wp\/v2\/types\/page"}],"author":[{"embeddable":true,"href":"https:\/\/foerderverein-theatersommer.net\/archiv\/wp-json\/wp\/v2\/users\/3"}],"replies":[{"embeddable":true,"href":"https:\/\/foerderverein-theatersommer.net\/archiv\/wp-json\/wp\/v2\/comments?post=6260"}],"version-history":[{"count":51,"href":"https:\/\/foerderverein-theatersommer.net\/archiv\/wp-json\/wp\/v2\/pages\/6260\/revisions"}],"predecessor-version":[{"id":10083,"href":"https:\/\/foerderverein-theatersommer.net\/archiv\/wp-json\/wp\/v2\/pages\/6260\/revisions\/10083"}],"up":[{"embeddable":true,"href":"https:\/\/foerderverein-theatersommer.net\/archiv\/wp-json\/wp\/v2\/pages\/9762"}],"wp:featuredmedia":[{"embeddable":true,"href":"https:\/\/foerderverein-theatersommer.net\/archiv\/wp-json\/wp\/v2\/media\/9567"}],"wp:attachment":[{"href":"https:\/\/foerderverein-theatersommer.net\/archiv\/wp-json\/wp\/v2\/media?parent=6260"}],"curies":[{"name":"wp","href":"https:\/\/api.w.org\/{rel}","templated":true}]}}