{"id":6273,"date":"2014-11-25T11:38:59","date_gmt":"2014-11-25T11:38:59","guid":{"rendered":"http:\/\/foerderverein-theatersommer.net\/archiv\/?page_id=6273"},"modified":"2024-05-02T15:33:14","modified_gmt":"2024-05-02T15:33:14","slug":"this-is-the-day-sturm","status":"publish","type":"page","link":"https:\/\/foerderverein-theatersommer.net\/archiv\/spielplan\/1991-2000\/this-is-the-day-sturm\/","title":{"rendered":"<\/br>1996 &#8211; This is the day: Sturm<\/br><\/br>"},"content":{"rendered":"<p><span style=\"font-size: 18pt;\"><strong>THIS IS THE DAY &#8211; STURM<\/strong> <\/span><br \/>\nfrei nach William Shakespeare<br \/>\n<span style=\"font-size: 10pt;\">Konzeption &amp; Bearbeitung: P. Kratz\/C. Wolff<\/span><\/p>\n<p><span style=\"font-size: 24pt;\"><strong>Ein Sinnesrausch mit erdigem Blues\u00a0<\/strong><\/span><\/p>\n<p>REGIE: Christiane Wolff\u00a0<br \/>\nKOST\u00dcME: Steph Schneider\u00a0<br \/>\nB\u00dcHNE: Sch\u00f6nthaler &amp; Bauer<br \/>\nMUSIK (Auftragskomposition): John King \/ New York<br \/>\nBESETZUNG: <br \/>\n1996 &#8211; Gertrud Exner, Matthias G\u00e4rtling, Martin Leitzinger, Barbara von M\u00fcnchhausen, Peter Kratz, Lars Svensen<\/p>\n<p><span style=\"font-size: 14pt;\"><strong>KONZEPTION<\/strong><\/span><br \/>\nAlles beginnt mit dem Tag X, an dem Prospero, exilierter und auf ein Eiland vertriebener Herzog mit Zauberambitionen, endlich Rache f\u00fcr sich und seine Tochter Miranda nehmen kann. Mit tatkr\u00e4ftiger Unterst\u00fctzung des Luftgeists Ariel zaubert er einen gewaltigen Sturm herauf, der seine Widersacher von einst auf n\u00e4mliche Insel verschl\u00e4gt. Oder ist alles doch nur die Fantasie eines verr\u00fcckten Greises aus der High Society, der sein Dasein in der Natur-Psychatrie des Cluss-Gartens fristet und an besagtem Tag X Besuch von der verhassten Familie bekommt, die es auf sein Erbe abgesehen hat.<\/p>\n<p>\u201eThis is the day: STURM\u201c konzentrierte die Themen und Beziehungen von Shakespeares Original. So wurde unschuldige Liebe zu einem Sinnesrausch zwischen der\u00a0 &gt;&gt;Sch\u00f6nen&lt;&lt; und dem &gt;&gt;Biest&lt;&lt;, das Machtspiel der K\u00f6nige zu einer Ehefarce mit Mordversuch und die einstmals s\u00fc\u00dflichen Lieder rochen nach erdigem, schmutzigem Blues. \u00dcber allem schwebte der Gedanke der Rache, jeder schien davon besessen. Immer dichter verstrickten sich die Figuren in ein packendes Intrigenspiel voller Machtk\u00e4mpfe.<\/p>\n<p><strong><span style=\"font-size: 14pt;\">PRESSESTIMMEN<\/span><\/strong><br \/>\n<strong>Gleicherma\u00dfen intelligent wie spritzig und nicht ohne Tiefgang<\/strong><br \/>\n\u201eFrisch, frech, fr\u00f6hlich und sehr frei strapaziert eine kleine, aber feine Anordnung des Shakespearschen Personals die Lachmuskeln, indem sie in Windeseile die wesentlichen Stationen des f\u00fcnfaktigen Dramas durchl\u00e4uft.\u00a0 Der Cluss-Garten erweist sich als ideales Terrain f\u00fcr die gleicherma\u00dfen intelligent wie spritzig gemachte Sommerkom\u00f6die. Allerdings ist das Ganze nicht ohne Tiefgang. So steht dem Personal das blanke Entsetzen mehr als einmal ins Gesicht geschrieben. Ob Hauen oder Stechen, Tanzen oder Turteln: Alles scheint nur Ersatzhandlung zu sein, die die gro\u00dfe Orientierungslosigkeit \u00fcberdecken soll.\u201c &#8211; Lift &#8211;<\/p>\n<p><strong>Mutige \u00a0und spielerische eigene Akzente<\/strong><br \/>\n\u201eMagisch ist dieser Ort ja sowieso, auch ohne Shakespeares Zauberer Prospero. B\u00e4ume in wechselnden Gr\u00fcnschattierungen umgeben die intime Freilichtb\u00fchne im hochromantischen Cluss-Theatergarten, und von der dunkelgr\u00fcnen Tiefe des Hintergrunds geht eine geheimnisvolle Sogwirkung aus. Shakespeares imagin\u00e4re Insel soll ja Utopie verbildlichen. Der Theatersommer wird dem gerecht und setzt mutig-spielerisch eigene Akzente.\u201c &#8211; Stuttgarter Zeitung &#8211;<\/p>\n<p><strong>Eine Kom\u00f6die die unterh\u00e4lt, ohne platt zu werden<\/strong><br \/>\n\u201eDen Machern Peter Kratz und Christiane Wolff ist es wieder gelungen, einen sehr freien, entstaubten Shakespeare zu inszenieren. Dabei scheint es, dass das relativ selten gespielte St\u00fcck die Beiden, die von der \u00dcbersetzung bis zur Endfassung die ganze Kom\u00f6die neu erarbeiteten, sehr inspiriert hat. (&#8230;) Hier ist eine Kom\u00f6die zu sehen, die um des Spielens Willen gespielt wird, die unterh\u00e4lt, ohne platt zu werden, die das richtige Ma\u00df an Spa\u00df und Lebendigkeit f\u00fcr das wunderbare Ambiente mitbringt und die diesen Theatersommer-Stil sicher weiter perfektioniert hat.\u201c- Bietigheimer Zeitung &#8211;<\/p>\n<p><strong>Witzige pointiere Beziehungen<\/strong><br \/>\n&#8222;Ein freches Spiel mit der Liebe und der Fantasie, witzig pointierte Beziehungen zwischen den Figuren, deren Redeweise ein k\u00f6stliches Gemisch und Zeitjargon ist.\u201c &#8211; LKZ &#8211;<\/p>\n<p><a href=\"http:\/\/foerderverein-theatersommer.net\/archiv\/wp-content\/uploads\/1996_Prospero_im_Baum.jpg\"><img loading=\"lazy\" decoding=\"async\" class=\"alignleft wp-image-6957 size-thumbnail\" title=\"1996 This is the day: Sturm (Prospero\/ Peter Kratz)\" src=\"http:\/\/foerderverein-theatersommer.net\/archiv\/wp-content\/uploads\/1996_Prospero_im_Baum-175x175.jpg\" alt=\"1996_Prospero_im_Baum\" width=\"175\" height=\"175\" \/><\/a><a href=\"http:\/\/foerderverein-theatersommer.net\/archiv\/wp-content\/uploads\/1996_Sturm_Love_in_the_jungle.jpg\"><img loading=\"lazy\" decoding=\"async\" class=\"alignleft wp-image-6959 size-thumbnail\" title=\"1996 This is the day: Sturm (Miranda\/Getrud Exner; Ferdinand\/Martin Leitzinger)\" src=\"http:\/\/foerderverein-theatersommer.net\/archiv\/wp-content\/uploads\/1996_Sturm_Love_in_the_jungle-175x175.jpg\" alt=\"1996_Sturm_Love_in_the_jungle\" width=\"175\" height=\"175\" \/><\/a><a href=\"http:\/\/foerderverein-theatersommer.net\/archiv\/wp-content\/uploads\/1996_Sturm_Caliban.jpg\"><img loading=\"lazy\" decoding=\"async\" class=\"alignleft wp-image-6962 size-thumbnail\" title=\"1996 This is the day: Sturm(Caliban\/Lars Svendsen)\" src=\"http:\/\/foerderverein-theatersommer.net\/archiv\/wp-content\/uploads\/1996_Sturm_Caliban-175x175.jpg\" alt=\"1996_Sturm_Caliban\" width=\"175\" height=\"175\" \/><\/a><a href=\"http:\/\/foerderverein-theatersommer.net\/archiv\/wp-content\/uploads\/1996_Sturm_Prospero_lauscht.jpg\"><img loading=\"lazy\" decoding=\"async\" class=\"alignleft wp-image-6960 size-thumbnail\" title=\"1996 This is the day: Sturm (Prospero\/ Peter Kratz)\" src=\"http:\/\/foerderverein-theatersommer.net\/archiv\/wp-content\/uploads\/1996_Sturm_Prospero_lauscht-175x175.jpg\" alt=\"1996_Sturm_Prospero_lauscht\" width=\"175\" height=\"175\" \/><\/a><\/p>\n<p>&nbsp;<\/p>\n<p><span style=\"color: #808080;\"><span style=\"color: #808080; font-size: 8pt;\">Bildvergr\u00f6\u00dferung: Photo anklicken und \u00fcber re\/li Pfeil weiter<\/span><\/span><\/p>\n<p>&nbsp;<\/p>\n<p><span style=\"font-size: 14pt;\"><strong>ZUSCHAUERZAHLEN<\/strong><\/span><br \/>\n1996: \u00a0 \u00a0 \u00a0 2.997 Zuschauer<br \/>\nGesamt: 2.997 Zuschauer<\/p>\n<p><span style=\"text-decoration: underline;\"><span style=\"color: #339966;\"><strong><span style=\"font-size: 14pt;\"><a style=\"color: #339966; text-decoration: underline;\" title=\"1997 \u2013 Hamlet &amp; Othello\" href=\"http:\/\/foerderverein-theatersommer.net\/archiv\/spielplan\/1991-2000\/hamlet-othello\/\">n\u00e4chstes St\u00fcck<\/a><\/span><\/strong><\/span><\/span><\/p>\n","protected":false},"excerpt":{"rendered":"<p>THIS IS THE DAY &#8211; STURM frei nach William Shakespeare Konzeption &amp; Bearbeitung: P. Kratz\/C. Wolff Ein Sinnesrausch mit erdigem&#8230; <span class=\"read-more\"><a href=\"https:\/\/foerderverein-theatersommer.net\/archiv\/spielplan\/1991-2000\/this-is-the-day-sturm\/\" class=\"button button-darkgray small\"> Continue Reading &rarr; <\/a><\/span><\/p>\n","protected":false},"author":3,"featured_media":9572,"parent":9762,"menu_order":8,"comment_status":"closed","ping_status":"closed","template":"","meta":{"footnotes":""},"_links":{"self":[{"href":"https:\/\/foerderverein-theatersommer.net\/archiv\/wp-json\/wp\/v2\/pages\/6273"}],"collection":[{"href":"https:\/\/foerderverein-theatersommer.net\/archiv\/wp-json\/wp\/v2\/pages"}],"about":[{"href":"https:\/\/foerderverein-theatersommer.net\/archiv\/wp-json\/wp\/v2\/types\/page"}],"author":[{"embeddable":true,"href":"https:\/\/foerderverein-theatersommer.net\/archiv\/wp-json\/wp\/v2\/users\/3"}],"replies":[{"embeddable":true,"href":"https:\/\/foerderverein-theatersommer.net\/archiv\/wp-json\/wp\/v2\/comments?post=6273"}],"version-history":[{"count":22,"href":"https:\/\/foerderverein-theatersommer.net\/archiv\/wp-json\/wp\/v2\/pages\/6273\/revisions"}],"predecessor-version":[{"id":10089,"href":"https:\/\/foerderverein-theatersommer.net\/archiv\/wp-json\/wp\/v2\/pages\/6273\/revisions\/10089"}],"up":[{"embeddable":true,"href":"https:\/\/foerderverein-theatersommer.net\/archiv\/wp-json\/wp\/v2\/pages\/9762"}],"wp:featuredmedia":[{"embeddable":true,"href":"https:\/\/foerderverein-theatersommer.net\/archiv\/wp-json\/wp\/v2\/media\/9572"}],"wp:attachment":[{"href":"https:\/\/foerderverein-theatersommer.net\/archiv\/wp-json\/wp\/v2\/media?parent=6273"}],"curies":[{"name":"wp","href":"https:\/\/api.w.org\/{rel}","templated":true}]}}