{"id":6509,"date":"2014-11-27T13:00:58","date_gmt":"2014-11-27T13:00:58","guid":{"rendered":"http:\/\/foerderverein-theatersommer.net\/archiv\/?page_id=6509"},"modified":"2024-04-30T13:02:40","modified_gmt":"2024-04-30T13:02:40","slug":"2006-der-steppenwolf","status":"publish","type":"page","link":"https:\/\/foerderverein-theatersommer.net\/archiv\/spielplan\/2001-2010\/2006-der-steppenwolf\/","title":{"rendered":"<\/br>2006 &#8211; Der Steppenwolf<\/br><\/br>"},"content":{"rendered":"<p><span style=\"font-size: 18pt;\"><strong>DER STEPPENWOLF<\/strong><\/span><br \/>\nnach Hermann Hesse<br \/>\n<span style=\"font-size: 10pt;\">Bearbeitung: P. Kratz<\/span><\/p>\n<h3><span style=\"font-size: 24pt;\">Ein gro\u00dfes poetisches Traumszenario<\/span><\/h3>\n<p>Regie: Peter Kratz<br \/>\nBesetzung: Michael Holz\/Peter Kratz, Mirjam Hamm\/Christina Einbock, Andreas Klaue<br \/>\nMusik (Auftragskomposition Songs &amp;Music): John King \/ New York<br \/>\nKost\u00fcme: Steph Schneider<\/p>\n<p><span style=\"font-size: 14pt;\"><strong>KONZEPTION<\/strong><\/span><br \/>\nAuf der Suche nach Ver\u00e4nderung l\u00e4sst sich der Schriftsteller Harry Haller in einer neuen Stadt nieder. In einem zunehmend surrealen, wie unter Ecstasy stehenden Szenario verliebt er sich in die r\u00e4tselhafte Hermine, die ihn in das Magische Theater einl\u00e4dt \u2013 und damit zu einer Konfrontation auf Leben und Tod zwingt. Endlich stellt sich der Steppenwolf\/Harry Haller dem tiefen Zwiespalt, der ihn stets daran hinderte, seinen Weg im Leben zu finden und dauerhafte Beziehungen aufzubauen. Der Ausgang dieser Operation am schlagenden Herzen bleibt freilich ungewiss. Lange unterdr\u00fcckte Gef\u00fchle \u2013 Sexualit\u00e4t, Liebe, Gewalt und die Kunst \u2013 gehen eine explosive Mischung ein. Harry Haller droht den letzten Halt zu verlieren.<\/p>\n<p>\u201eDer Steppenwolf\u201c ist das vielleicht pers\u00f6nlichste, aber auch modernste Werk Hesses. Ein Selbstbildnis des Autors in der Midlife-Crisis, der von den zwei Seelen, die in seiner Brust k\u00e4mpfen, innerlich zerrissen wird: Hier der nach Anerkennung und \u201eIntegration\u201c lechzende Intellektuelle; dort der asoziale, zynische Steppenwolf, der die b\u00fcrgerliche Karriere zum Teufel w\u00fcnscht. Ein Widerstreit der Gef\u00fchle und Lebensentw\u00fcrfe, der trotz des Abstands von beinahe 80 Jahren sehr viel zu tun hat mit unserer eigenen Befindlichkeit \u2013 irgendwo zwischen \u201eIch will Spa\u00df\u201c und der Sehnsucht nach traditionellen Werten und Sicherheiten.<\/p>\n<p><span style=\"font-size: 14pt;\"><strong>PRESSESTIMMEN<\/strong><\/span><br \/>\n\u201eEin wundersch\u00f6n verzauberter Theaterabend im Ludwigsburger Cluss-Garten, der einen eigentlich tragischen Schluss noch magisch zu verkl\u00e4ren mag.\u201c &#8211; Stuttgarter Nachrichten &#8211;<\/p>\n<p>\u201eEin so simpler wie genialer Kniff von Peter Kratz, den Steppenwolf-Harry auf zwei Rollen zu verteilen. Wahrhaft anarchisch hitzige Szenen spielen sich ab, im magischen Theater des Cluss-Gartens.\u201c &#8211; Bietigheimer Zeitung &#8211;<\/p>\n<p>\u201eEs k\u00f6nnten zwei Clowns sein, die sich am Anfang der B\u00fchne im Cluss-Garten zwischen T\u00fcren und Spiegeln begegnen. Einer sieht aus wie ein Penner, der andere wie ein Buchhalter. Doch beide sind die gegens\u00e4tzlichen H\u00e4lften des Schriftstellers Harry Haller, der sich in einer heftigen Existenzkrise befindet.\u201c &#8211; Ludwigsburger Kreiszeitung &#8211;<\/p>\n<p>\u201eDie Rechnung des Regisseurs ist aufgegangen. Hesses\u00a0\u201eSteppenwolf\u201d zwei Gesichter zu geben, ist ein genialer dramaturgischer Schachzug. Eingebunden in den wild-romantischen Clussgarten wird das Theaterst\u00fcck zum Genuss.\u201c\u00a0 &#8211; Ludwigsburger Kreiszeitung<\/p>\n<p><a href=\"http:\/\/foerderverein-theatersommer.net\/archiv\/wp-content\/uploads\/2006_Steppenwolf_1_WEB.jpg\"><img loading=\"lazy\" decoding=\"async\" class=\"alignleft wp-image-7312 size-thumbnail\" title=\"2009 Der Steppenwolf (Harry\/Peter Kratz; Hermine\/Christina Einbock)\" src=\"http:\/\/foerderverein-theatersommer.net\/archiv\/wp-content\/uploads\/2006_Steppenwolf_1_WEB-175x175.jpg\" alt=\"2006_Steppenwolf_1_WEB\" width=\"175\" height=\"175\" \/><\/a><a href=\"http:\/\/foerderverein-theatersommer.net\/archiv\/wp-content\/uploads\/2006_Steppenwolf_6_HG.jpg\"><img loading=\"lazy\" decoding=\"async\" class=\"alignleft wp-image-7318 size-thumbnail\" title=\"2009 Der Steppenwolf (Ensemble)\" src=\"http:\/\/foerderverein-theatersommer.net\/archiv\/wp-content\/uploads\/2006_Steppenwolf_6_HG-175x175.jpg\" alt=\"2006_Steppenwolf_6_HG\" width=\"175\" height=\"175\" \/><\/a><a href=\"http:\/\/foerderverein-theatersommer.net\/archiv\/wp-content\/uploads\/2006_Steppenwolf_3_WEB.jpg\"><img loading=\"lazy\" decoding=\"async\" class=\"alignleft wp-image-7315 size-thumbnail\" title=\"2009 Der Steppenwolf - (Schriftsteller Haller\/Andreas Klaue; Harry\/Michael Holz, Hermine\/Christina Einbock)\" src=\"http:\/\/foerderverein-theatersommer.net\/archiv\/wp-content\/uploads\/2006_Steppenwolf_3_WEB-175x175.jpg\" alt=\"2006_Steppenwolf_3_WEB\" width=\"175\" height=\"175\" \/><\/a><a href=\"http:\/\/foerderverein-theatersommer.net\/archiv\/wp-content\/uploads\/2006_Steppenwolf_5_WEB.jpg\"><img loading=\"lazy\" decoding=\"async\" class=\"alignleft wp-image-7317 size-thumbnail\" title=\"2009 Der Steppenwolf - (Schriftsteller Haller\/Andreas Klaue; Harry\/Peter Kratz)\" src=\"http:\/\/foerderverein-theatersommer.net\/archiv\/wp-content\/uploads\/2006_Steppenwolf_5_WEB-175x175.jpg\" alt=\"2006_Steppenwolf_5_WEB\" width=\"175\" height=\"175\" \/><\/a><a href=\"http:\/\/foerderverein-theatersommer.net\/archiv\/wp-content\/uploads\/2006_Steppenwolf_2_WEB.jpg\"><img loading=\"lazy\" decoding=\"async\" class=\"alignleft wp-image-7314 size-thumbnail\" title=\"2009 Der Steppenwolf - (Hermine\/Christina Einbock)\" src=\"http:\/\/foerderverein-theatersommer.net\/archiv\/wp-content\/uploads\/2006_Steppenwolf_2_WEB-175x175.jpg\" alt=\"2006_Steppenwolf_2_WEB\" width=\"175\" height=\"175\" \/><\/a><a href=\"http:\/\/foerderverein-theatersommer.net\/archiv\/wp-content\/uploads\/2006_Steppenwolf_4_WEB.jpg\"><img loading=\"lazy\" decoding=\"async\" class=\"alignleft wp-image-7316 size-thumbnail\" title=\"2009 Der Steppenwolf - (Ensemble)\" src=\"http:\/\/foerderverein-theatersommer.net\/archiv\/wp-content\/uploads\/2006_Steppenwolf_4_WEB-175x175.jpg\" alt=\"2006_Steppenwolf_4_WEB\" width=\"175\" height=\"175\" \/><\/a><\/p>\n<p><span style=\"color: #808080; font-size: 8pt;\">\u00a0<\/span><\/p>\n<p>&nbsp;<\/p>\n<p>&nbsp;<\/p>\n<p>&nbsp;<\/p>\n<p>&nbsp;<\/p>\n<p><span style=\"color: #808080; font-size: 8pt;\">Bildvergr\u00f6\u00dferung: Photo anklicken und \u00fcber re\/li Pfeil weiter<\/span><\/p>\n<p>&nbsp;<\/p>\n<p><span style=\"font-size: 14pt;\"><strong>ZUSCHAUERZAHLEN<\/strong><\/span><br \/>\n2006:\u00a0\u00a0\u00a0\u00a0\u00a0 3.136 Zuschauer<br \/>\n2007:\u00a0\u00a0\u00a0\u00a0\u00a0 1.200 Zuschauer<br \/>\n2009:\u00a0\u00a0\u00a0\u00a0\u00a0 1.880 Zuschauer<br \/>\nGesamt: 6.216 Zuschauer<\/p>\n<p><span style=\"text-decoration: underline; font-size: 14pt; color: #339966;\"><strong><a style=\"color: #339966; text-decoration: underline;\" title=\"2007 \u2013 Family \u00d6dipus\" href=\"http:\/\/foerderverein-theatersommer.net\/archiv\/spielplan\/2001-2010\/2007-family-oedipus\/\">n\u00e4chstes St\u00fcck<\/a><\/strong><\/span><\/p>\n","protected":false},"excerpt":{"rendered":"<p>DER STEPPENWOLF nach Hermann Hesse Bearbeitung: P. Kratz Ein gro\u00dfes poetisches Traumszenario Regie: Peter Kratz Besetzung: Michael Holz\/Peter Kratz, Mirjam&#8230; <span class=\"read-more\"><a href=\"https:\/\/foerderverein-theatersommer.net\/archiv\/spielplan\/2001-2010\/2006-der-steppenwolf\/\" class=\"button button-darkgray small\"> Continue Reading &rarr; <\/a><\/span><\/p>\n","protected":false},"author":1,"featured_media":9725,"parent":3438,"menu_order":13,"comment_status":"closed","ping_status":"closed","template":"","meta":{"footnotes":""},"_links":{"self":[{"href":"https:\/\/foerderverein-theatersommer.net\/archiv\/wp-json\/wp\/v2\/pages\/6509"}],"collection":[{"href":"https:\/\/foerderverein-theatersommer.net\/archiv\/wp-json\/wp\/v2\/pages"}],"about":[{"href":"https:\/\/foerderverein-theatersommer.net\/archiv\/wp-json\/wp\/v2\/types\/page"}],"author":[{"embeddable":true,"href":"https:\/\/foerderverein-theatersommer.net\/archiv\/wp-json\/wp\/v2\/users\/1"}],"replies":[{"embeddable":true,"href":"https:\/\/foerderverein-theatersommer.net\/archiv\/wp-json\/wp\/v2\/comments?post=6509"}],"version-history":[{"count":5,"href":"https:\/\/foerderverein-theatersommer.net\/archiv\/wp-json\/wp\/v2\/pages\/6509\/revisions"}],"predecessor-version":[{"id":10437,"href":"https:\/\/foerderverein-theatersommer.net\/archiv\/wp-json\/wp\/v2\/pages\/6509\/revisions\/10437"}],"up":[{"embeddable":true,"href":"https:\/\/foerderverein-theatersommer.net\/archiv\/wp-json\/wp\/v2\/pages\/3438"}],"wp:featuredmedia":[{"embeddable":true,"href":"https:\/\/foerderverein-theatersommer.net\/archiv\/wp-json\/wp\/v2\/media\/9725"}],"wp:attachment":[{"href":"https:\/\/foerderverein-theatersommer.net\/archiv\/wp-json\/wp\/v2\/media?parent=6509"}],"curies":[{"name":"wp","href":"https:\/\/api.w.org\/{rel}","templated":true}]}}