{"id":6511,"date":"2014-11-27T13:01:26","date_gmt":"2014-11-27T13:01:26","guid":{"rendered":"http:\/\/foerderverein-theatersommer.net\/archiv\/?page_id=6511"},"modified":"2024-04-30T13:04:15","modified_gmt":"2024-04-30T13:04:15","slug":"2007-family-oedipus","status":"publish","type":"page","link":"https:\/\/foerderverein-theatersommer.net\/archiv\/spielplan\/2001-2010\/2007-family-oedipus\/","title":{"rendered":"<br\/>2007 &#8211; Family \u00d6dipus<br\/><br\/>"},"content":{"rendered":"<p><span style=\"font-size: 18pt;\"><strong>FAMILY \u00d6DIPUS<\/strong><\/span><br \/>\nfrei nach Sophokles<br \/>\nDie ganze Geschichte des Hauses \u00d6dipus<br \/>\nBearbeitung: P. Kratz<\/p>\n<h3><span style=\"font-size: 24pt;\">Die Mutter aller Trag\u00f6dien<\/span><\/h3>\n<p>Regie: Peter Kratz<br \/>\nB\u00fchne: Carl Bauer<br \/>\nKost\u00fcme: Claudia Flasche<br \/>\nBesetzung: Felix von Frantzius, Norbert Holoubek, Christian Koch, Samira Nabie, Anna Sch\u00f6nberg, Ulrike Walther<\/p>\n<p><span style=\"font-size: 14pt;\"><strong>KONZEPTION<\/strong><\/span><br \/>\nVaterm\u00f6rder \u00d6dipus, Bezwinger der Sphinx, ist Herrscher von Theben und Gatte seiner eigenen Mutter Iokaste. Die Art und Weise, wie \u00d6dipus die fatalen Zusammenh\u00e4nge eigenh\u00e4ndig Schritt f\u00fcr Schritt aufdeckt, kann sich in puncto Raffinesse und kriminalistischer Hochspannung m\u00fchelos mit jedem Thriller der Gegenwart messen. Der nach Wahrheit suchende Richter entpuppt sich am Ende selbst als der T\u00e4ter. Dennoch trifft ihn nach menschlichem Ermessen keine wirkliche Schuld. Nur unwissend hat er gegen die Gebote der G\u00f6tter versto\u00dfen.<\/p>\n<p>Einmal in Gang gesetzt, nimmt die Maschinerie des Schicksals ihren Lauf. Auch die Kinder des \u00d6dipus k\u00f6nnen sich dem Fluch, der auf der Familie lastet, nicht entziehen \u2013 allen voran Antigone sowie ihre Schwester Ismene, Iokastes Bruder Kreon und dessen Sohn Haimon. Aufgerieben im Konflikt zwischen dem Gesetz und den Geboten der Menschlichkeit, rasen sie sehenden Auges durch Zeit und Epochen hindurch, st\u00e4ndig auf der Suche nach Liebe und Gl\u00fcck.<\/p>\n<p>Eine Familiensaga, deren furiose Logik der Grausamkeit Autoren aller Epochen inspirierte und die selbst in unserer vermeintlich abgebr\u00fchten Zeit erstaunliches Schockpotential bietet. Das Antiken-Projekt des Theatersommers kombiniert gleich vier, nur sehr selten zusammengespannte St\u00fccke \u2013 \u201eK\u00f6nig \u00d6dipus\u201c, \u201e\u00d6dipus auf Kolonos\u201c, \u201eDie feindlichen Br\u00fcder\u201c und \u201eAntigone\u201c. Unter freiem Himmel, wie zu\u00a0 Sophokles\u2018 Zeiten, entfaltet sich im Cluss-Garten die ganze Geschichte bis zu ihrem bitteren Ende.<\/p>\n<p><span style=\"font-size: 14pt;\"><strong>PRESSESTIMMEN<\/strong><\/span><br \/>\n\u201eEine tempo- und detailreiche Inszenierung, die keine Sekunde Langeweile aufkommen lie\u00df. (&#8230;) Kratz und sein Ensemble holen mit minimalen Mitteln ein Maximum heraus. Eindringliche Monologe, mitrei\u00dfende Dialoge. Eine sensationelle Ensemble-Leistung perfekt getroffener Charaktere\u201c\u00a0\u00a0 &#8211; Ludwigsburger Kreiszeitung &#8211;<\/p>\n<p>\u201ePeter Kratz bewies wieder einmal seine einmalige Inszenierungsf\u00e4higkeit. Endlich begreift man Sinn und Wesen der antiken Vorlage. Man kommt Sophokles wirklich nahe, der in seinen St\u00fccken auch noch der gr\u00f6\u00dften Niederlage einen Sinn gibt. \u201eFamily \u00d6dipus\u201c allerdings ist keine Niederlage, sondern ein Sieg auf der ganzen Linie.\u201c &#8211; Bietigheimer Zeitung &#8211;<\/p>\n<p>\u201eEine fantasievolle und bildstarke Untersuchung des Fluchs von Macht und Schicksal.\u201c<br \/>\n&#8211; Stuttgarter Nachrichten &#8211;<\/p>\n<p><a href=\"http:\/\/foerderverein-theatersommer.net\/archiv\/wp-content\/uploads\/2007_Family_Oedipus_3_WEB.jpg\"><img loading=\"lazy\" decoding=\"async\" class=\"alignleft wp-image-7338 size-thumbnail\" title=\"2007 Family \u00d6dipus (Ensemble)\" src=\"http:\/\/foerderverein-theatersommer.net\/archiv\/wp-content\/uploads\/2007_Family_Oedipus_3_WEB-175x175.jpg\" alt=\"2007_Family_Oedipus_3_WEB\" width=\"175\" height=\"175\" \/><\/a><a href=\"http:\/\/foerderverein-theatersommer.net\/archiv\/wp-content\/uploads\/2007_Family_Oedipus_2_WEB.jpg\"><img loading=\"lazy\" decoding=\"async\" class=\"alignleft wp-image-7337 size-thumbnail\" title=\"2007 Family \u00d6dipus (Ismene\/Anna Sch\u00f6nberg, Kreon\/Christian Koch, Eteokles\/Felix von Franzius)\" src=\"http:\/\/foerderverein-theatersommer.net\/archiv\/wp-content\/uploads\/2007_Family_Oedipus_2_WEB-175x175.jpg\" alt=\"2007_Family_Oedipus_2_WEB\" width=\"175\" height=\"175\" \/><\/a><a href=\"http:\/\/foerderverein-theatersommer.net\/archiv\/wp-content\/uploads\/2007_Family_Oedipus_1_WEB.jpg\"><img loading=\"lazy\" decoding=\"async\" class=\"alignleft wp-image-7336 size-thumbnail\" title=\"2007 Family \u00d6dipus (\u00d6dipus\/Norbert Holoubek; Antigone\/Samira Nabie) \" src=\"http:\/\/foerderverein-theatersommer.net\/archiv\/wp-content\/uploads\/2007_Family_Oedipus_1_WEB-175x175.jpg\" alt=\"2007_Family_Oedipus_1_WEB\" width=\"175\" height=\"175\" \/><\/a><\/p>\n<p>&nbsp;<\/p>\n<p><span style=\"color: #808080; font-size: 8pt;\">\u00a0Bildvergr\u00f6\u00dferung: Photo anklicken und \u00fcber re\/li Pfeil weiter<\/span><\/p>\n<p>&nbsp;<\/p>\n<p>&nbsp;<\/p>\n<p><strong><span style=\"font-size: 14pt;\">ZUSCHAUERZAHLEN<\/span><\/strong><br \/>\n2007: \u00a0 \u00a0 1.350 Zuschauer<br \/>\nGesamt: 1.350 Zuschauer<\/p>\n<p><span style=\"color: #339966; font-size: 14pt;\"><strong><a style=\"color: #339966; text-decoration: underline;\" title=\"2008 \u2013 Der Prozess\" href=\"http:\/\/foerderverein-theatersommer.net\/archiv\/spielplan\/2001-2010\/2008-der-prozess\/\">n\u00e4chstes St\u00fcck<\/a><\/strong><\/span><\/p>\n","protected":false},"excerpt":{"rendered":"<p>FAMILY \u00d6DIPUS frei nach Sophokles Die ganze Geschichte des Hauses \u00d6dipus Bearbeitung: P. Kratz Die Mutter aller Trag\u00f6dien Regie: Peter&#8230; <span class=\"read-more\"><a href=\"https:\/\/foerderverein-theatersommer.net\/archiv\/spielplan\/2001-2010\/2007-family-oedipus\/\" class=\"button button-darkgray small\"> Continue Reading &rarr; <\/a><\/span><\/p>\n","protected":false},"author":1,"featured_media":9813,"parent":3438,"menu_order":14,"comment_status":"closed","ping_status":"closed","template":"","meta":{"footnotes":""},"_links":{"self":[{"href":"https:\/\/foerderverein-theatersommer.net\/archiv\/wp-json\/wp\/v2\/pages\/6511"}],"collection":[{"href":"https:\/\/foerderverein-theatersommer.net\/archiv\/wp-json\/wp\/v2\/pages"}],"about":[{"href":"https:\/\/foerderverein-theatersommer.net\/archiv\/wp-json\/wp\/v2\/types\/page"}],"author":[{"embeddable":true,"href":"https:\/\/foerderverein-theatersommer.net\/archiv\/wp-json\/wp\/v2\/users\/1"}],"replies":[{"embeddable":true,"href":"https:\/\/foerderverein-theatersommer.net\/archiv\/wp-json\/wp\/v2\/comments?post=6511"}],"version-history":[{"count":6,"href":"https:\/\/foerderverein-theatersommer.net\/archiv\/wp-json\/wp\/v2\/pages\/6511\/revisions"}],"predecessor-version":[{"id":10438,"href":"https:\/\/foerderverein-theatersommer.net\/archiv\/wp-json\/wp\/v2\/pages\/6511\/revisions\/10438"}],"up":[{"embeddable":true,"href":"https:\/\/foerderverein-theatersommer.net\/archiv\/wp-json\/wp\/v2\/pages\/3438"}],"wp:featuredmedia":[{"embeddable":true,"href":"https:\/\/foerderverein-theatersommer.net\/archiv\/wp-json\/wp\/v2\/media\/9813"}],"wp:attachment":[{"href":"https:\/\/foerderverein-theatersommer.net\/archiv\/wp-json\/wp\/v2\/media?parent=6511"}],"curies":[{"name":"wp","href":"https:\/\/api.w.org\/{rel}","templated":true}]}}