{"id":6724,"date":"2014-11-28T10:21:41","date_gmt":"2014-11-28T10:21:41","guid":{"rendered":"http:\/\/foerderverein-theatersommer.net\/archiv\/?page_id=6724"},"modified":"2024-06-28T07:40:46","modified_gmt":"2024-06-28T07:40:46","slug":"die-geschichte-des-cluss-gartens","status":"publish","type":"page","link":"https:\/\/foerderverein-theatersommer.net\/archiv\/theatergarten\/die-geschichte-des-cluss-gartens\/","title":{"rendered":"Die Geschichte des Cluss-Gartens"},"content":{"rendered":"<h2>Der Theatergarten \u2013 ein Platz der Tr\u00e4ume<\/h2>\n<p>\u201eIrgendwo in der Stadt liegt ein geheimer Garten, ein Ort, der Tr\u00e4ume wirklich werden l\u00e4sst. Der Cluss\u2018sche Garten war das Kleinod des Fr\u00e4ulein Cluss. Der Name Cluss wird von alten Ludwigsburgern vor allem mit Bier und dem Cluss\u2018schen Saalbau, dem heutigen Scala, in Verbindung gebracht. Hier pflanzte das Fr\u00e4ulein zierliche Buchshecken und pflegte liebevoll ihre Rosen und Tulpenbeete. Das Fr\u00e4ulein starb hoch betagt, worauf Holunder und wildes Brombeergestr\u00fcpp in k\u00fcrzester Zeit den Ort in Besitz nahmen. <a class=\"fancybox\" title=\"Weg Theatersommer\" href=\"http:\/\/foerderverein-theatersommer.net\/archiv\/wp-content\/uploads\/2012\/02\/3.2.1_CG_LAYOUT_Weg1_snap.jpg\" rel=\"fancybox\"><img loading=\"lazy\" decoding=\"async\" class=\"alignleft size-medium wp-image-1756\" title=\"Weg Theatersommer\" src=\"http:\/\/foerderverein-theatersommer.net\/archiv\/wp-content\/uploads\/2012\/02\/3.2.1_CG_LAYOUT_Weg1_snap-200x300.jpg\" alt=\"\" width=\"200\" height=\"300\" srcset=\"https:\/\/foerderverein-theatersommer.net\/archiv\/wp-content\/uploads\/2012\/02\/3.2.1_CG_LAYOUT_Weg1_snap-200x300.jpg 200w, https:\/\/foerderverein-theatersommer.net\/archiv\/wp-content\/uploads\/2012\/02\/3.2.1_CG_LAYOUT_Weg1_snap-534x800.jpg 534w, https:\/\/foerderverein-theatersommer.net\/archiv\/wp-content\/uploads\/2012\/02\/3.2.1_CG_LAYOUT_Weg1_snap.jpg 1181w\" sizes=\"(max-width: 200px) 100vw, 200px\" \/><\/a>Die Stadt Ludwigsburg kaufte den Cluss-Garten und die inzwischen abgerissenen Brauereigeb\u00e4ude. 1990 bezogen Christiane Wolff und Peter Kratz den Garten mit ihrem Theatersommer und gaben der Freilichtb\u00fchne ihr heutiges Gesicht. Im Sommer str\u00f6men hier die Menschen ein und aus. In der kalten Jahreszeit kann sich der Garten erholen, und so seinen Charakter bewahren. Das Herz des Gartens besteht auch heute noch aus zwei riesigen Eiben. Der alte Baumbestand ist teilweise bewachsen mit sattem Efeugr\u00fcn, das die Baumruinen zu bizarren Skulpturen werden l\u00e4sst. Im S\u00fcdwesten befindet sich der vermutlich gr\u00f6\u00dfte Ahornbaum der Innenstadt \u2013 schon vom Rathausplatz ist er gut zu sehen.\u201c*<\/p>\n<p><em>*Ausz\u00fcge aus \u201eTreff im Museum \u2013 Lieblingsorte in Ludwigsburg\u201c von Sabine Deutscher<\/em><\/p>\n","protected":false},"excerpt":{"rendered":"<p>Der Theatergarten \u2013 ein Platz der Tr\u00e4ume \u201eIrgendwo in der Stadt liegt ein geheimer Garten, ein Ort, der Tr\u00e4ume wirklich&#8230; <span class=\"read-more\"><a href=\"https:\/\/foerderverein-theatersommer.net\/archiv\/theatergarten\/die-geschichte-des-cluss-gartens\/\" class=\"button button-darkgray small\"> Continue Reading &rarr; <\/a><\/span><\/p>\n","protected":false},"author":3,"featured_media":0,"parent":74,"menu_order":3,"comment_status":"closed","ping_status":"open","template":"","meta":{"footnotes":""},"_links":{"self":[{"href":"https:\/\/foerderverein-theatersommer.net\/archiv\/wp-json\/wp\/v2\/pages\/6724"}],"collection":[{"href":"https:\/\/foerderverein-theatersommer.net\/archiv\/wp-json\/wp\/v2\/pages"}],"about":[{"href":"https:\/\/foerderverein-theatersommer.net\/archiv\/wp-json\/wp\/v2\/types\/page"}],"author":[{"embeddable":true,"href":"https:\/\/foerderverein-theatersommer.net\/archiv\/wp-json\/wp\/v2\/users\/3"}],"replies":[{"embeddable":true,"href":"https:\/\/foerderverein-theatersommer.net\/archiv\/wp-json\/wp\/v2\/comments?post=6724"}],"version-history":[{"count":4,"href":"https:\/\/foerderverein-theatersommer.net\/archiv\/wp-json\/wp\/v2\/pages\/6724\/revisions"}],"predecessor-version":[{"id":8151,"href":"https:\/\/foerderverein-theatersommer.net\/archiv\/wp-json\/wp\/v2\/pages\/6724\/revisions\/8151"}],"up":[{"embeddable":true,"href":"https:\/\/foerderverein-theatersommer.net\/archiv\/wp-json\/wp\/v2\/pages\/74"}],"wp:attachment":[{"href":"https:\/\/foerderverein-theatersommer.net\/archiv\/wp-json\/wp\/v2\/media?parent=6724"}],"curies":[{"name":"wp","href":"https:\/\/api.w.org\/{rel}","templated":true}]}}