{"id":7155,"date":"2014-12-16T11:48:21","date_gmt":"2014-12-16T11:48:21","guid":{"rendered":"http:\/\/foerderverein-theatersommer.net\/archiv\/?page_id=7155"},"modified":"2024-05-02T14:56:47","modified_gmt":"2024-05-02T14:56:47","slug":"2012-harry-und-sally","status":"publish","type":"page","link":"https:\/\/foerderverein-theatersommer.net\/archiv\/spielplan\/ab-2010\/2012-harry-und-sally\/","title":{"rendered":"<br\/><br\/>2012 &#8211; Harry und Sally<br\/><br\/>"},"content":{"rendered":"<p><span style=\"font-size: 18pt;\"><strong>HARRY &amp; SALLY<\/strong><\/span><br \/>\nvon Nora Ephorn<br \/>\n<span style=\"font-size: 10pt;\">F\u00fcr den Theatersommer dramaturgisch und szenisch eingerichtet von Peter Kratz<\/span><\/p>\n<h3><span style=\"font-size: 24pt;\">Frech, frisch, ironisch <br \/>\n&#8211; \u00a0mit psychologischem Tiefgang<\/span><\/h3>\n<p>REGIE: Peter Kratz<br \/>\nKOST\u00dcME: Claudia Flasche<br \/>\nB\u00dcHNE: Enno Craiss<br \/>\nMIT: \u2028Anja Barth, Anna Christina Einbock, Bernhard Linke und Andreas Klaue<\/p>\n<p><span style=\"font-size: 14pt;\"><strong>KONZEPTION<\/strong><\/span><br \/>\nSie haben sich kaum kennengelernt, da fliegen schon die Fetzen. Der Schlagabtausch beginnt mit einem Disput \u00fcber den Sexgehalt der Weltliteratur und ist mit Humphrey Bogart noch lange nicht zu Ende. Zwischendrin gilt es beim Bringdienst eine hingebungsvoll detaillierte Salatbestellung zu platzieren. Sp\u00e4ter geht es weiter mit der brisanten Frage nach der Vort\u00e4uschbarkeit von H\u00f6hepunkten &#8211; und Sallys schlagender Antwort.<br \/>\nHeute, Jahre nach der Silberhochzeit von Rob Reiners Leinwandstars, wirkt das Feuerwerk der Dialoge frisch wie am Tag ihres ersten Dates. Was lag also n\u00e4her, als die zwei ausgewiesenen LiebeSEXperten in den Cluss-Garten einzuladen? Schlie\u00dflich hat der seinen guten Draht zum Film schon mehrfach unter Beweis gestellt.<\/p>\n<p><span style=\"font-size: 14pt;\"><strong>PRESSESTIMMEN<\/strong><\/span><br \/>\n<strong>Sommerkom\u00f6die sorgt f\u00fcr viele Lacher<\/strong><br \/>\n&#8222;Kratz macht aus &#8218;Harry und Sally&#8216; &#8211; anderes ist man von ihm nicht gewohnt &#8211; wieder ein ganz neues St\u00fcck. Er nimmt die Idee und macht daraus was ganz Eigenes. (&#8230;) Neben den gro\u00dfen Szenen sind es die Details, die das St\u00fcck so stimmig machen. Die Sommerkom\u00f6die sorgt f\u00fcr viele Lacher. Nie wird das St\u00fcck seicht, ohne im Tiefgang unterzugehen.&#8220; &#8211; Bietigheimer Zeitung &#8211;<\/p>\n<p><strong>Fast noch lustiger als die legend\u00e4re Filmszene<\/strong><br \/>\n&#8222;Die Szene des Filmklassikers, in der Meg Ryan als Sally ihrem Filmpartner Billy Crystal als Harry in einem Restaurant einen Orgasmus vorspielt, ist legend\u00e4r. (&#8230;) Die ber\u00fchmte Szene aus dem Film wirkt auf der B\u00fchne dank der beiden Hauptdarsteller tats\u00e4chlich fast noch lustiger.&#8220; &#8211; Stuttgarter Nachrichten &#8211;<\/p>\n<p><strong>Ein H\u00f6hepunkt des Theatersommers<\/strong><br \/>\n&#8222;Wieder einmal ist ein H\u00f6hepunkt des Theatersommers entstanden, dem man nur w\u00fcnschen kann, dass der Beatles-Song &#8218;Here Comes the Sun&#8216; jeden Abend Wirklichkeit wird.&#8220; &#8211; LKZ &#8211;<\/p>\n<p><a href=\"http:\/\/foerderverein-theatersommer.net\/archiv\/wp-content\/uploads\/2012_Harry_Sally_HG_WEB.jpg\"><img loading=\"lazy\" decoding=\"async\" class=\"alignleft wp-image-7397 size-thumbnail\" title=\"2012 Harry und Sally (Harry\/A. Klaue, Sally\/A. Barth)\" src=\"http:\/\/foerderverein-theatersommer.net\/archiv\/wp-content\/uploads\/2012_Harry_Sally_HG_WEB-175x175.jpg\" alt=\"2012_Harry_Sally_HG_WEB\" width=\"175\" height=\"175\" \/><\/a><a href=\"http:\/\/foerderverein-theatersommer.net\/archiv\/wp-content\/uploads\/2012_Harry_Sally_3_WEB.jpg\"><img loading=\"lazy\" decoding=\"async\" class=\"alignleft wp-image-7400 size-thumbnail\" title=\"2012 Harry und Sally (Harry\/A. Klaue, Sally\/A. Barth)\" src=\"http:\/\/foerderverein-theatersommer.net\/archiv\/wp-content\/uploads\/2012_Harry_Sally_3_WEB-175x175.jpg\" alt=\"2012_Harry_Sally_3_WEB\" width=\"175\" height=\"175\" \/><\/a><a href=\"http:\/\/foerderverein-theatersommer.net\/archiv\/wp-content\/uploads\/2012_Harry_Sally_5_WEB.jpg\"><img loading=\"lazy\" decoding=\"async\" class=\"alignleft wp-image-7402 size-thumbnail\" title=\"2012 Harry und Sally (Vertreter von 4711\/B. Linke; Sekret\u00e4rin\/A. C. Einbock)\" src=\"http:\/\/foerderverein-theatersommer.net\/archiv\/wp-content\/uploads\/2012_Harry_Sally_5_WEB-175x175.jpg\" alt=\"2012_Harry_Sally_5_WEB\" width=\"175\" height=\"175\" \/><\/a><a href=\"http:\/\/foerderverein-theatersommer.net\/archiv\/wp-content\/uploads\/2012_Harry_Sally_2_WEB.jpg\"><img loading=\"lazy\" decoding=\"async\" class=\"alignleft wp-image-7399 size-thumbnail\" title=\"2012 Harry und Sally (Sally\/Anja Barth)\" src=\"http:\/\/foerderverein-theatersommer.net\/archiv\/wp-content\/uploads\/2012_Harry_Sally_2_WEB-175x175.jpg\" alt=\"2012_Harry_Sally_2_WEB\" width=\"175\" height=\"175\" \/><\/a><a href=\"http:\/\/foerderverein-theatersommer.net\/archiv\/wp-content\/uploads\/2012_Harry_Sally_1_WEB.jpg\"><img loading=\"lazy\" decoding=\"async\" class=\"alignleft wp-image-7398 size-thumbnail\" title=\"2012 Harry und Sally (Ensemble)\" src=\"http:\/\/foerderverein-theatersommer.net\/archiv\/wp-content\/uploads\/2012_Harry_Sally_1_WEB-175x175.jpg\" alt=\"2012_Harry_Sally_1_WEB\" width=\"175\" height=\"175\" \/><\/a><a href=\"http:\/\/foerderverein-theatersommer.net\/archiv\/wp-content\/uploads\/2012_Harry_Sally_4_WEB.jpg\"><img loading=\"lazy\" decoding=\"async\" class=\"alignleft wp-image-7401 size-thumbnail\" title=\"2012 Harry und Sally (\/A. C. Einbock, Harry\/A. Klaue, Sally\/A. Barth)\" src=\"http:\/\/foerderverein-theatersommer.net\/archiv\/wp-content\/uploads\/2012_Harry_Sally_4_WEB-175x175.jpg\" alt=\"2012_Harry_Sally_4_WEB\" width=\"175\" height=\"175\" \/><\/a><\/p>\n<p><span style=\"color: #808080; font-size: 8pt;\">\u00a0<\/span><\/p>\n<p>&nbsp;<\/p>\n<p>&nbsp;<\/p>\n<p>&nbsp;<\/p>\n<p>&nbsp;<\/p>\n<p><span style=\"color: #808080; font-size: 8pt;\">Bildvergr\u00f6\u00dferung: Foto anklicken und \u00fcber re\/li Pfeil weiter<\/span><\/p>\n<p><strong><span style=\"font-size: 14pt;\">ZUSCHAUERZAHLEN<\/span><\/strong><br \/>\n2012: \u00a0 \u00a0 \u00a0 \u00a05.800 Zuschauer<br \/>\n2013: \u00a0 \u00a0 \u00a0 \u00a01.791 Zuschauer<br \/>\n<strong>Gesamt:<\/strong> 7.591 Zuschauer<\/p>\n<p><span style=\"text-decoration: underline; color: #339966;\"><strong><span style=\"font-size: 14pt;\"><a style=\"color: #339966; text-decoration: underline;\" title=\"2012 \u2013 Kinder des Olymp\" href=\"http:\/\/foerderverein-theatersommer.net\/archiv\/spielplan\/ab-2010\/2012-kinder-des-olymp\/\">n\u00e4chstes St\u00fcck<\/a><\/span><\/strong><\/span><\/p>\n<p>&nbsp;<\/p>\n","protected":false},"excerpt":{"rendered":"<p>HARRY &amp; SALLY von Nora Ephorn F\u00fcr den Theatersommer dramaturgisch und szenisch eingerichtet von Peter Kratz Frech, frisch, ironisch &#8211;&#8230; <span class=\"read-more\"><a href=\"https:\/\/foerderverein-theatersommer.net\/archiv\/spielplan\/ab-2010\/2012-harry-und-sally\/\" class=\"button button-darkgray small\"> Continue Reading &rarr; <\/a><\/span><\/p>\n","protected":false},"author":1,"featured_media":9873,"parent":1585,"menu_order":0,"comment_status":"closed","ping_status":"closed","template":"","meta":{"footnotes":""},"_links":{"self":[{"href":"https:\/\/foerderverein-theatersommer.net\/archiv\/wp-json\/wp\/v2\/pages\/7155"}],"collection":[{"href":"https:\/\/foerderverein-theatersommer.net\/archiv\/wp-json\/wp\/v2\/pages"}],"about":[{"href":"https:\/\/foerderverein-theatersommer.net\/archiv\/wp-json\/wp\/v2\/types\/page"}],"author":[{"embeddable":true,"href":"https:\/\/foerderverein-theatersommer.net\/archiv\/wp-json\/wp\/v2\/users\/1"}],"replies":[{"embeddable":true,"href":"https:\/\/foerderverein-theatersommer.net\/archiv\/wp-json\/wp\/v2\/comments?post=7155"}],"version-history":[{"count":14,"href":"https:\/\/foerderverein-theatersommer.net\/archiv\/wp-json\/wp\/v2\/pages\/7155\/revisions"}],"predecessor-version":[{"id":10461,"href":"https:\/\/foerderverein-theatersommer.net\/archiv\/wp-json\/wp\/v2\/pages\/7155\/revisions\/10461"}],"up":[{"embeddable":true,"href":"https:\/\/foerderverein-theatersommer.net\/archiv\/wp-json\/wp\/v2\/pages\/1585"}],"wp:featuredmedia":[{"embeddable":true,"href":"https:\/\/foerderverein-theatersommer.net\/archiv\/wp-json\/wp\/v2\/media\/9873"}],"wp:attachment":[{"href":"https:\/\/foerderverein-theatersommer.net\/archiv\/wp-json\/wp\/v2\/media?parent=7155"}],"curies":[{"name":"wp","href":"https:\/\/api.w.org\/{rel}","templated":true}]}}