{"id":7162,"date":"2014-12-16T12:03:43","date_gmt":"2014-12-16T12:03:43","guid":{"rendered":"http:\/\/foerderverein-theatersommer.net\/archiv\/?page_id=7162"},"modified":"2024-05-02T14:58:37","modified_gmt":"2024-05-02T14:58:37","slug":"2012-kinder-des-olymp","status":"publish","type":"page","link":"https:\/\/foerderverein-theatersommer.net\/archiv\/spielplan\/ab-2010\/2012-kinder-des-olymp\/","title":{"rendered":"<br\/><br\/>2012 &#8211; Kinder des Olymp<br\/><br\/>"},"content":{"rendered":"<p><span style=\"font-size: 18pt;\"><strong>KINDER DES OLYMP<\/strong><\/span><br \/>\nvon Jacques Pr\u00e9vert<br \/>\n<span style=\"font-size: 10pt;\">F\u00fcr den Theatersommer dramaturgisch und szenisch eingerichtet von Peter Kratz<\/span><\/p>\n<h3><span style=\"font-size: 24pt;\">Eine wunderbare Studie <br \/>\n\u00fcber die Liebe und das Theater<\/span><\/h3>\n<p>REGIE: Peter Kratz<br \/>\nKOST\u00dcME: Claudia Flasche<br \/>\nB\u00dcHNE: Enno Craiss<br \/>\nMIT: Anja Barth, Anna Christina Einbock, Bernhard Linke, Andreas Klaue, Viola Neumann\/Anja Taschenberg<\/p>\n<p>\n<strong><span style=\"font-size: 14pt;\">KONZEPTION<\/span><\/strong><br \/>\nF\u00fcr die B\u00fchne bietet sich der Stoff aus vielerlei Gr\u00fcnden an. Das liegt keineswegs nur am Theatermilieu als Dreh- und Angelpunkt des dramatischen Geschehens, sondern vor allem daran, dass es unter den &#8222;Olympischen&#8220; mit geradezu Shakespearscher Direktheit zur Sache geht: Sofort sind die gro\u00dfe Liebe, das ganze Leben, s\u00e4mtliches Jauchzen und Leiden der Existenz im Spiel. Frauen und M\u00e4nner, Miteinander und Gegeneinander, hei\u00dfes Verlangen, Hoffen und Bangen, tragische Ausweglosigkeit. Abgr\u00fcnde der Gesellschaft werden gestreift, Armut und Reichtum, kurzum, hier werden Schicksal und Amour in allen Schattierungen wirksam. Die B\u00fchnenfassung orientiert sich eng an den Originaldialogen aus dem Drehbuch von Pr\u00e9vert. Freilich verleiht der Theatergarten auch diesem Klassiker seine eigene Farbe. Ganz im Geist des Theatersommers ideenreich aufpoliert, lebt &#8222;Die Kinder des Olymp&#8220; mehr denn je vom Spiel mit Worten und sch\u00f6pft aus verbl\u00fcffenden Spiegelungen sowie der nie versiegenden Spannungsquelle der Geschlechterrollen.<span style=\"color: #808080; font-size: 8pt;\"><br \/>\n<\/span><\/p>\n<p><strong><span style=\"font-size: 14pt;\">PRESSESTIMMEN<\/span><\/strong><br \/>\n<strong>Inszenierung ein Glanzpunkt<\/strong><br \/>\n&#8222;Das Motto lautet &#8218;Blick zur\u00fcck zu den Wurzeln&#8216;, das derzeit international die K\u00fcnste durchsetzt. Und genau diese nostalgischen Momente sind die, die verzaubern, die die Inszenierung zu einem Glanzpunkt machen. Nostalgie pur ist das, was im Ludwigsburger Theatersommer passiert, und wenn es dunkel wird, wirkt dieser, als ob man in eine Vergangenheit des sch\u00f6nen Scheins gereist sei.&#8220; &#8211; Bietigheimer Zeitung &#8211;<\/p>\n<p><strong>Ein Fest der Farben und Lichtstimmungen<\/strong><br \/>\n&#8222;Ein Fest der Farben und Lichtstimmungen. Das ist das Theatermillieu der guten alten Zeit, als die Plakate noch handbemalt waren, als Ausrufer noch Jahrmarktsensationen versprachen. Und da sind sie auch schon, die ganz gro\u00dfen Gef\u00fchle: die gro\u00dfe Verliebtheit und der Riesenkrach auf engstem Raum &#8211; Schauspieler eben.&#8220; &#8211; Stuttgarter Nachrichten &#8211;<\/p>\n<p><strong>Eine wunderbare Inszenierung<\/strong>\u00a0<br \/>\n&#8222;Dramaturgisch sehr sauber aufgebaut, spielerisch mit vielen Highlights und einer guten Portion Humor!&#8220; &#8211; LKZ &#8211;<\/p>\n<p><a href=\"http:\/\/foerderverein-theatersommer.net\/archiv\/wp-content\/uploads\/2012_Kinder_Olymp_6_WEB.jpg\"><img loading=\"lazy\" decoding=\"async\" class=\"alignleft wp-image-7417 size-thumbnail\" title=\"2012 Kinder des Olymp (Fr\u00e9d\u00e9rick Lemaitre\/A. Klaue, Nathalie\/A. Barth)\" src=\"http:\/\/foerderverein-theatersommer.net\/archiv\/wp-content\/uploads\/2012_Kinder_Olymp_6_WEB-175x175.jpg\" alt=\"2012_Kinder_Olymp_6_WEB\" width=\"175\" height=\"175\" \/><\/a><a href=\"http:\/\/foerderverein-theatersommer.net\/archiv\/wp-content\/uploads\/2012_Kinder_Olymp_5_WEB.jpg\"><img loading=\"lazy\" decoding=\"async\" class=\"alignleft wp-image-7416 size-thumbnail\" title=\"2012 Kinder des Olymp (Baptiste\/B. Linke, Nathalie\/A. Barth)\" src=\"http:\/\/foerderverein-theatersommer.net\/archiv\/wp-content\/uploads\/2012_Kinder_Olymp_5_WEB-175x175.jpg\" alt=\"2012_Kinder_Olymp_5_WEB\" width=\"175\" height=\"175\" \/><\/a><a href=\"http:\/\/foerderverein-theatersommer.net\/archiv\/wp-content\/uploads\/2012_Kinder_Olymp_3_WEB.jpg\"><img loading=\"lazy\" decoding=\"async\" class=\"alignleft wp-image-7414 size-thumbnail\" title=\"2012 Kinder des Olymp (Nathalie\/Anja Barth)\" src=\"http:\/\/foerderverein-theatersommer.net\/archiv\/wp-content\/uploads\/2012_Kinder_Olymp_3_WEB-175x175.jpg\" alt=\"2012_Kinder_Olymp_3_WEB\" width=\"175\" height=\"175\" \/><\/a><a href=\"http:\/\/foerderverein-theatersommer.net\/archiv\/wp-content\/uploads\/2012_Kinder_Olymp_2_WEB.jpg\"><img loading=\"lazy\" decoding=\"async\" class=\"alignleft wp-image-7413 size-thumbnail\" title=\"2012 Kinder des Olymp (Madame Lacenaire\/A. Taschenberg)\" src=\"http:\/\/foerderverein-theatersommer.net\/archiv\/wp-content\/uploads\/2012_Kinder_Olymp_2_WEB-175x175.jpg\" alt=\"2012_Kinder_Olymp_2_WEB\" width=\"175\" height=\"175\" \/><\/a><a href=\"http:\/\/foerderverein-theatersommer.net\/archiv\/wp-content\/uploads\/2012_Kinder_Olymp_4_WEB.jpg\"><img loading=\"lazy\" decoding=\"async\" class=\"alignleft wp-image-7415 size-thumbnail\" title=\"2012 Kinder des Olymp (Baptiste\/B. Linke, Garance\/A. C. Einbock)\" src=\"http:\/\/foerderverein-theatersommer.net\/archiv\/wp-content\/uploads\/2012_Kinder_Olymp_4_WEB-175x175.jpg\" alt=\"2012_Kinder_Olymp_4_WEB\" width=\"175\" height=\"175\" \/><\/a><a href=\"http:\/\/foerderverein-theatersommer.net\/archiv\/wp-content\/uploads\/2012_Kinder_Olymp_1_WEB.jpg\"><img loading=\"lazy\" decoding=\"async\" class=\"alignleft wp-image-7412 size-thumbnail\" title=\"2012 Kinder des Olymp (Nathalie\/A. Barth, Baptiste\/B. Linke)\" src=\"http:\/\/foerderverein-theatersommer.net\/archiv\/wp-content\/uploads\/2012_Kinder_Olymp_1_WEB-175x175.jpg\" alt=\"2012_Kinder_Olymp_1_WEB\" width=\"175\" height=\"175\" \/><\/a><\/p>\n<p>&nbsp;<\/p>\n<p>&nbsp;<\/p>\n<p>&nbsp;<\/p>\n<p>&nbsp;<\/p>\n<p><span style=\"color: #808080; font-size: 8pt;\">Bildvergr\u00f6\u00dferung: Foto anklicken und \u00fcber re\/li Pfeil weiter<\/span><\/p>\n<p>&nbsp;<\/p>\n<p>ZUSCHAUERZAHLEN<br \/>\n2012:\u00a0\u00a0\u00a0\u00a0\u00a0 1.857 Zuschauer<br \/>\n2013:\u00a0\u00a0\u00a0\u00a0\u00a0\u00a0\u00a0\u00a0 729 Zuschauer<br \/>\nGesamt: 2.586 Zuschauer<\/p>\n<p><span style=\"color: #800000;\"><a style=\"color: #800000;\" title=\"2013 \u2013 Die R\u00e4uber\" href=\"http:\/\/foerderverein-theatersommer.net\/archiv\/spielplan\/ab-2010\/2013-die-raeuber\/\">n\u00e4chstes St\u00fcck<\/a><\/span><\/p>\n<p><img loading=\"lazy\" decoding=\"async\" class=\"alignleft wp-image-9877 size-large\" src=\"http:\/\/foerderverein-theatersommer.net\/archiv\/wp-content\/uploads\/2012-PLAKAT-OLYMP-WEB-320x800.jpg\" alt=\"\" width=\"320\" height=\"800\" srcset=\"https:\/\/foerderverein-theatersommer.net\/archiv\/wp-content\/uploads\/2012-PLAKAT-OLYMP-WEB-320x800.jpg 320w, https:\/\/foerderverein-theatersommer.net\/archiv\/wp-content\/uploads\/2012-PLAKAT-OLYMP-WEB-120x300.jpg 120w, https:\/\/foerderverein-theatersommer.net\/archiv\/wp-content\/uploads\/2012-PLAKAT-OLYMP-WEB-400x999.jpg 400w, https:\/\/foerderverein-theatersommer.net\/archiv\/wp-content\/uploads\/2012-PLAKAT-OLYMP-WEB.jpg 591w\" sizes=\"(max-width: 320px) 100vw, 320px\" \/><\/p>\n<p>&nbsp;<\/p>\n<p>&nbsp;<\/p>\n<p>&nbsp;<\/p>\n<p>&nbsp;<\/p>\n<p>&nbsp;<\/p>\n<p>&nbsp;<\/p>\n<p>&nbsp;<\/p>\n<p>&nbsp;<\/p>\n<p>&nbsp;<\/p>\n<p>&nbsp;<\/p>\n<p>&nbsp;<\/p>\n<p><span style=\"color: #808080; font-size: 8pt;\">Plakatmotiv by @Robert Crassie<\/span><\/p>\n<p>&nbsp;<\/p>\n","protected":false},"excerpt":{"rendered":"<p>KINDER DES OLYMP von Jacques Pr\u00e9vert F\u00fcr den Theatersommer dramaturgisch und szenisch eingerichtet von Peter Kratz Eine wunderbare Studie \u00fcber&#8230; <span class=\"read-more\"><a href=\"https:\/\/foerderverein-theatersommer.net\/archiv\/spielplan\/ab-2010\/2012-kinder-des-olymp\/\" class=\"button button-darkgray small\"> Continue Reading &rarr; <\/a><\/span><\/p>\n","protected":false},"author":1,"featured_media":9876,"parent":1585,"menu_order":0,"comment_status":"closed","ping_status":"closed","template":"","meta":{"footnotes":""},"_links":{"self":[{"href":"https:\/\/foerderverein-theatersommer.net\/archiv\/wp-json\/wp\/v2\/pages\/7162"}],"collection":[{"href":"https:\/\/foerderverein-theatersommer.net\/archiv\/wp-json\/wp\/v2\/pages"}],"about":[{"href":"https:\/\/foerderverein-theatersommer.net\/archiv\/wp-json\/wp\/v2\/types\/page"}],"author":[{"embeddable":true,"href":"https:\/\/foerderverein-theatersommer.net\/archiv\/wp-json\/wp\/v2\/users\/1"}],"replies":[{"embeddable":true,"href":"https:\/\/foerderverein-theatersommer.net\/archiv\/wp-json\/wp\/v2\/comments?post=7162"}],"version-history":[{"count":27,"href":"https:\/\/foerderverein-theatersommer.net\/archiv\/wp-json\/wp\/v2\/pages\/7162\/revisions"}],"predecessor-version":[{"id":10462,"href":"https:\/\/foerderverein-theatersommer.net\/archiv\/wp-json\/wp\/v2\/pages\/7162\/revisions\/10462"}],"up":[{"embeddable":true,"href":"https:\/\/foerderverein-theatersommer.net\/archiv\/wp-json\/wp\/v2\/pages\/1585"}],"wp:featuredmedia":[{"embeddable":true,"href":"https:\/\/foerderverein-theatersommer.net\/archiv\/wp-json\/wp\/v2\/media\/9876"}],"wp:attachment":[{"href":"https:\/\/foerderverein-theatersommer.net\/archiv\/wp-json\/wp\/v2\/media?parent=7162"}],"curies":[{"name":"wp","href":"https:\/\/api.w.org\/{rel}","templated":true}]}}