{"id":7189,"date":"2014-12-16T15:53:49","date_gmt":"2014-12-16T15:53:49","guid":{"rendered":"http:\/\/foerderverein-theatersommer.net\/archiv\/?page_id=7189"},"modified":"2024-05-02T15:07:45","modified_gmt":"2024-05-02T15:07:45","slug":"2014-harold-maude","status":"publish","type":"page","link":"https:\/\/foerderverein-theatersommer.net\/archiv\/spielplan\/ab-2010\/2014-harold-maude\/","title":{"rendered":"<br\/>2014 &#8211; Harold &#038; Maude<br\/><br\/><br\/>"},"content":{"rendered":"<p><span style=\"font-size: 18pt;\"><strong>HAROLD &amp; MAUDE<\/strong><\/span><br \/>\nvon Colin Higgins<br \/>\nnach dem Filmklassiker von Hal Ashby<br \/>\n<span style=\"font-size: 10pt;\">f\u00fcr den Theatersommer eingerichtet von Christiane Wolff<\/span><\/p>\n<h3><span style=\"font-size: 24pt;\">If you want to be free be free<\/span><\/h3>\n<p>REGIE: Christiane Wolff<br \/>\nKOST\u00dcME: Claudia Flasche<br \/>\nB\u00dcHNE: Christiane Wolff<br \/>\nMIT: Diana Gantner, Volkmar Leif Gilbert, Astrid Polak\/Johanna Hanke, Uwe-Peter Spinner\/Armin Jung, Marilena Weichert\/Stefanie Friedrich<\/p>\n<p><span style=\"font-size: 14pt;\"><strong>KONZEPTION<\/strong><\/span><br \/>\nZwei Pole sind es, denen die humorvolle, skurrile Story aus Hal Ashbys Kultfilm ihre magnetische Anziehungskraft verdankt: Minus und Plus. Alias: Tod und Leben, jung und alt, Ordnung und Chaos. Es sind die Gegens\u00e4tze, die Widerspr\u00fcche und die daraus erbl\u00fchenden Absurdit\u00e4ten des Lebens, die der 1971 gedrehte Kinohit mit dem unverbrauchten, anarchisch-schonungslosen Optimismus der Sechzigerjahre vorf\u00fchrt. Weiteren Charme gewinnt die Story daraus, dass hier die Parodie des amerikanischen Traums vom Wohlstand mit dem Traum vom richtigen, sinnvollen Leben kontrastiert, das Ganze gew\u00fcrzt mit ur-englischer, liebensw\u00fcrdig altert\u00fcmlicher Individualit\u00e4t und Schrulligkeit. Harold, der sein Leben erst beginnt, und Maude, die fr\u00f6hlich auf ihr Ende blickt, werden zum unm\u00f6glichen, faszinierenden Liebespaar mit der Aussicht auf ewiges Leben &#8211; und sei es nur f\u00fcr einen sch\u00f6nen Theaterabend lang.<\/p>\n<p><strong><span style=\"font-size: 14pt;\">PRESSESTIMMEN<\/span><\/strong><br \/>\n<strong>Anr\u00fchrende, tragische und komische Geschichte<\/strong><br \/>\n&#8222;Die Geschichte vom wohlstandsgesch\u00e4digten, jungen Harold und der lebensklugen, jung gebliebenen, strikt ihr Leben nach ihren Vorstellungen lebenden, fast 80-j\u00e4hrigen Maude, die sich finden und ein Liebespaar der besonderen Art werden, all das bietet gen\u00fcgen Stoff f\u00fcr eine ebenso anr\u00fchrende, tragische und komische Geschichte, die gleich an mehren Tabus r\u00fchrt.&#8220; &#8211; LKZ &#8211;<\/p>\n<p><strong>Die Auff\u00fchrung gl\u00e4nzt mit Tempo und Einfallsreichtum<\/strong><br \/>\n&#8222;Die Auff\u00fchrung gl\u00e4nzt mit Tempo, Einfallsreichtum &#8211; gro\u00dfartig etwa der Auftritt der Robbe Mr.Murgatroyed &#8211; und einem schl\u00fcssigen B\u00fchnenbild.&#8220; &#8211; Stuttgarter Zeitung &#8211;<\/p>\n<p><strong>Ein zauberhafter Theaterabend<\/strong><br \/>\n&#8222;Dem Theatersommer ist es ein weiteres Mal gelungen, eine Filmvorlage f\u00fcr den mystischen Theatergarten umzuschreiben und den Stoff mit einem gl\u00e4nzend gelaunten Schauspielensemble, einem bunten B\u00fchnenbild, tollen Kost\u00fcmen und mit jeder Menge spritziger Regieeinf\u00e4lle zu inszenieren. (&#8230;) Es ist ein atmosph\u00e4risch dichtes, sehr vergn\u00fcgliches, ein bisschen nachdenklich stimmendes, aber rundweg unterhaltsames St\u00fcck, das wie geschaffen ist, f\u00fcr einen zauberhaften Theaterabend im Herzen der Stadt.&#8220; &#8211; Bietigheimer Zeitung &#8211;<\/p>\n<p><a href=\"http:\/\/foerderverein-theatersommer.net\/archiv\/wp-content\/uploads\/2014_Harold_Maude_6_WEB.jpg\"><img loading=\"lazy\" decoding=\"async\" class=\"alignleft wp-image-7580 size-thumbnail\" title=\"2014 Harold &amp; Maude (Harold\/V. L. Gilbert, Maude\/A. Polak) - ThS 2014 - Foto: \u00a9 by Robert Crassie\" src=\"http:\/\/foerderverein-theatersommer.net\/archiv\/wp-content\/uploads\/2014_Harold_Maude_6_WEB-175x175.jpg\" alt=\"2014 Harold &amp; Maude (Harold\/V. L. Gilbert, Maude\/A. Polak) - ThS 2014 - Foto: \u00a9 by Robert Crassie\" width=\"175\" height=\"175\" \/><\/a> <a href=\"http:\/\/foerderverein-theatersommer.net\/archiv\/wp-content\/uploads\/2014_Harold_Maude_2_WEB.jpg\"><img loading=\"lazy\" decoding=\"async\" class=\"alignleft wp-image-7576 size-thumbnail\" title=\"Harold &amp; Maude (Dr. Mathews\/P.-U. Spinner, Nancy\/M. Weichert, Harold\/V. L. Gilbert) - ThS 2014 - Foto: \u00a9 by Robert Crassie\" src=\"http:\/\/foerderverein-theatersommer.net\/archiv\/wp-content\/uploads\/2014_Harold_Maude_2_WEB-175x175.jpg\" alt=\"Harold &amp; Maude (Dr. Mathews\/P.-U. Spinner, Nancy\/M. Weichert, Harold\/V. L. Gilbert) - ThS 2014 - Foto: \u00a9 by Robert Crassie\" width=\"175\" height=\"175\" \/><\/a><a href=\"http:\/\/foerderverein-theatersommer.net\/archiv\/wp-content\/uploads\/2014_Harold_Maude_1_WEB.jpg\"><img loading=\"lazy\" decoding=\"async\" class=\"alignleft wp-image-7575 size-thumbnail\" title=\"Harold &amp; Maude (Maude\/Astrid Polak) - ThS 2014 - Foto: \u00a9 by Robert Crassie\" src=\"http:\/\/foerderverein-theatersommer.net\/archiv\/wp-content\/uploads\/2014_Harold_Maude_1_WEB-175x175.jpg\" alt=\"Harold &amp; Maude (Maude\/Astrid Polak) - ThS 2014 - Foto: \u00a9 by Robert Crassie\" width=\"175\" height=\"175\" \/><\/a><\/p>\n<p>&nbsp;<\/p>\n<p><span style=\"font-size: 8pt;\">Bildvergr\u00f6\u00dferung: Foto anklicken und \u00fcber re\/li Pfeil weiter<\/span><\/p>\n<p>&nbsp;<\/p>\n<p>&nbsp;<\/p>\n<p><span style=\"font-size: 14pt;\"><strong>ZUSCHAUERZAHLEN<\/strong><\/span><br \/>\n2014: \u00a0 \u00a0 \u00a0 \u00a04.116 Zuschauer<br \/>\n2015: \u00a0 \u00a0 \u00a0 \u00a02.147 Zuschauer<br \/>\nGesamt: 6.263 Zuschauer<\/p>\n<p><span style=\"color: #339966;\"><strong><span style=\"text-decoration: underline;\"><span style=\"font-size: 14pt;\"><a style=\"color: #339966; text-decoration: underline;\" title=\"2014 \u2013 Fr\u00fchst\u00fcck bei Tiffany\" href=\"http:\/\/foerderverein-theatersommer.net\/archiv\/spielplan\/ab-2010\/2014-fruehstueck-bei-tiffany\/\">n\u00e4chstes St\u00fcck<\/a><\/span><\/span><\/strong><\/span><\/p>\n<p><img loading=\"lazy\" decoding=\"async\" class=\"alignleft wp-image-9968 size-large\" src=\"http:\/\/foerderverein-theatersommer.net\/archiv\/wp-content\/uploads\/2014-Harold-Maude-Plakat-Kopie-326x800.jpg\" alt=\"\" width=\"326\" height=\"800\" srcset=\"https:\/\/foerderverein-theatersommer.net\/archiv\/wp-content\/uploads\/2014-Harold-Maude-Plakat-Kopie-326x800.jpg 326w, https:\/\/foerderverein-theatersommer.net\/archiv\/wp-content\/uploads\/2014-Harold-Maude-Plakat-Kopie-122x300.jpg 122w, https:\/\/foerderverein-theatersommer.net\/archiv\/wp-content\/uploads\/2014-Harold-Maude-Plakat-Kopie-407x999.jpg 407w, https:\/\/foerderverein-theatersommer.net\/archiv\/wp-content\/uploads\/2014-Harold-Maude-Plakat-Kopie.jpg 417w\" sizes=\"(max-width: 326px) 100vw, 326px\" \/><\/p>\n<p>&nbsp;<\/p>\n<p>&nbsp;<\/p>\n<p>&nbsp;<\/p>\n<p>&nbsp;<\/p>\n<p>&nbsp;<\/p>\n<p>&nbsp;<\/p>\n<p>&nbsp;<\/p>\n<p>&nbsp;<\/p>\n<p>&nbsp;<\/p>\n<p>&nbsp;<\/p>\n<p>&nbsp;<\/p>\n<p>&nbsp;<\/p>\n<p><span style=\"font-size: 8pt;\">Plakatmotiv: \u00a9 Crassie<\/span><\/p>\n<p>&nbsp;<\/p>\n","protected":false},"excerpt":{"rendered":"<p>HAROLD &amp; MAUDE von Colin Higgins nach dem Filmklassiker von Hal Ashby f\u00fcr den Theatersommer eingerichtet von Christiane Wolff If&#8230; <span class=\"read-more\"><a href=\"https:\/\/foerderverein-theatersommer.net\/archiv\/spielplan\/ab-2010\/2014-harold-maude\/\" class=\"button button-darkgray small\"> Continue Reading &rarr; <\/a><\/span><\/p>\n","protected":false},"author":3,"featured_media":9953,"parent":1585,"menu_order":0,"comment_status":"closed","ping_status":"closed","template":"","meta":{"footnotes":""},"_links":{"self":[{"href":"https:\/\/foerderverein-theatersommer.net\/archiv\/wp-json\/wp\/v2\/pages\/7189"}],"collection":[{"href":"https:\/\/foerderverein-theatersommer.net\/archiv\/wp-json\/wp\/v2\/pages"}],"about":[{"href":"https:\/\/foerderverein-theatersommer.net\/archiv\/wp-json\/wp\/v2\/types\/page"}],"author":[{"embeddable":true,"href":"https:\/\/foerderverein-theatersommer.net\/archiv\/wp-json\/wp\/v2\/users\/3"}],"replies":[{"embeddable":true,"href":"https:\/\/foerderverein-theatersommer.net\/archiv\/wp-json\/wp\/v2\/comments?post=7189"}],"version-history":[{"count":30,"href":"https:\/\/foerderverein-theatersommer.net\/archiv\/wp-json\/wp\/v2\/pages\/7189\/revisions"}],"predecessor-version":[{"id":10470,"href":"https:\/\/foerderverein-theatersommer.net\/archiv\/wp-json\/wp\/v2\/pages\/7189\/revisions\/10470"}],"up":[{"embeddable":true,"href":"https:\/\/foerderverein-theatersommer.net\/archiv\/wp-json\/wp\/v2\/pages\/1585"}],"wp:featuredmedia":[{"embeddable":true,"href":"https:\/\/foerderverein-theatersommer.net\/archiv\/wp-json\/wp\/v2\/media\/9953"}],"wp:attachment":[{"href":"https:\/\/foerderverein-theatersommer.net\/archiv\/wp-json\/wp\/v2\/media?parent=7189"}],"curies":[{"name":"wp","href":"https:\/\/api.w.org\/{rel}","templated":true}]}}