{"id":8684,"date":"2017-09-29T09:48:49","date_gmt":"2017-09-29T09:48:49","guid":{"rendered":"http:\/\/foerderverein-theatersommer.net\/archiv\/?page_id=8684"},"modified":"2024-05-02T15:15:31","modified_gmt":"2024-05-02T15:15:31","slug":"2017-gertrude-die-steine-des-anstosses","status":"publish","type":"page","link":"https:\/\/foerderverein-theatersommer.net\/archiv\/spielplan\/ab-2010\/2017-gertrude-die-steine-des-anstosses\/","title":{"rendered":"<br\/>2017 &#8211; Gertrude &#038; Die Steine des Ansto\u00dfes<br\/><br\/>"},"content":{"rendered":"<p><span style=\"font-size: 18pt;\"><strong>GERTRUDE &amp; die Steine des Ansto\u00dfes<\/strong><\/span><br \/>\nfrei nach Motiven und Texten von Gertrude Stein<br \/>\n<span style=\"font-size: 10pt;\">F\u00fcr den Theatersommer dramaturgisch und szenisch eingerichtet von Peter Kratz<\/span><\/p>\n<p><span style=\"font-size: 24pt;\"><strong>KUBISMUS MEETS DADA\u00a0<\/strong><\/span><\/p>\n<p>INSZENIERUNG: Peter Kratz<br \/>\nKOST\u00dcME: Laura Yoro<br \/>\nMIT:\u00a0 Anja Barth, Nina Maria F\u00f6hr, Laura Locher\u00a0<\/p>\n<p><span style=\"font-size: 14pt;\"><strong>KONZEPTION<\/strong><\/span><br \/>\nDa: Dada war da! <em>Familie Dada im Urlaut-Wald<\/em>\u00a0wurde der \u00dcberraschungserfolg der Spielzeit 2016. Die gen\u00fcsslich komprimierte, eigens f\u00fcr die Rondellb\u00fchne eingerichtete schr\u00e4ge R\u00fcckschau zum 100. Weltgeburtstag von Dada bekommt nun eine erlesene, artgerechte Begleitung. Zusammen mit dem neuen St\u00fcck\u00a0<em>Gertrude &amp; Die Steine des Ansto\u00dfes<\/em>\u00a0ist ein ausgewachsenes kubistisch-dadaistisches Abendprogramm herangereift. Was soviel bedeutet wie: Legen Sie Ihr Geld in Dada an, investieren Sie Ihre Zeit kubistisch. Kaufen Sie Eintrittskarten, bevor es zu sp\u00e4t ist. Ihr Zwerchfell wird es Ihnen danken!<\/p>\n<p>Ein Fest f\u00fcr Erwachsene, die lachen k\u00f6nnen wie Kinder. Eine Welt voller Parabeln \u00fcber die ewige Selbstfindung des Wesens Mensch. Reime, Balladen, Et\u00fcden und surreale Szenen. So entspinnt sich ein Spiel mit Wiederholungen, Assoziationen von Musik, Ger\u00e4uschen und Sinneswahrnehmungen. Frech und faszinierend, \u00fcberraschend und komisch hinterfragt es unsere Vorstellungen von Sprache, Realit\u00e4t und Identit\u00e4t, spart aber nicht an befreiender Aufl\u00f6sung. Musikalisch erg\u00e4nzt wird die Dada-Reise durch die literarisch-theatralische Minimal-Art Gertrude Steins von charmant eingedeutschten Chansons d\u2018Amour, die augenzwinkernd von der ewigen Sehnsucht nach Liebe in ihrer Wahlheimat Paris erz\u00e4hlen.<\/p>\n<p>Gertrude Stein gilt als freche Mutter der Avantgarde und avancierte bereits zu Lebzeiten zur Kultfigur. In ihrem Salon gaben sich Hemingway, Matisse, Picasso, Man Ray, Scott Fitzgerald und Thomas Eliot die Klinke in die Hand. Steins Sicht auf die Sprache ist Kubismus in reinster Form \u2013 dazu passt ihre enge Freundschaft mit Picasso. Wie der Kubismus in der Malerei, so wollte Gertrude Stein mit ihren Sprachexperimenten \u201edie Steine ansto\u00dfen\u201c und eine neue, revolution\u00e4re Denkordnung erschaffen. Sie wollte das Wort von jeglicher Last der Bedeutung befreien.<\/p>\n<p><span style=\"font-size: 14pt;\"><strong>PRESSESTIMMEN<\/strong><\/span><br \/>\n<strong>Wilde Revue<\/strong><br \/>\n\u201eUnd auf der kleinen B\u00fchne direkt vor den Besuchern feiert der neueste Streich des kreativen Intendanten seine Urauff\u00fchrung. \u201eGertrude &amp; die Steine des Ansto\u00dfes\u201c nennt er seine wilde Revue \u00fcber die Salonl\u00f6win, Literatin, Muse und Mutter der Avantgarde, Gertrude Stein.<\/p>\n<p>Dazu hat Peter Kratz die Dame respektlos in drei Pers\u00f6nlichkeiten zerlegt, die in einen mehr als am\u00fcsanten und interessanten Diskurs treten. S\u00e4tze aus Gertrude Steins Werk werden zitiert, die das Ringen der drei Personen um eine profilierte Pers\u00f6nlichkeit, ja, um den Sinn des Daseins, unterst\u00fctzen. Da f\u00e4llt dann nat\u00fcrlich auch der ber\u00fchmte Satz \u201eRose is a rose is a rose\u201c. Mal konkret, mal aber auch surreal sind die Szenen, die die drei\u00a0Schauspielerinnen auf der kleinen B\u00fchne pr\u00e4sentieren. Der geniale Kick der Dramaturgie von Kratz ist, dass er die drei Personen, in die er seine Gertrude aufspaltet, als Gertrudes Ego in der Jugend, im Alter und in der Mitte des Lebens anlegt. Die spannenden Gespr\u00e4che und Monologe zeigen so Konstanz und Wandlung einer Pers\u00f6nlichkeit, w\u00e4hrend Gertrude Stein dies als Portr\u00e4t auf der B\u00fchne stehend verfolgt und wom\u00f6glich auch eint.(&#8230;)\u201c\u00a0\u2013 Ludwigsburger Kreiszeitung \u2013<\/p>\n<p><strong>Assoziatives Sprachlustspiel<\/strong> <br \/>\n\u201eWer Gertrude Stein war und was sie mit ihrer Poesie wollte, ergr\u00fcndet der Regisseur Peter Kratz in seinem assoziativen Sprachlustspiel (\u2026). Es ist ungeheuer komisch, den Dreien dabei zuzuh\u00f6ren, wie sie durch die Missachtung herk\u00f6mmlicher Interpunktion den Sinn von S\u00e4tzen entstellen. (\u2026)\u201c \u2013 Stuttgarter Zeitung \u2013<\/p>\n<p><strong>Nicht blo\u00df lustiger Unfug<\/strong><br \/>\n\u201e(\u2026) Gertrude tritt nicht auf, ist nur im besagten Picasso-Gem\u00e4lde pr\u00e4sent. Ihre Ideen werden von drei Frauen vertreten, die zusammengenommen das Wesens Gertrudes ausmachen. (\u2026) Aber Dada ist nicht blo\u00df lustiger Unfug, sondern eine Revolte gegen die Macht der Konvention.\u201c \u2013 Stuttgarter Nachrichten \u2013<\/p>\n<p><a class=\"fancybox\" href=\"http:\/\/foerderverein-theatersommer.net\/archiv\/wp-content\/uploads\/1.-Gertrude-Gruppenbild-mit-Stein-und-Pudel.jpg\"><img loading=\"lazy\" decoding=\"async\" class=\"alignleft wp-image-8672 size-thumbnail\" title=\"Gertrude Gruppenbild mit Stein und Pudel (Thelma\/N.M. Foehr, Rose\/L. Locher, Emily\/A. Barth) - ThS 2017 - Foto: \u00a9 by Robert Crassie\" src=\"http:\/\/foerderverein-theatersommer.net\/archiv\/wp-content\/uploads\/1.-Gertrude-Gruppenbild-mit-Stein-und-Pudel-175x175.jpg\" alt=\"Gertrude Gruppenbild mit Stein und Pudel\" width=\"175\" height=\"175\" \/><\/a><a class=\"fancybox\" href=\"http:\/\/foerderverein-theatersommer.net\/archiv\/wp-content\/uploads\/2.-Looking-at-Thelma.jpg\"><img loading=\"lazy\" decoding=\"async\" class=\"alignleft size-thumbnail wp-image-8673\" title=\"Looking at Thelma (Emily\/A. Barth, Rose\/L. Locher, Thelma\/N.M. Foehr) - ThS 2017 - \u00a9Foto by R. Crassie\" src=\"http:\/\/foerderverein-theatersommer.net\/archiv\/wp-content\/uploads\/2.-Looking-at-Thelma-175x175.jpg\" alt=\"Looking at Thelma\" width=\"175\" height=\"175\" \/><\/a><a class=\"fancybox\" href=\"http:\/\/foerderverein-theatersommer.net\/archiv\/wp-content\/uploads\/3.-What-is-milk-oder-Rose-soll-l\u00e4cheln.jpg\"><img loading=\"lazy\" decoding=\"async\" class=\"alignleft size-thumbnail wp-image-8674\" title=\"What is milk? Rose soll l\u00e4cheln (Thelma\/N.M. Foehr, Rose\/L. Locher, Emily\/A. Barth) - ThS 2017 - Foto: \u00a9 by Robert Crassie)\" src=\"http:\/\/foerderverein-theatersommer.net\/archiv\/wp-content\/uploads\/3.-What-is-milk-oder-Rose-soll-l\u00e4cheln-175x175.jpg\" alt=\"Rose soll l\u00e4cheln\" width=\"175\" height=\"175\" \/><\/a><a class=\"fancybox\" href=\"http:\/\/foerderverein-theatersommer.net\/archiv\/wp-content\/uploads\/Gertrude-ThelmaN.M.-Foehr-ThS-2017-Foto@by-Crassie.jpg\"><img loading=\"lazy\" decoding=\"async\" class=\"alignleft size-thumbnail wp-image-8675\" title=\"Gertrude (Thelma\/N.M. Foehr) - ThS 2017 - Foto@by Crassie\" src=\"http:\/\/foerderverein-theatersommer.net\/archiv\/wp-content\/uploads\/Gertrude-ThelmaN.M.-Foehr-ThS-2017-Foto@by-Crassie-175x175.jpg\" alt=\"Gertrude\" width=\"175\" height=\"175\" \/><\/a><a class=\"fancybox\" href=\"http:\/\/foerderverein-theatersommer.net\/archiv\/wp-content\/uploads\/Gertrude-EmilyA.-Barth-ThS-2017-Foto@by-Crassie.jpg\"><img loading=\"lazy\" decoding=\"async\" class=\"alignleft size-thumbnail wp-image-8677\" title=\"Gertrude (Emily\/A. Barth) - ThS 2017 - Foto@by Crassie\" src=\"http:\/\/foerderverein-theatersommer.net\/archiv\/wp-content\/uploads\/Gertrude-EmilyA.-Barth-ThS-2017-Foto@by-Crassie-175x175.jpg\" alt=\"Emily\" width=\"175\" height=\"175\" \/><\/a><a class=\"fancybox\" href=\"http:\/\/foerderverein-theatersommer.net\/archiv\/wp-content\/uploads\/Gertrude-Rose-L.-Locher-EmilyA.-Barth-ThelmaN.M.-Foehr-ThS-2017-Foto@by-Crassie.jpg\"><img loading=\"lazy\" decoding=\"async\" class=\"alignleft size-thumbnail wp-image-8676\" title=\"Gertrude (Thelma\/N.M. Foehr, Rose\/L. Locher, Emily\/A. Barth) - ThS 2017 - Foto@by Crassie\" src=\"http:\/\/foerderverein-theatersommer.net\/archiv\/wp-content\/uploads\/Gertrude-Rose-L.-Locher-EmilyA.-Barth-ThelmaN.M.-Foehr-ThS-2017-Foto@by-Crassie-175x175.jpg\" alt=\"Gerturde\" width=\"175\" height=\"175\" \/><\/a><\/p>\n<p>&nbsp;<\/p>\n<p>&nbsp;<\/p>\n<p>&nbsp;<\/p>\n<p>&nbsp;<\/p>\n<p><span style=\"font-size: 8pt;\">Bildvergr\u00f6\u00dferung: Foto anklicken und \u00fcber re\/li Pfeil weiter<\/span><\/p>\n<p>&nbsp;<\/p>\n<p>ZUSCHAUERZAHLEN<br \/>\n2017: \u00a0 753\u00a0Besucher\u00a0<\/p>\n<p><span style=\"font-size: 14pt; color: #339966;\"><strong><span style=\"text-decoration: underline;\"><a style=\"color: #339966; text-decoration: underline;\" title=\"2017 \u2013 Pension Sch\u00f6ller \u2013 ein K\u00e4fig voller Narren?\" href=\"http:\/\/foerderverein-theatersommer.net\/archiv\/spielplan\/ab-2010\/2017-pension-schoeller-ein-kaefig-voller-narren\/\">N\u00e4chstes St\u00fcck<\/a><\/span><\/strong><\/span><\/p>\n","protected":false},"excerpt":{"rendered":"<p>GERTRUDE &amp; die Steine des Ansto\u00dfes frei nach Motiven und Texten von Gertrude Stein F\u00fcr den Theatersommer dramaturgisch und szenisch&#8230; <span class=\"read-more\"><a href=\"https:\/\/foerderverein-theatersommer.net\/archiv\/spielplan\/ab-2010\/2017-gertrude-die-steine-des-anstosses\/\" class=\"button button-darkgray small\"> Continue Reading &rarr; <\/a><\/span><\/p>\n","protected":false},"author":3,"featured_media":10143,"parent":1585,"menu_order":8,"comment_status":"closed","ping_status":"open","template":"","meta":{"footnotes":""},"_links":{"self":[{"href":"https:\/\/foerderverein-theatersommer.net\/archiv\/wp-json\/wp\/v2\/pages\/8684"}],"collection":[{"href":"https:\/\/foerderverein-theatersommer.net\/archiv\/wp-json\/wp\/v2\/pages"}],"about":[{"href":"https:\/\/foerderverein-theatersommer.net\/archiv\/wp-json\/wp\/v2\/types\/page"}],"author":[{"embeddable":true,"href":"https:\/\/foerderverein-theatersommer.net\/archiv\/wp-json\/wp\/v2\/users\/3"}],"replies":[{"embeddable":true,"href":"https:\/\/foerderverein-theatersommer.net\/archiv\/wp-json\/wp\/v2\/comments?post=8684"}],"version-history":[{"count":13,"href":"https:\/\/foerderverein-theatersommer.net\/archiv\/wp-json\/wp\/v2\/pages\/8684\/revisions"}],"predecessor-version":[{"id":10475,"href":"https:\/\/foerderverein-theatersommer.net\/archiv\/wp-json\/wp\/v2\/pages\/8684\/revisions\/10475"}],"up":[{"embeddable":true,"href":"https:\/\/foerderverein-theatersommer.net\/archiv\/wp-json\/wp\/v2\/pages\/1585"}],"wp:featuredmedia":[{"embeddable":true,"href":"https:\/\/foerderverein-theatersommer.net\/archiv\/wp-json\/wp\/v2\/media\/10143"}],"wp:attachment":[{"href":"https:\/\/foerderverein-theatersommer.net\/archiv\/wp-json\/wp\/v2\/media?parent=8684"}],"curies":[{"name":"wp","href":"https:\/\/api.w.org\/{rel}","templated":true}]}}