{"id":8695,"date":"2017-09-29T10:27:15","date_gmt":"2017-09-29T10:27:15","guid":{"rendered":"http:\/\/foerderverein-theatersommer.net\/archiv\/?page_id=8695"},"modified":"2024-05-02T15:16:03","modified_gmt":"2024-05-02T15:16:03","slug":"2017-pension-schoeller-ein-kaefig-voller-narren","status":"publish","type":"page","link":"https:\/\/foerderverein-theatersommer.net\/archiv\/spielplan\/ab-2010\/2017-pension-schoeller-ein-kaefig-voller-narren\/","title":{"rendered":"<br\/>2017 &#8211; Pension Sch\u00f6ller \u2013 ein K\u00e4fig voller Narren?<br\/><br\/>"},"content":{"rendered":"<p><span style=\"font-size: 18pt;\"><strong>PENSION SCH\u00d6LLER<\/strong><\/span><br \/>\nfrei nach Wilhelm Jacoby und Carl Laufs<br \/>\n<span style=\"font-size: 10pt;\">F\u00fcr den Theatersommer dramaturgisch und szenisch eingerichtet von Christiane Wolff<\/span><\/p>\n<p><span style=\"font-size: 24pt;\"><strong>Ein gelungenes St\u00fcck Selbstbetrachtung<\/strong><\/span><\/p>\n<p>INSZENIERUNG:\u00a0Christiane Wolff<br \/>\nKOST\u00dcME:\u00a0Katharina M\u00fcller<br \/>\nMIT:\u00a0Rainer Appel,\u00a0Diana Gantner, Claudia Grottke, Philipp Leenders, Frank Watzke<\/p>\n<p><span style=\"font-size: 14pt;\"><strong>KONZEPTION<\/strong><\/span><br \/>\nDer Schwank im Aufschwung: Einst waren Kom\u00f6dien wie <em>Pension Sch\u00f6ller<\/em>\u00a0ebenso pr\u00e4sent wie popul\u00e4r, bevor sie zu Zeiten des kritischen Theaters in Ungnade fielen. Doch die Ber\u00fchrungs\u00e4ngste scheinen Vergangenheit. Nach Zwischenlandungen auf der Kinoleinwand erobert sich die klassische Klamotte mit Genuss ihre B\u00fchne zur\u00fcck. Das alte Erfolgsst\u00fcck\u00a0<em>Pension Sch\u00f6ller<\/em>\u00a0wurde nicht weniger als neun Mal verfilmt \u2013 unter anderem mit Willy Millowitsch und Harald Juhnke \u2013 , es wartete f\u00f6rmlich auf sein Revival der besonderen Art.<\/p>\n<p>Nun kommt dieser Riesenspa\u00df typisch verdichtet, frech und leidenschaftlich aufgefrischt im lockeren Gewand auf die Bretter des Theatersommers und setzt \u00fcberraschend neue Akzente. Wie verr\u00fcckt ist es eigentlich, vom Leben begeistert zu sein, Phantasie, Humor und Tr\u00e4ume zu haben? Anders zu sein als manche Menschen, die in ihrem grauen Alltag stecken, ist das schon verr\u00fcckt? Zugegeben, wahnsinnige Begeisterung erzielt bisweilen schr\u00e4ge Wirkungen und l\u00f6st bei \u201evern\u00fcnftigen\u201c Zeitgenossen auch Abwehrreaktionen aus. Aber sollten wir nicht alle von Zeit zu Zeit ein bisschen wahnsinnig sein? Das kann irre Spa\u00df machen! Wie langweilig w\u00e4re es, wenn niemand ein klein wenig verr\u00fcckt w\u00e4re! W\u00e4hrend sich nun trefflich streiten l\u00e4sst \u00fcber die Grenzlinien zwischen dem normalen und dem \u201eVer-r\u00fcckten\u201c, bleibt eines klar: Ohne einen kleinen Schuss sch\u00f6pferischen Wahnsinn und eine gro\u00dfe Portion Humor w\u00e4re das Leben nur witzlos, unertr\u00e4glich und meist entsetzlich gleichf\u00f6rmig. In\u00a0<em>Pension Sch\u00f6ller<\/em>\u00a0entsteht fast nebenbei aus allen Witzen und Pointen ein h\u00f6chst anregendes Geflecht genussvoller Hoppla-Fragen \u00fcber uns selbst und das Leben an sich.<\/p>\n<p><span style=\"font-size: 14pt;\"><strong>PRESSESTIMMEN<\/strong><\/span><br \/>\n<strong>Ganz neue Facetten des Humors<\/strong><br \/>\n\u201eWie immer im August gibt es einen Paukenschlag, ein St\u00fcck, das die Zuschauer begeistern kann. Christiane Wolff hat \u201ePension Sch\u00f6ller\u201c nach Theatersommer-Tradition neu frisiert, hat ihre eigene Fassung geschrieben und das ist ihr auch gut gelungen. (\u2026) In ihrer Inszenierung hat sie sehr viel Mut bewiesen, aber dieser hat sich gelohnt, weil so eine eigenst\u00e4ndige Fassung der ollen Klamotte entstanden ist, die ganz neue Facetten des Humors, sehr klug hineinbringt und die Inszenierung so weit weg von der \u00fcblichen Schenkelklatsch-Orgie h\u00e4lt. (\u2026) Sie folgt der Intuition, dass das St\u00fcck vor allem von seinen Schauspielern lebt, ihnen auch Raum gibt f\u00fcr ein sehr ausgelassenes Spiel. (\u2026) \u2013 Ludwigsburger Kreiszeitung \u2013<\/p>\n<p><strong>Schr\u00e4ge Dialoge<\/strong><br \/>\n\u201eSchr\u00e4ge Dialoge machen das St\u00fcck am\u00fcsant. Dem Zuschauer kann es in diesem St\u00fcck nicht langweilig werden. Es l\u00e4sst einen feststellen, dass die Grenzen zwischen Wahnsinn und Vernunft nicht immer offensichtlich sind.\u201c \u2013 Bietigheimer Zeitung \u2013<\/p>\n<p><strong>Kluge Kunstkritik<\/strong><br \/>\n\u201eEigentlich h\u00e4tte die Pose aus dem Jahr 1890 mit ihrer selbstreferenziellen Metaebene durchaus das Zeug zur cleveren Kunst \u2013 und Gesellschaftskritik. Und in ihren besten Momenten ist Christiane Wolffs Inszenierung genau das: kluge Kunstkritik, die mit Klischees spielt, ohne sich dabei selbst zu ernst zu nehmen.\u201c \u2013 Stuttgarter Nachrichten \u2013<\/p>\n<p><strong>Ein gelungenes St\u00fcck Selbstbetrachtung<\/strong><br \/>\n\u201eVerhaltensweisen und Rituale der K\u00fcnstlergemeinde werden aufgedeckt um sie anschlie\u00dfend ihrer eigenen Skurrilit\u00e4t preiszugeben. Wenn die Schundautorin Josefine Freifrau von Zetterstr\u00f6m (Diana Gantner) zum Beispiel mit aufgeregtem Quitschen die leeren Worth\u00fclsen der Kitschliteratur aufs Korn nimmt oder sich der M\u00f6chtergernschauspieler Eugen R\u00fcmpel (Frank Watzke) trotz Sprachfehler umbeirrt von einer Rolle in die n\u00e4chste st\u00fcrzt und so den k\u00fcnstlerischen Darstellungsdrang auf herrlich komische Weise ad absurdum f\u00fchrt, dann entlarvt die Kom\u00f6die ihre Kom\u00f6dianten \u2013 ein gelungenes St\u00fcck Selbstbetrachtung.\u201c \u2013 Stuttgarter Zeitung \u2013<\/p>\n<p><a class=\"fancybox\" href=\"http:\/\/foerderverein-theatersommer.net\/archiv\/wp-content\/uploads\/1.-Pension-Sch\u00f6ller\u00a9ThS-by-Crassie-1.jpg\"><img loading=\"lazy\" decoding=\"async\" class=\"alignleft wp-image-8672 size-thumbnail\" title=\"Pension Sch\u00f6ller (Ensemble) - ThS 2017 - Foto: \u00a9 by Robert Crassie\" src=\"http:\/\/foerderverein-theatersommer.net\/archiv\/wp-content\/uploads\/1.-Pension-Sch\u00f6ller\u00a9ThS-by-Crassie-1-175x175.jpg\" alt=\"Pension Sch\u00f6ller\" width=\"175\" height=\"175\" \/><\/a><a class=\"fancybox\" href=\"http:\/\/foerderverein-theatersommer.net\/archiv\/wp-content\/uploads\/2.-Pension-Sch\u00f6ller\u00a9ThS-by-Crassie-1.jpg\"><img loading=\"lazy\" decoding=\"async\" class=\"alignleft size-thumbnail wp-image-8673\" title=\"Pension Sch\u00f6ller (D. Gantner, F. Watzke) - ThS 2017 - Foto: \u00a9 by Robert Crassie\" src=\"http:\/\/foerderverein-theatersommer.net\/archiv\/wp-content\/uploads\/2.-Pension-Sch\u00f6ller\u00a9ThS-by-Crassie-1-175x175.jpg\" alt=\"Pension Sch\u00f6ller\" width=\"175\" height=\"175\" \/><\/a><a class=\"fancybox\" href=\"http:\/\/foerderverein-theatersommer.net\/archiv\/wp-content\/uploads\/3.Pension-Sch\u00f6ller-\u00a9ThS-by-Crassie-1.jpg\"><img loading=\"lazy\" decoding=\"async\" class=\"alignleft size-thumbnail wp-image-8674\" title=\"Pension Sch\u00f6ller (P. Leenders, R. Appel, C. Grottke) - ThS 2017 - Foto: \u00a9 by Robert Crassie\" src=\"http:\/\/foerderverein-theatersommer.net\/archiv\/wp-content\/uploads\/3.Pension-Sch\u00f6ller-\u00a9ThS-by-Crassie-1-175x175.jpg\" alt=\"Pension Sch\u00f6ller\" width=\"175\" height=\"175\" \/><\/a><a class=\"fancybox\" href=\"http:\/\/foerderverein-theatersommer.net\/archiv\/wp-content\/uploads\/4.-Pension-Sch\u00f6ller-\u00a9ThS-by-Crassie-1.jpg\"><img loading=\"lazy\" decoding=\"async\" class=\"alignleft size-thumbnail wp-image-8675\" title=\"Pension Sch\u00f6ller (C. Grottke, P. Leenders, R. Appel) - ThS 2017 - Foto: \u00a9 by Robert Crassie\" src=\"http:\/\/foerderverein-theatersommer.net\/archiv\/wp-content\/uploads\/4.-Pension-Sch\u00f6ller-\u00a9ThS-by-Crassie-1-175x175.jpg\" alt=\"Pension Sch\u00f6ller\" width=\"175\" height=\"175\" \/><\/a><a class=\"fancybox\" href=\"http:\/\/foerderverein-theatersommer.net\/archiv\/wp-content\/uploads\/7.-Pension-Sch\u00f6ller-\u00a9ThS-by-Crassie-1.jpg\"><img loading=\"lazy\" decoding=\"async\" class=\"alignleft size-thumbnail wp-image-8677\" title=\"Pension Sch\u00f6ller (C. Grottke, P. Leenders) - ThS 2017 - Foto: \u00a9 by Robert Crassie\" src=\"http:\/\/foerderverein-theatersommer.net\/archiv\/wp-content\/uploads\/7.-Pension-Sch\u00f6ller-\u00a9ThS-by-Crassie-1-175x175.jpg\" alt=\"Pension Sch\u00f6ller\" width=\"175\" height=\"175\" \/><\/a><a class=\"fancybox\" href=\"http:\/\/foerderverein-theatersommer.net\/archiv\/wp-content\/uploads\/8.-Pension-Sch\u00f6ller-\u00a9ThS-by-Crassie-1.jpg\"><img loading=\"lazy\" decoding=\"async\" class=\"alignleft size-thumbnail wp-image-8676\" title=\"Pension Sch\u00f6ller (P. Leenders, C. Grottke) - ThS 2017 - Foto: \u00a9 by Robert Crassie\" src=\"http:\/\/foerderverein-theatersommer.net\/archiv\/wp-content\/uploads\/8.-Pension-Sch\u00f6ller-\u00a9ThS-by-Crassie-1-175x175.jpg\" alt=\"Pension Sch\u00f6ller\" width=\"175\" height=\"175\" \/><\/a><\/p>\n<p>&nbsp;<\/p>\n<p>&nbsp;<\/p>\n<p>&nbsp;<\/p>\n<p>&nbsp;<\/p>\n<p><span style=\"font-size: 8pt;\">Bildvergr\u00f6\u00dferung: Foto anklicken und \u00fcber re\/li Pfeil weiter<\/span><\/p>\n<p>&nbsp;<\/p>\n<p><span style=\"font-size: 14pt;\"><strong>ZUSCHAUERZAHLEN<\/strong><\/span><br \/>\n2017: 3.669 Besucher\u00a0<\/p>\n<p>&nbsp;<\/p>\n<p><span style=\"text-decoration: underline; color: #339966;\"><span style=\"font-size: 14pt;\"><a style=\"color: #339966;\" title=\"2017 \u2013 Pension Sch\u00f6ller \u2013 ein K\u00e4fig voller Narren?\" href=\"http:\/\/foerderverein-theatersommer.net\/archiv\/spielplan\/ab-2010\/2018-faust\/\"><strong>N\u00e4chstes St\u00fcck<\/strong><\/a><\/span><\/span><\/p>\n","protected":false},"excerpt":{"rendered":"<p>PENSION SCH\u00d6LLER frei nach Wilhelm Jacoby und Carl Laufs F\u00fcr den Theatersommer dramaturgisch und szenisch eingerichtet von Christiane Wolff Ein&#8230; <span class=\"read-more\"><a href=\"https:\/\/foerderverein-theatersommer.net\/archiv\/spielplan\/ab-2010\/2017-pension-schoeller-ein-kaefig-voller-narren\/\" class=\"button button-darkgray small\"> Continue Reading &rarr; <\/a><\/span><\/p>\n","protected":false},"author":3,"featured_media":10160,"parent":1585,"menu_order":10,"comment_status":"closed","ping_status":"open","template":"","meta":{"footnotes":""},"_links":{"self":[{"href":"https:\/\/foerderverein-theatersommer.net\/archiv\/wp-json\/wp\/v2\/pages\/8695"}],"collection":[{"href":"https:\/\/foerderverein-theatersommer.net\/archiv\/wp-json\/wp\/v2\/pages"}],"about":[{"href":"https:\/\/foerderverein-theatersommer.net\/archiv\/wp-json\/wp\/v2\/types\/page"}],"author":[{"embeddable":true,"href":"https:\/\/foerderverein-theatersommer.net\/archiv\/wp-json\/wp\/v2\/users\/3"}],"replies":[{"embeddable":true,"href":"https:\/\/foerderverein-theatersommer.net\/archiv\/wp-json\/wp\/v2\/comments?post=8695"}],"version-history":[{"count":12,"href":"https:\/\/foerderverein-theatersommer.net\/archiv\/wp-json\/wp\/v2\/pages\/8695\/revisions"}],"predecessor-version":[{"id":10164,"href":"https:\/\/foerderverein-theatersommer.net\/archiv\/wp-json\/wp\/v2\/pages\/8695\/revisions\/10164"}],"up":[{"embeddable":true,"href":"https:\/\/foerderverein-theatersommer.net\/archiv\/wp-json\/wp\/v2\/pages\/1585"}],"wp:featuredmedia":[{"embeddable":true,"href":"https:\/\/foerderverein-theatersommer.net\/archiv\/wp-json\/wp\/v2\/media\/10160"}],"wp:attachment":[{"href":"https:\/\/foerderverein-theatersommer.net\/archiv\/wp-json\/wp\/v2\/media?parent=8695"}],"curies":[{"name":"wp","href":"https:\/\/api.w.org\/{rel}","templated":true}]}}