{"id":8726,"date":"2020-01-15T11:21:48","date_gmt":"2020-01-15T11:21:48","guid":{"rendered":"http:\/\/foerderverein-theatersommer.net\/archiv\/?page_id=8726"},"modified":"2024-04-16T13:43:44","modified_gmt":"2024-04-16T13:43:44","slug":"2019-how-to-date-a-feminist","status":"publish","type":"page","link":"https:\/\/foerderverein-theatersommer.net\/archiv\/spielplan\/ab-2010\/2019-how-to-date-a-feminist\/","title":{"rendered":"<br\/>2019 &#8211; How to date a feminist<br\/><br\/>"},"content":{"rendered":"<p><span style=\"font-size: 18pt;\"><strong>HOW TO DATE A FEMINIST<\/strong><\/span><br \/>\nvon Samantha Ellis \/ Deutsch von Silke Pfeiffer<\/p>\n<h3><span style=\"font-size: 24pt;\">Eine rasante Kom\u00f6die! <br \/>\n<span style=\"font-size: 18pt;\">&#8211; Der Off-Westend Hit aus London &#8211;<\/span><\/span><\/h3>\n<p>INSZENIERUNG: Peter Kratz<br \/>\nB\u00dcHNE: Enno Craiss<br \/>\nREGIEASSISTENZ:\u00a0Ruth S\u00fcpple<br \/>\nKOST\u00dcME: Penelope Co\u00e7ar<br \/>\nMIT:\u00a0Bernadette Hug, Bernhard Linke<\/p>\n<p><span style=\"font-size: 14pt;\"><strong>KONZEPTION\/INHALT<\/strong><\/span><br \/>\nWas haben Frauen und M\u00e4nner gemeinsam? Beide reden liebend gern \u00fcber \u201eFrauen und M\u00e4nner\u201c, oft genug geht es dabei hei\u00df her. Aufs Stichwort n\u00e4mlich l\u00e4uft im m\u00e4nnlichen wie im weiblichen Kopfkino der Thriller \u201eTypisch Mann, typisch Frau\u201c sowie dessen beliebter Teil 2, \u201eTypisch Beziehung\u201c.<\/p>\n<p>Ein abendf\u00fcllendes Thema, voller Emotionen \u2013 und voller Rollenbilder, die weitere Emotionen ausl\u00f6sen: Kettenreaktion! Minenfeld! Sind wir wirklich schon bei der Gleichberechtigung angekommen? Viele Frauen sagen nein. So mag der Weg zum guten Miteinander der Geschlechter vorgezeichnet sein, frei von Turbulenzen ist er noch lange nicht. Inmitten der Wirrungen w\u00e4chst jedoch durchaus Hoffnung \u2026<\/p>\n<p>Die britische Dramatikerin Samantha Ellis hat all dies fein beobachtet und zu rasanten Dialogen verschn\u00fcrt, die ihren paarig angeordneten Hauptfiguren scharf von der Zunge gehen \u2013 und ordentlich unter die Haut. Bis sie hoffentlich herausfinden, was sie wollen: von sich selbst und vom Leben. Samantha Ellis hat sich vor allem als Autorin von Theaterst\u00fccken und H\u00f6rspielen einen Namen gemacht. Ihr Erfolgsst\u00fcck <em>How to date a Feminist<\/em>, in England bereits Kult, hatte erst vor Kurzem Deutschland-Premiere. Im Theatersommer konnte es durchstarten und entwickelte sich zum Dauerbrenner.<\/p>\n<p><span style=\"font-size: 14pt;\"><strong>PRESSESTIMMEN<\/strong><\/span><br \/>\n<strong>Neue Nuancen und Facetten<br \/>\n<\/strong>\u201eUnd einmal mehr hat es Intendant und Regisseur Peter Kratz geschafft, die Zuschauer zu \u00fcberraschen und dem Theatersommer wieder neue Nuancen und Facetten hinzuzuf\u00fcgen. Das ist weiterhin das Erfolgsrezept f\u00fcr die langj\u00e4hrige Intendanz: Dass es immer wieder gelingt, sich neu \u00a0zu erfinden, neue Blickwinkel aufzutun. (\u2026) Was vom Thema her durchaus boulevardesk sein k\u00f6nnte, wird so zu einem schr\u00e4gen Kost\u00fcmst\u00fcck, das mit viel Fantasie und Kreativit\u00e4t Vergn\u00fcgen bereitet. Ein wenig trashig, ein wenig abgedreht und doch lebensnah. (\u2026) Der Abend w\u00e4re nicht so erfolgreich, wenn nicht die beiden Darsteller Bernadette Hug und Bernhard Linke w\u00e4ren. Erst durch ihr ausgereiftes, mitrei\u00dfendes Spiel wird die Story zu der, die den Zuschauer anspricht. Rampens\u00e4ue nennt man das im Theaterjargon, von h\u00f6chster G\u00fcte eben.\u201c &#8211;\u00a0Ludwigsburger Kreiszeitung &#8211;<\/p>\n<p><strong>Der Abend macht Spa\u00df<br \/>\n<\/strong>\u201eEs gendert m\u00e4chtig in der Kom\u00f6die.\u00a0Auf der B\u00fchne reichen als Requisiten ein paar W\u00e4nde mit dem Titel des St\u00fccks in riesigen Buchstaben.\u00a0Laufend wechseln Hug und Linke Rollen und Kost\u00fcme (\u2026) Bernadette Hug mimt wunderbar witzig die h\u00f6chst gesellschaftskritische Mutter, die mit roten Haaren und kratzigem Wollpulli eine Art Alternativtanz vollf\u00fchrt. Der\u00a0Abend macht Spa\u00df. Das liegt zum einen an der Inszenierung von Peter Kratz mit vielen Regieideen, einer sehr gelungenen Untermalung des B\u00fchnengeschehens mit Popmusik-Ohrw\u00fcrmern und viel K\u00f6rpertheater.\u201c &#8211; Stuttgarter Zeitung &#8211;<\/p>\n<p><strong>Ein Vergn\u00fcgen &#8230;<br \/>\n<\/strong>\u201e\u2026den beiden Akteuren zuzuschauen. Bernhard Linke gie\u00dft das \u00dcbervorsichtige und leicht Verklemmte Steves in ad\u00e4quate Bewegungen, und Bernadette Hug, ein Energieb\u00fcndel, spielt sehr wandlungsf\u00e4hig Kate, Steves feministische Ex-Freundin Carina und seine friedensbewegte Mutter: Die Frauen sind in diesem St\u00fcck die Starken, Hug zeigt das ganz deutlich.\u201c &#8211; Stuttgarter Nachrichten &#8211;<\/p>\n<p><strong>Verwilderter Beziehungsgarten<br \/>\n<\/strong>\u201eDas St\u00fcck lebt von der Frische des Schauspieler-Duos Bernadette Hug und Bernhard Linke. (\u2026) Es gelingt ihnen im verwirrenden Dschungel der Rollenbilder authentisch zu sein.&#8220; &#8211;\u00a0Bietigheimer Zeitung &#8211;<\/p>\n<p><a class=\"fancybox\" href=\"http:\/\/foerderverein-theatersommer.net\/archiv\/wp-content\/uploads\/1.-How-to-date-a-Feminist-Robin-Hood-und-Wonder-Woman\u00a9ThS-by-Crassie.jpg\"><img loading=\"lazy\" decoding=\"async\" class=\" size-thumbnail wp-image-8672 alignleft\" title=\"Robin Hood und Wonder Woman\" src=\"http:\/\/foerderverein-theatersommer.net\/archiv\/wp-content\/uploads\/1.-How-to-date-a-Feminist-Robin-Hood-und-Wonder-Woman\u00a9ThS-by-Crassie-175x175.jpg\" alt=\"1.-How-to-date-a-Feminist-Robin-Hood-und-Wonder-Woman\u00a9ThS-by-Crassie\" width=\"175\" height=\"175\" \/> <\/a> <a class=\"fancybox\" href=\"http:\/\/foerderverein-theatersommer.net\/archiv\/wp-content\/uploads\/2.-How-to-date-a-Feminist-Kate-und-Steve\u00a9ThS-by-Crassie.jpg\"><img loading=\"lazy\" decoding=\"async\" class=\"alignleft size-thumbnail wp-image-8673\" title=\"Kate und Steve\" src=\"http:\/\/foerderverein-theatersommer.net\/archiv\/wp-content\/uploads\/2.-How-to-date-a-Feminist-Kate-und-Steve\u00a9ThS-by-Crassie-175x175.jpg\" alt=\"2.-How-to-date-a-Feminist-Kate-und-Steve\u00a9ThS-by-Crassie\" width=\"175\" height=\"175\" \/><\/a> <a class=\"fancybox\" href=\"http:\/\/foerderverein-theatersommer.net\/archiv\/wp-content\/uploads\/3.-How-to-date-a-Feminist-Morag-und-Joe\u00a9ThS-by-Crassie.jpg\"><img loading=\"lazy\" decoding=\"async\" class=\"alignleft size-thumbnail wp-image-8674\" title=\"Morag und Joe\" src=\"http:\/\/foerderverein-theatersommer.net\/archiv\/wp-content\/uploads\/3.-How-to-date-a-Feminist-Morag-und-Joe\u00a9ThS-by-Crassie-175x175.jpg\" alt=\"3.-How-to-date-a-Feminist-Morag-und-Joe\u00a9ThS-by-Crassie\" width=\"175\" height=\"175\" \/><\/a><a class=\"fancybox\" href=\"http:\/\/foerderverein-theatersommer.net\/archiv\/wp-content\/uploads\/4.-How-to-date-a-Feminist-Robin-Hood-und-Wonder-Woman-Hochformat\u00a9ThS-by-Crassie.jpg\"><img loading=\"lazy\" decoding=\"async\" class=\"alignleft size-thumbnail wp-image-8675\" title=\"Robin Hood und Wonder Woman\" src=\"http:\/\/foerderverein-theatersommer.net\/archiv\/wp-content\/uploads\/4.-How-to-date-a-Feminist-Robin-Hood-und-Wonder-Woman-Hochformat\u00a9ThS-by-Crassie-175x175.jpg\" alt=\"4.-How-to-date-a-Feminist-Robin-Hood-und-Wonder-Woman-Hochformat\u00a9ThS-by-Crassie_\" width=\"175\" height=\"175\" \/><\/a><a class=\"fancybox\" href=\"http:\/\/foerderverein-theatersommer.net\/archiv\/wp-content\/uploads\/5.-How-to-date-a-Feminist-Carina-und-Steve-\u00a9ThS-by-Crassie.jpg\"><img loading=\"lazy\" decoding=\"async\" class=\"alignleft size-thumbnail wp-image-8677\" title=\"Carina und Steve\" src=\"http:\/\/foerderverein-theatersommer.net\/archiv\/wp-content\/uploads\/5.-How-to-date-a-Feminist-Carina-und-Steve-\u00a9ThS-by-Crassie-175x175.jpg\" alt=\"5.-How-to-date-a-Feminist-Carina-und-Steve-\u00a9ThS-by-Crassie\" width=\"175\" height=\"175\" \/><\/a><\/p>\n<p>&nbsp;<\/p>\n<p>&nbsp;<\/p>\n<p>&nbsp;<\/p>\n<p>&nbsp;<\/p>\n<p><span style=\"font-size: 8pt;\">Bildvergr\u00f6\u00dferung: Foto anklicken und \u00fcber re\/li Pfeil weiter<\/span><\/p>\n<p>&nbsp;<\/p>\n<p><span style=\"font-size: 14pt;\"><strong>ZUSCHAUERZAHLEN<\/strong><\/span><br \/>\n2019: \u00a0 1.714 Zuschauende \u00a0<br \/>\n2020: 1.265 Zuschauende (*Coronabedingte Kapazit\u00e4t: 85 Pl\u00e4tze)<br \/>\n2021: 1.445 Zuschauende (*Coronabedingte Kapazit\u00e4t: 85 Pl\u00e4tze)<br \/>\n2022: 1.146 Zuschauende<\/p>\n<p><span style=\"text-decoration: underline;\"><span style=\"font-size: 14pt; color: #339966;\"><a style=\"color: #339966;\" title=\"2019 \u2013 Schwarzwaldm\u00e4del im Saturday Night Fever\" href=\"http:\/\/foerderverein-theatersommer.net\/archiv\/spielplan\/ab-2010\/2019-schwarzwaldmaedel-im-saturday-night-fever\/\"><strong>N\u00e4chstes St\u00fcck<\/strong><\/a><\/span><\/span><\/p>\n<p><a href=\"http:\/\/foerderverein-theatersommer.net\/archiv\/wp-content\/uploads\/2019-22-Feminist-2-NEW.jpg\"><img loading=\"lazy\" decoding=\"async\" class=\"alignleft size-large wp-image-10196\" src=\"http:\/\/foerderverein-theatersommer.net\/archiv\/wp-content\/uploads\/2019-22-Feminist-2-NEW-411x800.jpg\" alt=\"\" width=\"411\" height=\"800\" srcset=\"https:\/\/foerderverein-theatersommer.net\/archiv\/wp-content\/uploads\/2019-22-Feminist-2-NEW-411x800.jpg 411w, https:\/\/foerderverein-theatersommer.net\/archiv\/wp-content\/uploads\/2019-22-Feminist-2-NEW-154x300.jpg 154w, https:\/\/foerderverein-theatersommer.net\/archiv\/wp-content\/uploads\/2019-22-Feminist-2-NEW-513x999.jpg 513w, https:\/\/foerderverein-theatersommer.net\/archiv\/wp-content\/uploads\/2019-22-Feminist-2-NEW.jpg 632w\" sizes=\"(max-width: 411px) 100vw, 411px\" \/><\/a><\/p>\n<p>&nbsp;<\/p>\n<p>&nbsp;<\/p>\n<p>&nbsp;<\/p>\n<p>&nbsp;<\/p>\n<p>&nbsp;<\/p>\n<p>&nbsp;<\/p>\n<p>&nbsp;<\/p>\n<p>&nbsp;<\/p>\n<p>&nbsp;<\/p>\n<p>&nbsp;<\/p>\n<p>&nbsp;<\/p>\n<p>&nbsp;<\/p>\n<p><span style=\"font-size: 8pt;\">Plakatmotiv: \u00a9 R. Crassie<\/span><\/p>\n","protected":false},"excerpt":{"rendered":"<p>HOW TO DATE A FEMINIST von Samantha Ellis \/ Deutsch von Silke Pfeiffer Eine rasante Kom\u00f6die! &#8211; Der Off-Westend Hit&#8230; <span class=\"read-more\"><a href=\"https:\/\/foerderverein-theatersommer.net\/archiv\/spielplan\/ab-2010\/2019-how-to-date-a-feminist\/\" class=\"button button-darkgray small\"> Continue Reading &rarr; <\/a><\/span><\/p>\n","protected":false},"author":3,"featured_media":10187,"parent":1585,"menu_order":10,"comment_status":"closed","ping_status":"open","template":"","meta":{"footnotes":""},"_links":{"self":[{"href":"https:\/\/foerderverein-theatersommer.net\/archiv\/wp-json\/wp\/v2\/pages\/8726"}],"collection":[{"href":"https:\/\/foerderverein-theatersommer.net\/archiv\/wp-json\/wp\/v2\/pages"}],"about":[{"href":"https:\/\/foerderverein-theatersommer.net\/archiv\/wp-json\/wp\/v2\/types\/page"}],"author":[{"embeddable":true,"href":"https:\/\/foerderverein-theatersommer.net\/archiv\/wp-json\/wp\/v2\/users\/3"}],"replies":[{"embeddable":true,"href":"https:\/\/foerderverein-theatersommer.net\/archiv\/wp-json\/wp\/v2\/comments?post=8726"}],"version-history":[{"count":32,"href":"https:\/\/foerderverein-theatersommer.net\/archiv\/wp-json\/wp\/v2\/pages\/8726\/revisions"}],"predecessor-version":[{"id":10208,"href":"https:\/\/foerderverein-theatersommer.net\/archiv\/wp-json\/wp\/v2\/pages\/8726\/revisions\/10208"}],"up":[{"embeddable":true,"href":"https:\/\/foerderverein-theatersommer.net\/archiv\/wp-json\/wp\/v2\/pages\/1585"}],"wp:featuredmedia":[{"embeddable":true,"href":"https:\/\/foerderverein-theatersommer.net\/archiv\/wp-json\/wp\/v2\/media\/10187"}],"wp:attachment":[{"href":"https:\/\/foerderverein-theatersommer.net\/archiv\/wp-json\/wp\/v2\/media?parent=8726"}],"curies":[{"name":"wp","href":"https:\/\/api.w.org\/{rel}","templated":true}]}}