{"id":8729,"date":"2021-01-13T10:21:59","date_gmt":"2021-01-13T10:21:59","guid":{"rendered":"http:\/\/foerderverein-theatersommer.net\/archiv\/?page_id=8729"},"modified":"2024-05-02T15:20:05","modified_gmt":"2024-05-02T15:20:05","slug":"2019-schwarzwaldmaedel-im-saturday-night-fever","status":"publish","type":"page","link":"https:\/\/foerderverein-theatersommer.net\/archiv\/spielplan\/ab-2010\/2019-schwarzwaldmaedel-im-saturday-night-fever\/","title":{"rendered":"<br\/>2019 &#8211; Schwarzwaldm\u00e4del im Saturday Night Fever<br\/><br\/>"},"content":{"rendered":"<p><span style=\"font-size: 18pt;\"><strong>DAS SCHWARZWALDM\u00c4DEL <br \/>\nIM SATURDAY NIGHT FEVER<\/strong><\/span><br \/>\n<span style=\"font-size: 10pt;\">bearbeitet von Peter Kratz frei nach dem Libretto \u201eSchwarzwaldm\u00e4del\u201c von A. Neidhart<\/span><br \/>\n<span style=\"font-size: 10pt;\">und\u00a0musikalisch inspiriert durch\u00a0den Kultfilm \u201eSaturday Night Fever\u201c mit den Funky-Disco-Hits der 70\/80iger Jahre<\/span><\/p>\n<h3><span style=\"font-size: 24pt;\"><b>Traumhaft prek\u00e4re Binnenreime <br \/>\nund Songs die runter gehen wie \u00d6l<\/b><\/span><\/h3>\n<p>INSZENIERUNG: Peter Kratz<br \/>\nKOST\u00dcM:\u00a0Laura Yoro<br \/>\nB\u00dcHNE: Enno Craiss<br \/>\nREGIEASSISTENZ:\u00a0Ruth S\u00fcpple<br \/>\nSONG-IDEAS &amp; LYRICS: Dr. K. <br \/>\nVOCAL COACH: Michael Knese<\/p>\n<p>BESETZUNG:<strong>\u00a0<\/strong>Bernadette Hug,\u00a0Bernhard Linke, Johanna Mucha, Nina Schwartz, Jens Woggon, Dennis Wilkesmann<\/p>\n<p><span style=\"font-size: 14pt;\"><strong>KONZEPTION\/INHALT<\/strong><\/span><br \/>\nAber was hat denn das M\u00e4del, was andere nicht haben? Ganz einfach. Die starken ewigen Motive von Liebe, Sehn- und Eifersucht, von Bangen, Flucht, Eroberung \u2013 um nur einige zu nennen \u2013 bringen m\u00e4chtige Nebenwirkungen mit sich, die kein Arzt oder Apotheker erkl\u00e4ren kann. Au\u00dferdem: Theater und Liebe, was ist der Unterschied? Jeder sucht die passende B\u00fchne f\u00fcr sein Spiel, \u00fcbt sich bei Bedarf in Standhaftigkeit, legt sich nach Herzenslust ins Zeug. Und hofft auf den gro\u00dfen Schlussapplaus, auch Lebensgl\u00fcck genannt. Derweil prallt munter Neu auf Alt, und der Theatersommer hat die Hauptrolle der Musik neu besetzt: Hier kommt der Disco-Sound, mit klinisch erprobtem Stayin\u2018 Alive-Faktor!<\/p>\n<p>STORY: Fritz Kurz \u201eThe Dude\u201c, seines Zeichens Musikmanager, will das glitzernde Disco-Sternchen Mandy Summer unter Vertrag nehmen, was bei ihm so viel hei\u00dft wie: ordentlich \u00fcbervorteilen. Mandy Summer \u2013 im wahren Leben Malwine von Sommer \u2013 springt pr\u00e4chtig auf des Dudes Anglo-Anmache an. Was das mit ihrem Freund Hansi macht, k\u00fcmmert Mandy wenig. Doch diesmal bekommt er die Krise. Einerseits. Andererseits f\u00e4llt ihm gerade in dieser Seelenpein enorm deutlich auf, was f\u00fcr eine liebreizende Assistentin dieser absto\u00dfende Musikmanager mit dabei hat. So ein Schwarzwaldm\u00e4del ist ja offenbar etwas richtig Besonderes!<span class=\"Apple-converted-space\">\u00a0<\/span><\/p>\n<p><span style=\"font-size: 14pt;\"><strong>PRESSESTIMMEN<\/strong><\/span><br \/>\n<b>Witzig, locker und unterhaltend<br \/>\n<\/b>\u201eZwischen ernsthafter Geschichte und Kom\u00f6die, Komik und auch ein wenig Comedy, zwischen Heimatidyll und Trash \u00fcberzeugte bei der Premiere das Ergebnis. Ein echtes Ferienschmankerl, witzig, locker, unterhaltend. Gemischt mit allerlei frischen Zutaten gew\u00fcrzt und kr\u00e4ftig umger\u00fchrt, dominieren statt der Operettenmelodien vor allem Disco-Musik der 70er und 80er Jahre.\u201c &#8211; LKZ &#8211;\u00a0<\/p>\n<p><b>Eine witzige Mixtur<br \/>\n<\/b>\u201ePeter Kratz hat die reichlich angestaubte Operettenschmonzette \u201eSchwarzwaldm\u00e4del\u201c erfreulich heftig in eine witzige Mixtur aus ironisch dargebotenem Schwarzwald-Kitsch und eing\u00e4ngigen Disco-Hits der siebziger Jahre verwandelt. (\u2026) Zu sehen sind rasante Tanznummern.\u201c &#8211; Stuttgarter Zeitung &#8211;\u00a0<\/p>\n<p><b>Traumhaft prek\u00e4re Binnenreime und Songs die runter gehen wie \u00d6l<br \/>\n<\/b>\u201ePeter Kratz hat seine \u201eSchwarzwaldm\u00e4del\u201c &#8211; Version auf die Basis des Films \u201eSaturday Night Fever\u201c gestellt, und das ist gut so. Bee Gees Titel wie \u201eNight Fever\u201c gehen runter wie \u00d6l. Meist werden die Songs, und das ist eine sch\u00f6ne Verfremdung, auf Hochdeutsch und Schw\u00e4bisch gesungen. Traumhaft prek\u00e4re Binnenreime sind geboten. Was ist der beste Satz des Abends? Ein abgedroschenes Kompliment von Hans pariert B\u00e4rbel so: \u201eSchw\u00e4tz koin Kitsch raus!\u201c &#8211; Stuttgarter Nachrichten &#8211;\u00a0<\/p>\n<p><b>Eine Meisterleistung!<br \/>\n<\/b>\u201eEs wird getanzt, gesungen, gebalzt und kokettiert, dass es eine Art ist. (\u2026) War das \u201eWei\u00dfe R\u00f6ssl\u201c vor einem Jahr schon eine Meisterleistung, so w\u00fcrde er sich mit dem \u201eSchwarzwaldm\u00e4del\u201c im Disco Look in den USA einen Tony Award verdienen. (\u2026) Sp\u00e4testens wenn die \u201eTannenbaum-Girls\u201c \u201eNight Fever\u201c singen, wird jedem im Publikum klar, dass er mit seinem Besuch in der theatralischen Disco wieder einmal alles richtig gemacht hat.\u201c &#8211; Ludwigsburger Wochenblatt &#8211;<\/p>\n<p><a class=\"fancybox\" href=\"http:\/\/foerderverein-theatersommer.net\/archiv\/wp-content\/uploads\/Schwarzwaldmaedel-Ensemble.jpg\"><img loading=\"lazy\" decoding=\"async\" class=\"alignleft wp-image-8672 size-thumbnail\" title=\"Saturday Night Fever (Ensemble von links: Linke,Schwartz, Wilkesmann, Mucha, Woggon, Hug) - ThS 2019 - Foto: \u00a9 by Robert Crassie\" src=\"http:\/\/foerderverein-theatersommer.net\/archiv\/wp-content\/uploads\/Schwarzwaldmaedel-Ensemble-175x175.jpg\" alt=\"1. Schwarzwaldm\u00e4del Ensemble ThS 2019\" width=\"175\" height=\"175\" \/><\/a><a class=\"fancybox\" href=\"http:\/\/foerderverein-theatersommer.net\/archiv\/wp-content\/uploads\/2.-Schwarzwaldmaedel-Baerbele-B.Hug-ThS-2019.jpg\"><img loading=\"lazy\" decoding=\"async\" class=\"alignleft size-thumbnail wp-image-8673\" title=\"Schwarzwaldm\u00e4del B\u00e4rbel (Bernadette Hug) - ThS 2019 - \u00a9Foto by R. Crassie\" src=\"http:\/\/foerderverein-theatersommer.net\/archiv\/wp-content\/uploads\/2.-Schwarzwaldmaedel-Baerbele-B.Hug-ThS-2019-175x175.jpg\" alt=\"2. Schwarzwaldm\u00e4del B\u00e4rbele (B. Hug)\" width=\"175\" height=\"175\" \/><\/a><a class=\"fancybox\" href=\"http:\/\/foerderverein-theatersommer.net\/archiv\/wp-content\/uploads\/3.-Schwarzwaldmaedel-Disco-J.Mucha-D.-Wilkesmann-J.Woggon-ThS-2019.jpg\"><img loading=\"lazy\" decoding=\"async\" class=\"alignleft size-thumbnail wp-image-8674\" title=\"Hot Summer! (Malwine\/J. Mucha. Richy\/D. Wilkesmann, Hans\/J. Woggon - ThS 2019 - Foto: \u00a9 by Robert Crassie)\" src=\"http:\/\/foerderverein-theatersommer.net\/archiv\/wp-content\/uploads\/3.-Schwarzwaldmaedel-Disco-J.Mucha-D.-Wilkesmann-J.Woggon-ThS-2019-175x175.jpg\" alt=\"3. Schwarzwaldm\u00e4del Disco (J.Mucha\/D. Wilkesmann\/J.Woggon) ThS 2019\" width=\"175\" height=\"175\" \/><\/a><a class=\"fancybox\" href=\"http:\/\/foerderverein-theatersommer.net\/archiv\/wp-content\/uploads\/4.-Schwarzwaldmaedel-Blasius-und-Baerbel-B.Hug-B.Linke-ThS-2019.jpg\"><img loading=\"lazy\" decoding=\"async\" class=\"alignleft size-thumbnail wp-image-8675\" title=\"Ach, B\u00e4rbele!  (B\u00e4rbel\/B. Hug, Blasius\/B. Linke ) - ThS 2019 - Foto: \u00a9 by Robert Crassie\" src=\"http:\/\/foerderverein-theatersommer.net\/archiv\/wp-content\/uploads\/4.-Schwarzwaldmaedel-Blasius-und-Baerbel-B.Hug-B.Linke-ThS-2019-175x175.jpg\" alt=\"4. Schwarzwaldm\u00e4del Blasius und Baerbel (B.Hug\/B.Linke) ThS 2019\" width=\"175\" height=\"175\" \/><\/a><a class=\"fancybox\" href=\"http:\/\/foerderverein-theatersommer.net\/archiv\/wp-content\/uploads\/5.-Schwarzwaldmaedel-Dance-N.Schwartz-B.Hug-ThS-2019.jpg\"><img loading=\"lazy\" decoding=\"async\" class=\"alignleft size-thumbnail wp-image-8677\" title=\"Black Forest Disco-Queens  (B\u00e4rbel\/B. Hug, B\u00fcrgermeisterin Lorle\/N. Schwartz ) - ThS 2019 - Foto: \u00a9 by Robert Crassie\" src=\"http:\/\/foerderverein-theatersommer.net\/archiv\/wp-content\/uploads\/5.-Schwarzwaldmaedel-Dance-N.Schwartz-B.Hug-ThS-2019-175x175.jpg\" alt=\"5. Schwarzwaldm\u00e4del Dance (N.Schwartz\/B.Hug) ThS 2019\" width=\"175\" height=\"175\" \/><\/a><a class=\"fancybox\" href=\"http:\/\/foerderverein-theatersommer.net\/archiv\/wp-content\/uploads\/6.-Schwarzwaldmaedel-Malwine-J.-Mucha-ThS-2019.jpg\"><img loading=\"lazy\" decoding=\"async\" class=\"alignleft size-thumbnail wp-image-8676\" title=\"Malwine alias Mandy Summer  (Malwine\/J. Mucha) - ThS 2019 - Foto: \u00a9 by Robert Crassie\" src=\"http:\/\/foerderverein-theatersommer.net\/archiv\/wp-content\/uploads\/6.-Schwarzwaldmaedel-Malwine-J.-Mucha-ThS-2019-175x175.jpg\" alt=\"6. Schwarzwald\u00e4del Malwine (J. Mucha) ThS 2019\" width=\"175\" height=\"175\" \/><\/a><\/p>\n<p>&nbsp;<\/p>\n<p>&nbsp;<\/p>\n<p>&nbsp;<\/p>\n<p>&nbsp;<\/p>\n<p><span style=\"font-size: 8pt;\">Bildvergr\u00f6\u00dferung: Foto anklicken und \u00fcber re\/li Pfeil weiter<\/span><\/p>\n<p>&nbsp;<\/p>\n<p>ZUSCHAUERZAHLEN<br \/>\n2019: 5.096 Besucher <br \/>\nAuff\u00fchrungen:\u00a023<\/p>\n<p><span style=\"text-decoration: underline;\"><span style=\"font-size: 14pt; color: #339966;\"><a style=\"color: #339966;\" title=\"2019 \u2013 Schwarzwaldm\u00e4del im Saturday Night Fever\" href=\"http:\/\/foerderverein-theatersommer.net\/archiv\/spielplan\/ab-2010\/2019-steppenwolf\/\"><strong>N\u00e4chstes St\u00fcck<\/strong><\/a><\/span><\/span><\/p>\n<p><a href=\"http:\/\/foerderverein-theatersommer.net\/archiv\/wp-content\/uploads\/2019-Schwarzwaldgirl-Plakat.jpg\"><img loading=\"lazy\" decoding=\"async\" class=\"alignleft size-large wp-image-10194\" src=\"http:\/\/foerderverein-theatersommer.net\/archiv\/wp-content\/uploads\/2019-Schwarzwaldgirl-Plakat-420x800.jpg\" alt=\"\" width=\"420\" height=\"800\" srcset=\"https:\/\/foerderverein-theatersommer.net\/archiv\/wp-content\/uploads\/2019-Schwarzwaldgirl-Plakat-420x800.jpg 420w, https:\/\/foerderverein-theatersommer.net\/archiv\/wp-content\/uploads\/2019-Schwarzwaldgirl-Plakat-157x300.jpg 157w, https:\/\/foerderverein-theatersommer.net\/archiv\/wp-content\/uploads\/2019-Schwarzwaldgirl-Plakat-524x999.jpg 524w, https:\/\/foerderverein-theatersommer.net\/archiv\/wp-content\/uploads\/2019-Schwarzwaldgirl-Plakat.jpg 645w\" sizes=\"(max-width: 420px) 100vw, 420px\" \/><\/a><\/p>\n<p>&nbsp;<\/p>\n<p>&nbsp;<\/p>\n<p>&nbsp;<\/p>\n<p>&nbsp;<\/p>\n<p>&nbsp;<\/p>\n<p>&nbsp;<\/p>\n<p>&nbsp;<\/p>\n<p>&nbsp;<\/p>\n<p>&nbsp;<\/p>\n<p>&nbsp;<\/p>\n<p>&nbsp;<\/p>\n<p><span style=\"font-size: 8pt;\">Plakatmotiv: \u00a9 R. Crassie<\/span><\/p>\n","protected":false},"excerpt":{"rendered":"<p>DAS SCHWARZWALDM\u00c4DEL IM SATURDAY NIGHT FEVER bearbeitet von Peter Kratz frei nach dem Libretto \u201eSchwarzwaldm\u00e4del\u201c von A. Neidhart und\u00a0musikalisch inspiriert&#8230; <span class=\"read-more\"><a href=\"https:\/\/foerderverein-theatersommer.net\/archiv\/spielplan\/ab-2010\/2019-schwarzwaldmaedel-im-saturday-night-fever\/\" class=\"button button-darkgray small\"> Continue Reading &rarr; <\/a><\/span><\/p>\n","protected":false},"author":3,"featured_media":10189,"parent":1585,"menu_order":11,"comment_status":"closed","ping_status":"open","template":"","meta":{"footnotes":""},"_links":{"self":[{"href":"https:\/\/foerderverein-theatersommer.net\/archiv\/wp-json\/wp\/v2\/pages\/8729"}],"collection":[{"href":"https:\/\/foerderverein-theatersommer.net\/archiv\/wp-json\/wp\/v2\/pages"}],"about":[{"href":"https:\/\/foerderverein-theatersommer.net\/archiv\/wp-json\/wp\/v2\/types\/page"}],"author":[{"embeddable":true,"href":"https:\/\/foerderverein-theatersommer.net\/archiv\/wp-json\/wp\/v2\/users\/3"}],"replies":[{"embeddable":true,"href":"https:\/\/foerderverein-theatersommer.net\/archiv\/wp-json\/wp\/v2\/comments?post=8729"}],"version-history":[{"count":35,"href":"https:\/\/foerderverein-theatersommer.net\/archiv\/wp-json\/wp\/v2\/pages\/8729\/revisions"}],"predecessor-version":[{"id":10478,"href":"https:\/\/foerderverein-theatersommer.net\/archiv\/wp-json\/wp\/v2\/pages\/8729\/revisions\/10478"}],"up":[{"embeddable":true,"href":"https:\/\/foerderverein-theatersommer.net\/archiv\/wp-json\/wp\/v2\/pages\/1585"}],"wp:featuredmedia":[{"embeddable":true,"href":"https:\/\/foerderverein-theatersommer.net\/archiv\/wp-json\/wp\/v2\/media\/10189"}],"wp:attachment":[{"href":"https:\/\/foerderverein-theatersommer.net\/archiv\/wp-json\/wp\/v2\/media?parent=8729"}],"curies":[{"name":"wp","href":"https:\/\/api.w.org\/{rel}","templated":true}]}}

<br/>2019 &#8211; Schwarzwaldmädel im Saturday Night Fever<br/><br/>

<p><span style="font-size: 18pt;"><strong>DAS SCHWARZWALDMÄDEL <br />
IM SATURDAY NIGHT FEVER</strong></span><br />
<span style="font-size: 10pt;">bearbeitet von Peter Kratz frei nach dem Libretto „Schwarzwaldmädel“ von A. Neidhart</span><br />
<span style="font-size: 10pt;">und musikalisch inspiriert durch den Kultfilm „Saturday Night Fever“ mit den Funky-Disco-Hits der 70/80iger Jahre</span></p>
<h3><span style="font-size: 24pt;"><b>Traumhaft prekäre Binnenreime <br />
und Songs die runter gehen wie Öl</b></span></h3>
<p>INSZENIERUNG: Peter Kratz<br />
KOSTÜM: Laura Yoro<br />
BÜHNE: Enno Craiss<br />
REGIEASSISTENZ: Ruth Süpple<br />
SONG-IDEAS &amp; LYRICS: Dr. K. <br />
VOCAL COACH: Michael Knese</p>
<p>BESETZUNG:<strong> </strong>Bernadette Hug, Bernhard Linke, Johanna Mucha, Nina Schwartz, Jens Woggon, Dennis Wilkesmann</p>
<p><span style="font-size: 14pt;"><strong>KONZEPTION/INHALT</strong></span><br />
Aber was hat denn das Mädel, was andere nicht haben? Ganz einfach. Die starken ewigen Motive von Liebe, Sehn- und Eifersucht, von Bangen, Flucht, Eroberung – um nur einige zu nennen – bringen mächtige Nebenwirkungen mit sich, die kein Arzt oder Apotheker erklären kann. Außerdem: Theater und Liebe, was ist der Unterschied? Jeder sucht die passende Bühne für sein Spiel, übt sich bei Bedarf in Standhaftigkeit, legt sich nach Herzenslust ins Zeug. Und hofft auf den großen Schlussapplaus, auch Lebensglück genannt. Derweil prallt munter Neu auf Alt, und der Theatersommer hat die Hauptrolle der Musik neu besetzt: Hier kommt der Disco-Sound, mit klinisch erprobtem Stayin‘ Alive-Faktor!</p>
<p>STORY: Fritz Kurz „The Dude“, seines Zeichens Musikmanager, will das glitzernde Disco-Sternchen Mandy Summer unter Vertrag nehmen, was bei ihm so viel heißt wie: ordentlich übervorteilen. Mandy Summer – im wahren Leben Malwine von Sommer – springt prächtig auf des Dudes Anglo-Anmache an. Was das mit ihrem Freund Hansi macht, kümmert Mandy wenig. Doch diesmal bekommt er die Krise. Einerseits. Andererseits fällt ihm gerade in dieser Seelenpein enorm deutlich auf, was für eine liebreizende Assistentin dieser abstoßende Musikmanager mit dabei hat. So ein Schwarzwaldmädel ist ja offenbar etwas richtig Besonderes!<span class="Apple-converted-space"> </span></p>
<p><span style="font-size: 14pt;"><strong>PRESSESTIMMEN</strong></span><br />
<b>Witzig, locker und unterhaltend<br />
</b>„Zwischen ernsthafter Geschichte und Komödie, Komik und auch ein wenig Comedy, zwischen Heimatidyll und Trash überzeugte bei der Premiere das Ergebnis. Ein echtes Ferienschmankerl, witzig, locker, unterhaltend. Gemischt mit allerlei frischen Zutaten gewürzt und kräftig umgerührt, dominieren statt der Operettenmelodien vor allem Disco-Musik der 70er und 80er Jahre.“ &#8211; LKZ &#8211; </p>
<p><b>Eine witzige Mixtur<br />
</b>„Peter Kratz hat die reichlich angestaubte Operettenschmonzette „Schwarzwaldmädel“ erfreulich heftig in eine witzige Mixtur aus ironisch dargebotenem Schwarzwald-Kitsch und eingängigen Disco-Hits der siebziger Jahre verwandelt. (…) Zu sehen sind rasante Tanznummern.“ &#8211; Stuttgarter Zeitung &#8211; </p>
<p><b>Traumhaft prekäre Binnenreime und Songs die runter gehen wie Öl<br />
</b>„Peter Kratz hat seine „Schwarzwaldmädel“ &#8211; Version auf die Basis des Films „Saturday Night Fever“ gestellt, und das ist gut so. Bee Gees Titel wie „Night Fever“ gehen runter wie Öl. Meist werden die Songs, und das ist eine schöne Verfremdung, auf Hochdeutsch und Schwäbisch gesungen. Traumhaft prekäre Binnenreime sind geboten. Was ist der beste Satz des Abends? Ein abgedroschenes Kompliment von Hans pariert Bärbel so: „Schwätz koin Kitsch raus!“ &#8211; Stuttgarter Nachrichten &#8211; </p>
<p><b>Eine Meisterleistung!<br />
</b>„Es wird getanzt, gesungen, gebalzt und kokettiert, dass es eine Art ist. (…) War das „Weiße Rössl“ vor einem Jahr schon eine Meisterleistung, so würde er sich mit dem „Schwarzwaldmädel“ im Disco Look in den USA einen Tony Award verdienen. (…) Spätestens wenn die „Tannenbaum-Girls“ „Night Fever“ singen, wird jedem im Publikum klar, dass er mit seinem Besuch in der theatralischen Disco wieder einmal alles richtig gemacht hat.“ &#8211; Ludwigsburger Wochenblatt &#8211;</p>
<p><a class="fancybox" href="http://foerderverein-theatersommer.net/archiv/wp-content/uploads/Schwarzwaldmaedel-Ensemble.jpg"><img loading="lazy" decoding="async" class="alignleft wp-image-8672 size-thumbnail" title="Saturday Night Fever (Ensemble von links: Linke,Schwartz, Wilkesmann, Mucha, Woggon, Hug) - ThS 2019 - Foto: © by Robert Crassie" src="http://foerderverein-theatersommer.net/archiv/wp-content/uploads/Schwarzwaldmaedel-Ensemble-175x175.jpg" alt="1. Schwarzwaldmädel Ensemble ThS 2019" width="175" height="175" /></a><a class="fancybox" href="http://foerderverein-theatersommer.net/archiv/wp-content/uploads/2.-Schwarzwaldmaedel-Baerbele-B.Hug-ThS-2019.jpg"><img loading="lazy" decoding="async" class="alignleft size-thumbnail wp-image-8673" title="Schwarzwaldmädel Bärbel (Bernadette Hug) - ThS 2019 - ©Foto by R. Crassie" src="http://foerderverein-theatersommer.net/archiv/wp-content/uploads/2.-Schwarzwaldmaedel-Baerbele-B.Hug-ThS-2019-175x175.jpg" alt="2. Schwarzwaldmädel Bärbele (B. Hug)" width="175" height="175" /></a><a class="fancybox" href="http://foerderverein-theatersommer.net/archiv/wp-content/uploads/3.-Schwarzwaldmaedel-Disco-J.Mucha-D.-Wilkesmann-J.Woggon-ThS-2019.jpg"><img loading="lazy" decoding="async" class="alignleft size-thumbnail wp-image-8674" title="Hot Summer! (Malwine/J. Mucha. Richy/D. Wilkesmann, Hans/J. Woggon - ThS 2019 - Foto: © by Robert Crassie)" src="http://foerderverein-theatersommer.net/archiv/wp-content/uploads/3.-Schwarzwaldmaedel-Disco-J.Mucha-D.-Wilkesmann-J.Woggon-ThS-2019-175x175.jpg" alt="3. Schwarzwaldmädel Disco (J.Mucha/D. Wilkesmann/J.Woggon) ThS 2019" width="175" height="175" /></a><a class="fancybox" href="http://foerderverein-theatersommer.net/archiv/wp-content/uploads/4.-Schwarzwaldmaedel-Blasius-und-Baerbel-B.Hug-B.Linke-ThS-2019.jpg"><img loading="lazy" decoding="async" class="alignleft size-thumbnail wp-image-8675" title="Ach, Bärbele!  (Bärbel/B. Hug, Blasius/B. Linke ) - ThS 2019 - Foto: © by Robert Crassie" src="http://foerderverein-theatersommer.net/archiv/wp-content/uploads/4.-Schwarzwaldmaedel-Blasius-und-Baerbel-B.Hug-B.Linke-ThS-2019-175x175.jpg" alt="4. Schwarzwaldmädel Blasius und Baerbel (B.Hug/B.Linke) ThS 2019" width="175" height="175" /></a><a class="fancybox" href="http://foerderverein-theatersommer.net/archiv/wp-content/uploads/5.-Schwarzwaldmaedel-Dance-N.Schwartz-B.Hug-ThS-2019.jpg"><img loading="lazy" decoding="async" class="alignleft size-thumbnail wp-image-8677" title="Black Forest Disco-Queens  (Bärbel/B. Hug, Bürgermeisterin Lorle/N. Schwartz ) - ThS 2019 - Foto: © by Robert Crassie" src="http://foerderverein-theatersommer.net/archiv/wp-content/uploads/5.-Schwarzwaldmaedel-Dance-N.Schwartz-B.Hug-ThS-2019-175x175.jpg" alt="5. Schwarzwaldmädel Dance (N.Schwartz/B.Hug) ThS 2019" width="175" height="175" /></a><a class="fancybox" href="http://foerderverein-theatersommer.net/archiv/wp-content/uploads/6.-Schwarzwaldmaedel-Malwine-J.-Mucha-ThS-2019.jpg"><img loading="lazy" decoding="async" class="alignleft size-thumbnail wp-image-8676" title="Malwine alias Mandy Summer  (Malwine/J. Mucha) - ThS 2019 - Foto: © by Robert Crassie" src="http://foerderverein-theatersommer.net/archiv/wp-content/uploads/6.-Schwarzwaldmaedel-Malwine-J.-Mucha-ThS-2019-175x175.jpg" alt="6. Schwarzwaldädel Malwine (J. Mucha) ThS 2019" width="175" height="175" /></a></p>
<p>&nbsp;</p>
<p>&nbsp;</p>
<p>&nbsp;</p>
<p>&nbsp;</p>
<p><span style="font-size: 8pt;">Bildvergrößerung: Foto anklicken und über re/li Pfeil weiter</span></p>
<p>&nbsp;</p>
<p>ZUSCHAUERZAHLEN<br />
2019: 5.096 Besucher <br />
Aufführungen: 23</p>
<p><span style="text-decoration: underline;"><span style="font-size: 14pt; color: #339966;"><a style="color: #339966;" title="2019 – Schwarzwaldmädel im Saturday Night Fever" href="http://foerderverein-theatersommer.net/archiv/spielplan/ab-2010/2019-steppenwolf/"><strong>Nächstes Stück</strong></a></span></span></p>
<p><a href="http://foerderverein-theatersommer.net/archiv/wp-content/uploads/2019-Schwarzwaldgirl-Plakat.jpg"><img loading="lazy" decoding="async" class="alignleft size-large wp-image-10194" src="http://foerderverein-theatersommer.net/archiv/wp-content/uploads/2019-Schwarzwaldgirl-Plakat-420x800.jpg" alt="" width="420" height="800" srcset="https://foerderverein-theatersommer.net/archiv/wp-content/uploads/2019-Schwarzwaldgirl-Plakat-420x800.jpg 420w, https://foerderverein-theatersommer.net/archiv/wp-content/uploads/2019-Schwarzwaldgirl-Plakat-157x300.jpg 157w, https://foerderverein-theatersommer.net/archiv/wp-content/uploads/2019-Schwarzwaldgirl-Plakat-524x999.jpg 524w, https://foerderverein-theatersommer.net/archiv/wp-content/uploads/2019-Schwarzwaldgirl-Plakat.jpg 645w" sizes="(max-width: 420px) 100vw, 420px" /></a></p>
<p>&nbsp;</p>
<p>&nbsp;</p>
<p>&nbsp;</p>
<p>&nbsp;</p>
<p>&nbsp;</p>
<p>&nbsp;</p>
<p>&nbsp;</p>
<p>&nbsp;</p>
<p>&nbsp;</p>
<p>&nbsp;</p>
<p>&nbsp;</p>
<p><span style="font-size: 8pt;">Plakatmotiv: © R. Crassie</span></p>

<p>DAS SCHWARZWALDMÄDEL IM SATURDAY NIGHT FEVER bearbeitet von Peter Kratz frei nach dem Libretto „Schwarzwaldmädel“ von A. Neidhart und musikalisch inspiriert&#8230; <span class="read-more"><a href="https://foerderverein-theatersommer.net/archiv/spielplan/ab-2010/2019-schwarzwaldmaedel-im-saturday-night-fever/" class="button button-darkgray small"> Continue Reading &rarr; </a></span></p>
