{"id":8733,"date":"2019-12-18T10:05:00","date_gmt":"2019-12-18T10:05:00","guid":{"rendered":"http:\/\/foerderverein-theatersommer.net\/archiv\/?page_id=8733"},"modified":"2024-05-02T15:19:08","modified_gmt":"2024-05-02T15:19:08","slug":"2018-im-weissen-roessl-am-ludwigsee","status":"publish","type":"page","link":"https:\/\/foerderverein-theatersommer.net\/archiv\/spielplan\/ab-2010\/2018-im-weissen-roessl-am-ludwigsee\/","title":{"rendered":"<br\/>2018 &#8211; Im wei\u00dfen R\u00f6ssl am Ludwigsee<br\/><br\/>"},"content":{"rendered":"<p><span style=\"font-size: 18pt;\"><strong>IM WEISSEN R\u00d6SSL AM LUDWIGSEE<\/strong><\/span><br \/>\nfrei nach dem Lustspiel und Altberliner B\u00fchnenst\u00fcck von Oscar Blumenthal <br \/>\n<span style=\"font-size: 10pt;\">F\u00fcr den Theatersommer musikalisch, dramaturgisch und szenisch eingerichtet von Peter Kratz<\/span><\/p>\n<p><span style=\"font-size: 24pt;\"><b><span style=\"color: #333333;\">Ein Gender-Wirrwarr der Spa\u00df macht<\/span><\/b><\/span><\/p>\n<p>REGIE: Peter Kratz<br \/>\nKOST\u00dcME: Laura Yoro<br \/>\nB\u00dcHNE: Enno Craiss<br \/>\nVOCAL COACH: Sandra Maria Germann<br \/>\nMIT: Bernadette Hug, Nina Maria F\u00f6hr, Christine Last, Bernhard Linke, Jens Woggon<\/p>\n<p><span style=\"font-size: 14pt;\"><strong>KONZEPTION<\/strong><\/span><br \/>\nSein erfolgreichstes St\u00fcck: Das Original-Lustspiel \u201eIm Wei\u00dfen R\u00f6ssl\u201c schrieb der Berliner Autor und Kritiker Oscar Blumenthal in der Sommerfrische in Bad Ischl, 1897. Die Alt-Berliner Kom\u00f6die voll alpenl\u00e4ndischer Folklore machte Weltkarriere \u2013 als Theaterst\u00fcck, sp\u00e4ter vor allem als\u00a0 Operette in mehreren Fassungen. Dar\u00fcber hinaus hat es der R\u00f6ssl-Stoff nicht weniger als sieben Mal auf die Kinoleinwand geschafft.<\/p>\n<p>Wurde die Story schon seit jeher als Spiel mit alten Klischees von Land und Gro\u00dfstadt verstanden, so erh\u00f6ht der Theatersommer nun noch einmal die Drehzahl. Er pr\u00e4sentiert eine energiegeladene Persiflage, die gen\u00fcsslich \u00fcberkommene Moralvorstellungen, Gef\u00fchlsduselei und Heimatfilmseligkeit auseinandernimmt. Gerade der Hintergrund einer operettenhaft selbstzufriedenen heilen Welt liefert Steilvorlagen f\u00fcr entlarvende Kommentare und zus\u00e4tzliches Lachpotential. Nicht zuletzt bricht die turbulente Kom\u00f6die auch buchst\u00e4blich zu neuen Ufern auf und sagt dem Wolfgangsee Adieu. Recherchen des Theatersommers haben ergeben, dass es in Ludwigsburg, zwischen Schulen und<span class=\"Apple-converted-space\">\u00a0<\/span>Akademien, einst einen See gab \u2013 und unweit dieses Ludwigsees ein altes Brauerei-Gasthaus, mit gro\u00dfem Garten \u2026 \u00a0<\/p>\n<p>Oscar Blumenthals Kom\u00f6die mit den drei Liebesgeschichten bl\u00fcht am Ludwigsee, im Theatersommer, zeitlos auf. Sie lebt auch hier von den erfrischenden Kontrasten zwischen \u00f6sterreichischem Charme, Berliner Schnoddrigkeit und jeder Menge an doppeldeutigem Hintersinn. Au\u00dferdem lebt sie, wie zu erwarten, von mitrei\u00dfender Musik \u2013 aber einer operettenfreien, modernisierten Auswahl. Die geht buchst\u00e4blich eigene Wege und sorgt auch auf dieser Ebene f\u00fcr schnell getaktete \u00dcberraschungen. So kann das urspr\u00fcngliche B\u00fchnenst\u00fcck in neuem Gewand auftrumpfen. K\u00fcss\u2019 die Hand unter freiem Himmel!<\/p>\n<p><span style=\"font-size: 14pt;\"><strong>PRESSESTIMMEN<\/strong><\/span><br \/>\n<b>Ein Sommerst\u00fcck erster Klasse<br \/>\n<\/b>\u201eLebhaft, turbulent und musikalisch geht es zu. Peter Kratz hat aus dem gem\u00fctlichen Heimatidyllst\u00fcckchen n\u00e4mlich eine unglaublich virtulente, trashige Version gemacht, ein Singspiel der zeitgem\u00e4\u00dfen Art. Da wirbelt er M\u00e4nnchen und Weiblein durcheinander und auch die Kost\u00fcme von Laura Yoro sind wieder Hingucker f\u00fcr sich. (&#8230;) Alle Schauspieler treffen meist haargenau die schmale Linie, die den guten Trash ausmacht, nahe an der scharfen Klippe zur Peinlichkeit und \u00dcbertreibung. Aber Peter Kratz kann mit seinem Ensemble jedes Wagnis eingehen, denn jeder der auf h\u00f6chstem Niveau und mit gr\u00f6\u00dftem Spielspa\u00df agierenden Darsteller hat ein feines Gesp\u00fcr f\u00fcr Rolle und St\u00fcck. -LKZ-<\/p>\n<p><b>Wunderbar, irritierend und am\u00fcsant zugleich<br \/>\n<\/b>\u201eSachte bewegt der Sommerwind die B\u00e4ume im Ludwigsburger Cluss- Garten, unter einer Bergkulisse aus Pappe in Alpengl\u00fchen-Optik steht eine nach hinten abgekippte alpenl\u00e4ndische Hausfassade (B\u00fchne: Enn\u00f3 Craiss). Nun hebt ein irrwitziges Spektakel an beim Ludwigsburger Theatersommer: Peter Kratz katapultiert das Alt-Berliner Lustspiel \u201eIm Weissen R\u00f6ssl\u201c von Oscar Blumenthal von 1896 mit allen Schikanen in die Gegenwart. \u00dcberhaupt: Peter Kratz hat das angestaubte St\u00fcck mit beherztem Zugriff in die genderbewegte Gegenwart versetzt, stellt Frauen in M\u00e4nnerrollen und M\u00e4nner in Frauenrollen auf die B\u00fchne \u2013 und das funktioniert ganz wunderbar, irritiert und am\u00fcsiert zugleich. Eine Begegnung ber\u00fchrt. Der schwule Fabrikantensohn Siggi verliebt sich in den jungen Karl, der eigentlich gerne eine Frau w\u00e4re. Prek\u00e4r und spannend geraten die Begegnungen der beiden, und da gewinnt die Inszenierung eine Qualit\u00e4t, die \u00fcber das fr\u00f6hliche Durcheinander des \u201eWei\u00dfen R\u00f6ssls\u201c hinausgeht. -StZ.-<\/p>\n<p><b>Ein Gender-Wirrwarr der Spa\u00df macht<br \/>\n<\/b>&#8222;Peter Kratz hat einen Gender-Wirrwarr auf die B\u00fchne gestellt, der Spa\u00df macht. Drei Frauen und zwei M\u00e4nner spielen vier Frauen und f\u00fcnf M\u00e4nner. Zu studieren sind in dieser Inszenierung weibliche und m\u00e4nnliche K\u00f6rpersprache, und da bietet Theater Gesellschaftsanalyse auf lockere, unterhaltsame Art. Sehr gelungen sind die Kost\u00fcme von Laura Yoro in ihrem Mix aus alpenl\u00e4ndischem Stil und Rocky-Horror-Picture- Show-Anmutung. Die Musik des Singspiels ist entschieden heutig. (\u2026)\u00a0 Bernadette Hug, die \u00fcberragende Darstellerin des Abends, spielt ihn als z\u00e4hnebleckenden Charmeur mit wundervoll rollendem Burgschauspieler- R, dass zugleich an deutsche Filmklamotten der 50er Jahre erinnert.&#8220; -StN.-<\/p>\n<p><b>Ein aberwitziges Schauspiel-Spektakel<br \/>\n<\/b>\u201eEin aberwitziges Schauspiel-Spektakel, das die Lachmuskeln aufs Massivste strapaziert. Mit grandiosen Akteuren und (Gassen-)Schlagern wie \u201eMendocino\u201c, \u201eEr geh\u00f6rt zu mir\u201c und \u201eEine neue Liebe ist wie ein neues Leben\u201c, die das Publikum zum Singen bringen. Insgesamt wird vom oft und herzlich lachenden Publikum viel applaudiert. Es gab nicht nur den finalen, nicht enden wollenden Applaus, auch zwischen den Szenen brachten die Zuschauer dem f\u00fcnfk\u00f6pfigen Ensemble Klatschkonzerte dar.&#8220; -Bietigheimer Zeitung-<\/p>\n<p><a class=\"fancybox\" href=\"http:\/\/foerderverein-theatersommer.net\/archiv\/wp-content\/uploads\/1.-Im-Weissen-Roessl-2018-Josepha-Mirzl-Best-of-1024x682.jpg\"><img loading=\"lazy\" decoding=\"async\" class=\"alignleft size-thumbnail wp-image-8673\" title=\"Was schauen's denn? (Josefa\/J. Woggon, Mirzl\/C. Last) - ThS 2018 - Foto: \u00a9 by R. Crassie\" src=\"http:\/\/foerderverein-theatersommer.net\/archiv\/wp-content\/uploads\/1.-Im-Weissen-Roessl-2018-Josepha-Mirzl-Best-of-1024x682-175x175.jpg\" alt=\"1.-Im-Weissen-Roessl-Josepha-Mirzl-Best-of-\" width=\"175\" height=\"175\" \/><\/a><a class=\"fancybox\" href=\"http:\/\/foerderverein-theatersommer.net\/archiv\/wp-content\/uploads\/2.-Roessl-Mirzl-Leopold-HG-WEB-2019.jpg-1024x576.jpg\"><img loading=\"lazy\" decoding=\"async\" class=\"alignleft size-thumbnail wp-image-8673\" title=\"Alpen-Blues (Leopold\/N.M. G\u00f6hr, Mirzl\/C. Last) - ThS 2018 - Foto: \u00a9 by R. Crassie\" src=\"http:\/\/foerderverein-theatersommer.net\/archiv\/wp-content\/uploads\/2.-Roessl-Mirzl-Leopold-HG-WEB-2019.jpg-1024x576-175x175.jpg\" alt=\"2.-Roessl-Mirzl-Leopold-HG-WEB-2019\" width=\"175\" height=\"175\" \/><\/a><a class=\"fancybox\" href=\"http:\/\/foerderverein-theatersommer.net\/archiv\/wp-content\/uploads\/3.-Im-Weissen-Roessl-2018-Ensemble-Best-of-1024x682.jpg\"><img loading=\"lazy\" decoding=\"async\" class=\"alignleft size-thumbnail wp-image-8674\" title=\"Vorsicht! (Ensemble) - ThS 2018 - Foto: \u00a9 by R. Crassie\" src=\"http:\/\/foerderverein-theatersommer.net\/archiv\/wp-content\/uploads\/3.-Im-Weissen-Roessl-2018-Ensemble-Best-of-1024x682-175x175.jpg\" alt=\"3.-Im-Weissen-Roessl-2018-Ensemble-Best-of-\" width=\"175\" height=\"175\" \/><\/a><a class=\"fancybox\" href=\"http:\/\/foerderverein-theatersommer.net\/archiv\/wp-content\/uploads\/4.-Im-Weissen-Roessl-2018-Josepha-Leopold-Best-of-1024x682.jpg\"><img loading=\"lazy\" decoding=\"async\" class=\"alignleft size-thumbnail wp-image-8675\" title=\"Oh Josefa! (Josefa\/J. Woggon, Leopold\/N.M. F\u00f6hr) - ThS 2018 - Foto: \u00a9 by R. Crassie\" src=\"http:\/\/foerderverein-theatersommer.net\/archiv\/wp-content\/uploads\/4.-Im-Weissen-Roessl-2018-Josepha-Leopold-Best-of-1024x682-175x175.jpg\" alt=\"4.-Im-Weissen-Roessl-2018-Josepha-Leopold-Best-of-1024x682\" width=\"175\" height=\"175\" \/><\/a><a class=\"fancybox\" href=\"http:\/\/foerderverein-theatersommer.net\/archiv\/wp-content\/uploads\/5.-Roessl-Gieseckes-HG-WEB-2019-1024x576.jpg\"><img loading=\"lazy\" decoding=\"async\" class=\"alignleft size-thumbnail wp-image-8677\" title=\"Wolkenbruch (Giesecke\/B. Linke, Ottilie(N.M. F\u00f6hr) - ThS 2018 - Foto: \u00a9 by R. Crassie\" src=\"http:\/\/foerderverein-theatersommer.net\/archiv\/wp-content\/uploads\/5.-Roessl-Gieseckes-HG-WEB-2019-1024x576-175x175.jpg\" alt=\"5.-Roessl-Gieseckes-HG-WEB-2019-1024x576\" width=\"175\" height=\"175\" \/><\/a><a class=\"fancybox\" href=\"http:\/\/foerderverein-theatersommer.net\/archiv\/wp-content\/uploads\/6.-Roessl-Personal-HG-WEB-2019-1024x576.jpg\"><img loading=\"lazy\" decoding=\"async\" class=\"alignleft size-thumbnail wp-image-8676\" title=\"Alpengl\u00fcck (Ensemble) - ThS 2018 - Foto: \u00a9 by R. Crassie\" src=\"http:\/\/foerderverein-theatersommer.net\/archiv\/wp-content\/uploads\/6.-Roessl-Personal-HG-WEB-2019-1024x576-175x175.jpg\" alt=\"6.-Roessl-Personal-HG-WEB-2019-1024x576\" width=\"175\" height=\"175\" \/><\/a><\/p>\n<p>&nbsp;<\/p>\n<p>&nbsp;<\/p>\n<p>&nbsp;<\/p>\n<p>&nbsp;<\/p>\n<p><span style=\"font-size: 8pt;\">Bildvergr\u00f6\u00dferung: Foto anklicken und \u00fcber re\/li Pfeil weiter<\/span><\/p>\n<p>&nbsp;<\/p>\n<p><span style=\"font-size: 14pt;\"><strong>ZUSCHAUERZAHLEN<\/strong><\/span><br \/>\n2018: 5.923 Besucher\u00a0<\/p>\n<p><span style=\"text-decoration: underline;\"><span style=\"font-size: 14pt; color: #339966;\"><a style=\"color: #339966;\" title=\"2019 \u2013 How to date a feminist\" href=\"http:\/\/foerderverein-theatersommer.net\/archiv\/spielplan\/ab-2010\/2019-how-to-date-a-feminist\/\"><strong>N\u00e4chstes St\u00fcck<\/strong><\/a><\/p>\n<p><\/span><\/span><\/p>\n<p><a href=\"http:\/\/foerderverein-theatersommer.net\/archiv\/wp-content\/uploads\/2018-Roessl-Plakat-WEB.jpg\"><img loading=\"lazy\" decoding=\"async\" class=\"alignleft size-large wp-image-10174\" src=\"http:\/\/foerderverein-theatersommer.net\/archiv\/wp-content\/uploads\/2018-Roessl-Plakat-WEB-421x800.jpg\" alt=\"\" width=\"421\" height=\"800\" srcset=\"https:\/\/foerderverein-theatersommer.net\/archiv\/wp-content\/uploads\/2018-Roessl-Plakat-WEB-421x800.jpg 421w, https:\/\/foerderverein-theatersommer.net\/archiv\/wp-content\/uploads\/2018-Roessl-Plakat-WEB-158x300.jpg 158w, https:\/\/foerderverein-theatersommer.net\/archiv\/wp-content\/uploads\/2018-Roessl-Plakat-WEB-526x999.jpg 526w, https:\/\/foerderverein-theatersommer.net\/archiv\/wp-content\/uploads\/2018-Roessl-Plakat-WEB.jpg 746w\" sizes=\"(max-width: 421px) 100vw, 421px\" \/><\/a><\/p>\n<p>&nbsp;<\/p>\n<p>&nbsp;<\/p>\n<p>&nbsp;<\/p>\n<p>&nbsp;<\/p>\n<p>&nbsp;<\/p>\n<p>&nbsp;<\/p>\n<p>&nbsp;<\/p>\n<p>&nbsp;<\/p>\n<p>&nbsp;<\/p>\n<p>&nbsp;<\/p>\n<p>&nbsp;<\/p>\n<p>&nbsp;<\/p>\n<p><span style=\"font-size: 8pt;\">Plakatmotiv: \u00a9 R. Crassie<\/span><\/p>\n","protected":false},"excerpt":{"rendered":"<p>IM WEISSEN R\u00d6SSL AM LUDWIGSEE frei nach dem Lustspiel und Altberliner B\u00fchnenst\u00fcck von Oscar Blumenthal F\u00fcr den Theatersommer musikalisch, dramaturgisch&#8230; <span class=\"read-more\"><a href=\"https:\/\/foerderverein-theatersommer.net\/archiv\/spielplan\/ab-2010\/2018-im-weissen-roessl-am-ludwigsee\/\" class=\"button button-darkgray small\"> Continue Reading &rarr; <\/a><\/span><\/p>\n","protected":false},"author":3,"featured_media":10169,"parent":1585,"menu_order":8,"comment_status":"closed","ping_status":"open","template":"","meta":{"footnotes":""},"_links":{"self":[{"href":"https:\/\/foerderverein-theatersommer.net\/archiv\/wp-json\/wp\/v2\/pages\/8733"}],"collection":[{"href":"https:\/\/foerderverein-theatersommer.net\/archiv\/wp-json\/wp\/v2\/pages"}],"about":[{"href":"https:\/\/foerderverein-theatersommer.net\/archiv\/wp-json\/wp\/v2\/types\/page"}],"author":[{"embeddable":true,"href":"https:\/\/foerderverein-theatersommer.net\/archiv\/wp-json\/wp\/v2\/users\/3"}],"replies":[{"embeddable":true,"href":"https:\/\/foerderverein-theatersommer.net\/archiv\/wp-json\/wp\/v2\/comments?post=8733"}],"version-history":[{"count":23,"href":"https:\/\/foerderverein-theatersommer.net\/archiv\/wp-json\/wp\/v2\/pages\/8733\/revisions"}],"predecessor-version":[{"id":10184,"href":"https:\/\/foerderverein-theatersommer.net\/archiv\/wp-json\/wp\/v2\/pages\/8733\/revisions\/10184"}],"up":[{"embeddable":true,"href":"https:\/\/foerderverein-theatersommer.net\/archiv\/wp-json\/wp\/v2\/pages\/1585"}],"wp:featuredmedia":[{"embeddable":true,"href":"https:\/\/foerderverein-theatersommer.net\/archiv\/wp-json\/wp\/v2\/media\/10169"}],"wp:attachment":[{"href":"https:\/\/foerderverein-theatersommer.net\/archiv\/wp-json\/wp\/v2\/media?parent=8733"}],"curies":[{"name":"wp","href":"https:\/\/api.w.org\/{rel}","templated":true}]}}