{"id":9478,"date":"2022-12-07T09:16:32","date_gmt":"2022-12-07T09:16:32","guid":{"rendered":"http:\/\/foerderverein-theatersommer.net\/archiv\/?page_id=9478"},"modified":"2024-05-02T15:28:30","modified_gmt":"2024-05-02T15:28:30","slug":"a-magical-mystery-dream","status":"publish","type":"page","link":"https:\/\/foerderverein-theatersommer.net\/archiv\/spielplan\/ab-2021\/a-magical-mystery-dream\/","title":{"rendered":"<br\/>2022 &#8211; Magical Mystery Dream<br\/><br\/><br\/>"},"content":{"rendered":"<p><span style=\"font-size: 18pt;\"><strong>MAGICAL MYSTERY DREAM<\/strong> <\/span><br \/>\n<span style=\"font-size: 12pt;\">frei nach Luigi Pirandellos \u201eDie Riesen vom Berge\u201c und <\/span><br \/>\n<span style=\"font-size: 12pt;\">inspiriert von dem Album \u201eMagical Mystery Tour\u201c der Beatles<\/span><br \/>\n<span style=\"font-size: 10pt;\">Idee und Bearbeitung: Peter Kratz<\/span><\/p>\n<p>INSZENIERUNG: Peter Kratz<br \/>\nMUSIK\/AUFTRAGSKOMPOSITION: John King (New York)<br \/>\nB\u00dcHNE: Enno Craiss<br \/>\nPUPPEN-\/FIGUREN- UND MASKENBAU:\u00a0Luise Wolff <br \/>\nKOST\u00dcMBILD: Anja M\u00fcller\u00a0<br \/>\nBESETZUNG: Sergej Czepurnyi, Bernhard Linke, Katharina Shakina, Claudia Roick, Josephine Tancke<\/p>\n<p><span style=\"font-size: 14pt;\"><strong>KONZEPTION\/INHALT<\/strong><\/span><br \/>\nWas macht Luigi Pirandello (1867-1936) als Dramatiker so modern? Wie mit einem Brennglas beleuchtet er die gro\u00dfen Fragen nach der Einheit des Ich, nach Schein und Wirklichkeit und Bewusstsein. Gerne z\u00fcndet er dabei inmitten von Tragischem und Komischem ein humoristisches Feuerwerk. 1934 erh\u00e4lt Pirandello den Nobelpreis f\u00fcr Literatur. Sein letztes Werk, Die Riesen vom Berge, fasziniert selbst als Fragment durch vision\u00e4re Kraft und die Pirandello-typische Ambivalenz, in der wir uns seltsam heimisch und entwurzelt zugleich f\u00fchlen.<\/p>\n<p>Als Steilvorlage f\u00fcr den Theatersommer erweisen sich Motive wie das Spiel im Spiel, die Spiegelungen von Kunst und Leben, bewegende Tr\u00e4ume und eine grenzenlos bl\u00fchende Fantasie. So bilden Die Riesen vom Berge eine vielschichtige Grundlage, auf der sich nach allen Regeln der Kunst ein ergreifend-heiteres, dunkel funkelndes Drama voller Selbstironie entfaltet: ein Masken-, Menschen- und Figurentheater, durchwoben von B\u00fchnenmagie, erf\u00fcllt von unbedingtem Freiheitsgef\u00fchl und wohltuender Gartenluft. Ins Schwingen gebracht wird diese Variet\u00e9welt nicht zuletzt durch die Songs der Beatles \u2013 die \u00fcberraschend und neu interpretiert durch den Theatergarten touren.<\/p>\n<p>Irgendwo abgelegen im Wald betreibt der Magier Cotrone eine Art Geisterhaus. Bewohnt wird seine \u201eVilla Missgeschick\u201c von einem bunten V\u00f6lkchen aus \u201ePechv\u00f6geln\u201c, die sich von der realen Welt in mystische Sph\u00e4ren zur\u00fcckgezogen haben. Als eines Tages eine ersch\u00f6pfte, abgewirtschaftete Theatertruppe bei der Villa ankommt, nimmt Cotrone die Schauspieler bei sich auf. Das anf\u00e4ngliche Misstrauen zwischen den beiden Lagern verfliegt, man entdeckt Gemeinsamkeiten. Die Leiterin des Theaters, \u201eGr\u00e4fin\u201c Ilse, ist beseelt von dem Wunsch, mit der Compagnie endlich ihr Herzensst\u00fcck auff\u00fchren zu k\u00f6nnen: das Werk eines jungen Dichters, der sich aus ungl\u00fccklicher Liebe zu Ilse einst das Leben genommen hat. Theatralische Fantasie bricht sich Bahn, die Lust an Kost\u00fcmen, Masken und Verkleidung erobert die B\u00fchne. Meister Cotrones Zaubereien und Effekte tun ein \u00dcbriges. Kann es gelingen, der Welt den Stempel der Poesie aufzudr\u00fccken? Mit purer Energie, mit Wille und Vorstellung schickt sich die Truppe an, alle materiellen M\u00e4ngel vergessen zu machen. Doch die Magie erweist sich als immer eigenm\u00e4chtiger: Wer bestimmt das Geschehen, und wer braucht hier wen? Vorhang auf f\u00fcr die Imagination!<\/p>\n<p><strong><span style=\"font-size: 14pt;\">PRESSESTIMMEN<\/span><\/strong><br \/>\n<b>Innovativ und zugleich fesselnd<br \/>\n<\/b>&#8222;Immer wieder erfindet Kratz sein Theater ein kleines St\u00fcck weit neu und , um es vorwegzunehmen, er findet auch immer wieder, so auch an diesem Premierenabend, sein Publikum, das freudig und gebannt den neuen Pfaden folgt. (&#8230;) Eine stringente, stets weiterstrebende Inszenierung, die mit vielen fantasievollen Beigaben h\u00f6chst unterhaltsam ist, aber nie verharrt, sich nie wiederholt so die Zuschauer fortw\u00e4hrend besch\u00e4ftigt. Und so sitzen die Premierenzuschauer gebannt und verfolgen das bunte Treiben auf der B\u00fchne, das immer wieder neue Wendungen nimmt, neue \u00dcberraschungen bereith\u00e4lt, und doch bei aller Komplexit\u00e4t nachvollziehbar bleibt. Das ist der Verdienst einer Inszenierung, die rundherum schl\u00fcssig und gelungen mit ihren mannigfaltigen M\u00f6glichkeiten spielt. (&#8230;) Man braucht schon die bekannt ausufernde Fantasie von Peter Kratz, um hier Kurs zu halten, den Ton zwischen Mystik, dem Traum, der Realit\u00e4t und der surrealen Fiktion genau zu treffen. Und Kratz kann das, vor allem wenn er die richtigen Schauspieler daf\u00fcr hat, wo wie es hier der Fall ist.<\/p>\n<p>Sichtbar neu ist, dass Kratz hier mit Puppen und Masken arbeitet. (\u2026) Auch die Musik, hier mit <em>Beatles-Songs<\/em>, ist geschickt in das Geschehen integriert, so dass sie nicht einfach Beiwerk oder Begleitung sind, sondern zum Fortgang der Handlung wichtige Aspekte beitragen. (\u2026)<span class=\"Apple-converted-space\">\u00a0\u00a0<\/span>John King hat das wunderbar gemacht. Man erkennt sie noch, aber durch feine \u00c4nderungen an den Arrangements, dem Tempo und der Instrumentierung bekommen sie ein Eigenleben, dass eher dem St\u00fcck zugeneigt ist als der nostalgischen Wiedergabe.&#8220; <b><\/b>\u2013 Ludwigsburger Kreiszeitung \/ Arnim Bauer \u2013<\/p>\n<p><b>Schr\u00e4ge Kost\u00fcme \u2013 beeindruckende Puppen \u2013 Beatles Songs<span class=\"Apple-converted-space\"><br \/>\n<\/span><\/b>&#8222;In einer Villa des Magiers Cotrone (Bernhard Linke) leben Au\u00dfenseiter der Gesellschaft, und ihnen n\u00e4hert sich eine abgehalfterte f\u00fcnfk\u00f6pfige Schauspielertruppe, die auf Markt- und Dorfpl\u00e4tzen auftreten muss (sch\u00f6n-schr\u00e4ge, zeitlose Kost\u00fcme: Anja M\u00fcller). Die Mimen-Chefin (wunderbar pathetisch-\u00fcbererregt: Claudia Roick) w\u00fcrde gerne ein St\u00fcck eines ihr dereinst erotisch verbundenen Dichters auff\u00fchren, der sich das Leben genommen hat. Jene Villenbewohner sind blo\u00df als jene Puppen pr\u00e4sent, die Luise Wolff eindrucksvoll gestaltet hat. Die Beatles-Songs (Cover Songs: John King), sehr nett live als Solo oder im Chor auf der B\u00fchne pr\u00e4sentiert, unterstreichen das seltsame B\u00fchnengeschehen. \u201eNothing is real\u201c hei\u00dft es in \u201eStrawberry Fields Forever\u201c. &#8220; \u2013 Stuttgarter Nachrichten \u2013<\/p>\n<p><b>Ein vielschichtiges St\u00fcck \u00fcber Fiktion, Wirklichkeit und Wahrheit<br \/>\n<\/b>&#8222;In einer Villa des Magiers Cotrone (Bernhard Linke) leben Au\u00dfenseiter der Gesellschaft, und ihnen n\u00e4hert sich eine abgehalfterte f\u00fcnfk\u00f6pfige Schauspielertruppe. Pirandellos Text (\u2026) Locker in Szene gesetzt von Peter Kratz (\u2026) besticht mit h\u00f6chst anregenden Reflexionen. \u201eKeiner von uns ist in dem K\u00f6rper, den der andere sieht.\u201c Was f\u00fcr ein Satz, der in unsere Gegenwart einschl\u00e4gt. (..) In Ludwigsburg ist Theater im Freien vor dem immer w\u00e4hrenden, beruhigenden Gr\u00fcn hinter der B\u00fchne so immer wieder komisch, aber auch noch alles M\u00f6gliche sonst, etwa anregend und vergn\u00fcglich.&#8220; \u00a0\u2013 Stuttgarter Zeitung \u2013<\/p>\n<p><a class=\"fancybox\" href=\"http:\/\/foerderverein-theatersommer.net\/archiv\/wp-content\/uploads\/Magical-Mystery-Dream-Foto-1-\u00a9THS-by-Crassie-Kopie.jpg\"><img loading=\"lazy\" decoding=\"async\" class=\"alignleft size-thumbnail wp-image-8673\" title=\"Magical Mystery Dream (K. Shakina, C. Roick, B. Linke, J. Tancke, S. Czepurnyi mit Puppen von Luise Wolff) \u00a9 ThS by Crassie 2022\" src=\"http:\/\/foerderverein-theatersommer.net\/archiv\/wp-content\/uploads\/Magical-Mystery-Dream-Foto-1-\u00a9THS-by-Crassie-Kopie-175x175.jpg\" alt=\"Magical Mystery Dream (K. Shakina, C. Roick, B. Linke, J. Tancke, S. Czepurnyi mit Puppen von Luise Wolff) \u00a9 ThS by Crassie 2022\" width=\"175\" height=\"175\" data-wp-editing=\"1\" \/><\/a> <a class=\"fancybox\" href=\"http:\/\/foerderverein-theatersommer.net\/archiv\/wp-content\/uploads\/Magical-Mystery-Dream-Foto-2-\u00a9THS-by-Crassie-Kopie.jpg\"><img loading=\"lazy\" decoding=\"async\" class=\"alignleft size-thumbnail wp-image-8674\" title=\"Magical Mystery Dream (K. Shakina, C. Roick, J. Tancke, S. Czepurnyi) \u00a9 ThS by Crassie 2022\" src=\"http:\/\/foerderverein-theatersommer.net\/archiv\/wp-content\/uploads\/Magical-Mystery-Dream-Foto-2-\u00a9THS-by-Crassie-Kopie-175x175.jpg\" alt=\"Magical Mystery Dream (K. Shakina, C. Roick, J. Tancke, S. Czepurnyi) \u00a9 ThS by Crassie 2022\" width=\"175\" height=\"175\" \/><\/a><a class=\"fancybox\" href=\"http:\/\/foerderverein-theatersommer.net\/archiv\/wp-content\/uploads\/Magical-Mystery-Dream-Foto-3-@THS-by-Crassie-Kopie.jpg\"><img loading=\"lazy\" decoding=\"async\" class=\"alignleft size-thumbnail wp-image-8674\" title=\"Magical Mystery Dream (J. Tancke, S. Czepurnyi, K. Shakina) \u00a9 ThS by Crassie 2022\" src=\"http:\/\/foerderverein-theatersommer.net\/archiv\/wp-content\/uploads\/Magical-Mystery-Dream-Foto-3-@THS-by-Crassie-Kopie-175x175.jpg\" alt=\"Magical Mystery Dream (J. Tancke, S. Czepurnyi, K. Shakina) \u00a9 ThS by Crassie 2022\" width=\"175\" height=\"175\" \/><\/a><a class=\"fancybox\" href=\"http:\/\/foerderverein-theatersommer.net\/archiv\/wp-content\/uploads\/Magical-Mystery-Dream-Foto-4-\u00a9THS-by-Crassie-Kopie.jpg\"><img loading=\"lazy\" decoding=\"async\" class=\"alignleft size-thumbnail wp-image-8675\" title=\"Magical Mystery Dream (K. Shakina, S. Czepurnyi, C. Roick) \u00a9 ThS by Crassie 2022\" src=\"http:\/\/foerderverein-theatersommer.net\/archiv\/wp-content\/uploads\/Magical-Mystery-Dream-Foto-4-\u00a9THS-by-Crassie-Kopie-175x175.jpg\" alt=\"Magical Mystery Dream (K. Shakina, S. Czepurnyi, C. Roick) \u00a9 ThS by Crassie 2022\" width=\"175\" height=\"175\" \/><\/a><a class=\"fancybox\" href=\"http:\/\/foerderverein-theatersommer.net\/archiv\/wp-content\/uploads\/Magical-Mystery-Dream-Foto-6-\u00a9THS-by-Crassie-Kopie.jpg\"><img loading=\"lazy\" decoding=\"async\" class=\"alignleft size-thumbnail wp-image-8677\" title=\"Magical Mystery Dream (K. Shakina, C. Roick) \u00a9 ThS by Crassie 2022\" src=\"http:\/\/foerderverein-theatersommer.net\/archiv\/wp-content\/uploads\/Magical-Mystery-Dream-Foto-6-\u00a9THS-by-Crassie-Kopie-175x175.jpg\" alt=\"Magical Mystery Dream (K. Shakina, C. Roick) \u00a9 ThS by Crassie 2022\" width=\"175\" height=\"175\" \/><\/a><\/p>\n<p>&nbsp;<\/p>\n<p>&nbsp;<\/p>\n<p>&nbsp;<\/p>\n<p>&nbsp;<\/p>\n<p><span style=\"font-size: 8pt;\">Bildvergr\u00f6\u00dferung: Foto anklicken und \u00fcber re\/li Pfeil weiter<\/span><\/p>\n<p>&nbsp;<\/p>\n<p><span style=\"font-size: 14pt;\"><strong>ZUSCHAUERZAHLEN<\/strong><\/span><br \/>\n2022: 2.159 Zuschauende<\/p>\n<p><a href=\"http:\/\/foerderverein-theatersommer.net\/archiv\/spielplan\/ab-2021\/2023-der-sturm\/\"><span style=\"text-decoration: underline;\"><span style=\"font-size: 14pt; color: #339966;\"><strong>N\u00e4chstes St\u00fcck<\/strong><\/span><\/span><\/a><\/p>\n<p><a href=\"http:\/\/foerderverein-theatersommer.net\/archiv\/wp-content\/uploads\/2022-MMD-Plakat-WEB.jpg\"><img loading=\"lazy\" decoding=\"async\" class=\"alignleft size-large wp-image-10225\" src=\"http:\/\/foerderverein-theatersommer.net\/archiv\/wp-content\/uploads\/2022-MMD-Plakat-WEB-405x800.jpg\" alt=\"\" width=\"405\" height=\"800\" srcset=\"https:\/\/foerderverein-theatersommer.net\/archiv\/wp-content\/uploads\/2022-MMD-Plakat-WEB-405x800.jpg 405w, https:\/\/foerderverein-theatersommer.net\/archiv\/wp-content\/uploads\/2022-MMD-Plakat-WEB-152x300.jpg 152w, https:\/\/foerderverein-theatersommer.net\/archiv\/wp-content\/uploads\/2022-MMD-Plakat-WEB-505x999.jpg 505w, https:\/\/foerderverein-theatersommer.net\/archiv\/wp-content\/uploads\/2022-MMD-Plakat-WEB.jpg 622w\" sizes=\"(max-width: 405px) 100vw, 405px\" \/><\/a><\/p>\n<p>&nbsp;<\/p>\n<p>&nbsp;<\/p>\n<p>&nbsp;<\/p>\n<p>&nbsp;<\/p>\n<p>&nbsp;<\/p>\n<p>&nbsp;<\/p>\n<p>&nbsp;<\/p>\n<p>&nbsp;<\/p>\n<p>&nbsp;<\/p>\n<p>&nbsp;<\/p>\n<p>&nbsp;<\/p>\n<p>&nbsp;<\/p>\n<p><span style=\"font-size: 8pt;\">Plakatmotiv: \u00a9 R. Crassie<\/span><\/p>\n","protected":false},"excerpt":{"rendered":"<p>MAGICAL MYSTERY DREAM frei nach Luigi Pirandellos \u201eDie Riesen vom Berge\u201c und inspiriert von dem Album \u201eMagical Mystery Tour\u201c der&#8230; <span class=\"read-more\"><a href=\"https:\/\/foerderverein-theatersommer.net\/archiv\/spielplan\/ab-2021\/a-magical-mystery-dream\/\" class=\"button button-darkgray small\"> Continue Reading &rarr; <\/a><\/span><\/p>\n","protected":false},"author":3,"featured_media":9479,"parent":9413,"menu_order":0,"comment_status":"closed","ping_status":"closed","template":"","meta":{"footnotes":""},"_links":{"self":[{"href":"https:\/\/foerderverein-theatersommer.net\/archiv\/wp-json\/wp\/v2\/pages\/9478"}],"collection":[{"href":"https:\/\/foerderverein-theatersommer.net\/archiv\/wp-json\/wp\/v2\/pages"}],"about":[{"href":"https:\/\/foerderverein-theatersommer.net\/archiv\/wp-json\/wp\/v2\/types\/page"}],"author":[{"embeddable":true,"href":"https:\/\/foerderverein-theatersommer.net\/archiv\/wp-json\/wp\/v2\/users\/3"}],"replies":[{"embeddable":true,"href":"https:\/\/foerderverein-theatersommer.net\/archiv\/wp-json\/wp\/v2\/comments?post=9478"}],"version-history":[{"count":11,"href":"https:\/\/foerderverein-theatersommer.net\/archiv\/wp-json\/wp\/v2\/pages\/9478\/revisions"}],"predecessor-version":[{"id":10485,"href":"https:\/\/foerderverein-theatersommer.net\/archiv\/wp-json\/wp\/v2\/pages\/9478\/revisions\/10485"}],"up":[{"embeddable":true,"href":"https:\/\/foerderverein-theatersommer.net\/archiv\/wp-json\/wp\/v2\/pages\/9413"}],"wp:featuredmedia":[{"embeddable":true,"href":"https:\/\/foerderverein-theatersommer.net\/archiv\/wp-json\/wp\/v2\/media\/9479"}],"wp:attachment":[{"href":"https:\/\/foerderverein-theatersommer.net\/archiv\/wp-json\/wp\/v2\/media?parent=9478"}],"curies":[{"name":"wp","href":"https:\/\/api.w.org\/{rel}","templated":true}]}}